74.7.227.35 - - [06/Jul/2026:00:06:33 +0200] "GET /index.php?loknya=/ome/clients/9feeab47ed6ca1a1b2890343d7a99fd4/web/well-known/acme-callenge/d/a/i HTTP/1.1" 200 2026 "https://www.cityapartments.ch/index.php?loknya=/ome/clients/9feeab47ed6ca1a1b2890343d7a99fd4/web/well-known/acme-callenge/d/a/i/" "Mozilla/5.0 AppleWebKit/537.36 (KHTML, like Gecko; compatible; GPTBot/1.4; +https://openai.com/gptbot)" cityapartments.ch
40.77.167.35 - - [06/Jul/2026:00:06:34 +0200] "GET /m/socce22417673.htm HTTP/1.1" 404 995 "-" "Mozilla/5.0 AppleWebKit/537.36 (KHTML, like Gecko; compatible; bingbot/2.0; +http://www.bing.com/bingbot.htm) Chrome/116.0.1938.76 Safari/537.36" cityapartments.ch
74.7.227.35 - - [06/Jul/2026:00:06:36 +0200] "GET /index.php?loknya=/ome/clients/9feeab47ed6ca1a1b2890343d7a99fd4/web/well-known/acme-callenge/d/a/k/ HTTP/1.1" 200 2030 "https://www.cityapartments.ch/index.php?loknya=/home/clients/9feeab47ed6ca1a1b2890343d7a99fd4/web/well-known/acme-challenge/d/a/k/h" "Mozilla/5.0 AppleWebKit/537.36 (KHTML, like Gecko; compatible; GPTBot/1.4; +https://openai.com/gptbot)" cityapartments.ch
216.73.217.114 - - [06/Jul/2026:00:06:39 +0200] "GET /m/unple52913476.htm HTTP/1.1" 404 991 "-" "Mozilla/5.0 AppleWebKit/537.36 (KHTML, like Gecko; compatible; ClaudeBot/1.0; +claudebot@anthropic.com)" cityapartments.ch
66.249.73.170 - - [06/Jul/2026:00:06:42 +0200] "GET /m/brake72542982.htm HTTP/1.1" 404 991 "-" "Mozilla/5.0 (Linux; Android 6.0.1; Nexus 5X Build/MMB29P) AppleWebKit/537.36 (KHTML, like Gecko) Chrome/150.0.7871.46 Mobile Safari/537.36 (compatible; Googlebot/2.1; +http://www.google.com/bot.html)" cityapartments.ch
216.73.217.114 - - [06/Jul/2026:00:06:42 +0200] "GET /m/assur22199377.htm HTTP/1.1" 404 991 "-" "Mozilla/5.0 AppleWebKit/537.36 (KHTML, like Gecko; compatible; ClaudeBot/1.0; +claudebot@anthropic.com)" cityapartments.ch
66.249.73.170 - - [06/Jul/2026:00:06:42 +0200] "GET /m/inn31711194.htm HTTP/1.1" 404 991 "-" "Mozilla/5.0 (Linux; Android 6.0.1; Nexus 5X Build/MMB29P) AppleWebKit/537.36 (KHTML, like Gecko) Chrome/150.0.7871.46 Mobile Safari/537.36 (compatible; Googlebot/2.1; +http://www.google.com/bot.html)" cityapartments.ch
74.7.227.35 - - [06/Jul/2026:00:06:39 +0200] "GET /index.php?loknya=/home/clients/9feeab47ed6ca1a1b2890343d7a99fd4/web/well-known/acme-challenge/d/a/i/ HTTP/1.1" 200 2547 "https://www.cityapartments.ch/index.php?loknya=/home/clients/9feeab47ed6ca1a1b2890343d7a99fd4/web/well-known/acme-challenge/d/a/i/j" "Mozilla/5.0 AppleWebKit/537.36 (KHTML, like Gecko; compatible; GPTBot/1.4; +https://openai.com/gptbot)" cityapartments.ch
74.7.227.35 - - [06/Jul/2026:00:06:42 +0200] "GET /index.php?loknya=/home/clients/9feeab47ed6ca1a1b2890343d7a99fd4/web/well-known/acme-challenge/d/a/k/k HTTP/1.1" 200 2225 "https://www.cityapartments.ch/index.php?loknya=/home/clients/9feeab47ed6ca1a1b2890343d7a99fd4/web/well-known/acme-challenge/d/a/k" "Mozilla/5.0 AppleWebKit/537.36 (KHTML, like Gecko; compatible; GPTBot/1.4; +https://openai.com/gptbot)" cityapartments.ch
216.73.217.114 - - [06/Jul/2026:00:06:45 +0200] "GET /m/ancie62489117.htm HTTP/1.1" 404 991 "-" "Mozilla/5.0 AppleWebKit/537.36 (KHTML, like Gecko; compatible; ClaudeBot/1.0; +claudebot@anthropic.com)" cityapartments.ch
216.73.217.114 - - [06/Jul/2026:00:06:48 +0200] "GET /m/yolk20691913.htm HTTP/1.1" 404 991 "-" "Mozilla/5.0 AppleWebKit/537.36 (KHTML, like Gecko; compatible; ClaudeBot/1.0; +claudebot@anthropic.com)" cityapartments.ch
216.73.217.114 - - [06/Jul/2026:00:06:51 +0200] "GET /m/medal52065580.htm HTTP/1.1" 404 991 "-" "Mozilla/5.0 AppleWebKit/537.36 (KHTML, like Gecko; compatible; ClaudeBot/1.0; +claudebot@anthropic.com)" cityapartments.ch
114.119.138.111 - - [06/Jul/2026:00:06:53 +0200] "GET /property/gorgeous-villa-bay-view/ HTTP/1.1" 404 1168 "http://cityapartments.ch/feature/dryer/page/2/" "Mozilla/5.0 (Linux; Android 7.0;) AppleWebKit/537.36 (HTML, like Gecko) Mobile Safari/537.36 (compatible; PetalBot;+https://webmaster.petalsearch.com/site/petalbot)" cityapartments.ch
74.7.227.35 - - [06/Jul/2026:00:06:45 +0200] "GET /index.php?loknya=/home/clients/9feea47ed6ca1a12890343d7a99fd4/we/well-known/acme-challenge/d/a/i/ HTTP/1.1" 200 2030 "https://www.cityapartments.ch/index.php?loknya=/home/clients/9feeab47ed6ca1a1b2890343d7a99fd4/web/well-known/acme-challenge/d/a/i/b" "Mozilla/5.0 AppleWebKit/537.36 (KHTML, like Gecko; compatible; GPTBot/1.4; +https://openai.com/gptbot)" cityapartments.ch
74.7.227.35 - - [06/Jul/2026:00:06:48 +0200] "GET /index.php?loknya=/ome/clients/9feeab47ed6ca1a1b2890343d7a99fd4/web/well-nown/acme-callenge/a/f/ HTTP/1.1" 200 2021 "https://www.cityapartments.ch/index.php?loknya=/home/clients/9feeab47ed6ca1a1b2890343d7a99fd4/web/well-nown/acme-challenge/a/f/h/" "Mozilla/5.0 AppleWebKit/537.36 (KHTML, like Gecko; compatible; GPTBot/1.4; +https://openai.com/gptbot)" cityapartments.ch
74.7.227.35 - - [06/Jul/2026:00:06:52 +0200] "GET /index.php?loknya=/ome/clients/9feeab47e6ca1a1b28903437a99f4/web/well-known/acme-callenge/a/f HTTP/1.1" 200 2016 "https://www.cityapartments.ch/index.php?loknya=/ome/clients/9feeab47e6ca1a1b28903437a99f4/web/well-known/acme-callenge/a/f/" "Mozilla/5.0 AppleWebKit/537.36 (KHTML, like Gecko; compatible; GPTBot/1.4; +https://openai.com/gptbot)" cityapartments.ch
216.73.217.114 - - [06/Jul/2026:00:06:54 +0200] "GET /index.php?loknya=%2Fhome%2Fclients%2F9feeab47ed6ca1a1b2890343d7a99fd4%2Fweb%2Fwp-includes%2Fblocks%2Fshortcode HTTP/1.1" 200 2401 "-" "Mozilla/5.0 AppleWebKit/537.36 (KHTML, like Gecko; compatible; ClaudeBot/1.0; +claudebot@anthropic.com)" cityapartments.ch
66.249.73.170 - - [06/Jul/2026:00:06:55 +0200] "GET /m/crude81806551.htm HTTP/1.1" 404 991 "-" "Mozilla/5.0 (Linux; Android 6.0.1; Nexus 5X Build/MMB29P) AppleWebKit/537.36 (KHTML, like Gecko) Chrome/150.0.7871.46 Mobile Safari/537.36 (compatible; Googlebot/2.1; +http://www.google.com/bot.html)" cityapartments.ch
74.7.227.35 - - [06/Jul/2026:00:06:55 +0200] "GET /index.php?loknya=/hom/clints/9fab47d6ca1a1b2890343d7a99fd4/wb/wll-known/acm-challng/d/a/h/ HTTP/1.1" 200 2023 "https://www.cityapartments.ch/index.php?loknya=/home/clients/9feeab47ed6ca1a1b2890343d7a99fd4/web/well-known/acme-challenge/d/a/h/e" "Mozilla/5.0 AppleWebKit/537.36 (KHTML, like Gecko; compatible; GPTBot/1.4; +https://openai.com/gptbot)" cityapartments.ch
216.73.217.114 - - [06/Jul/2026:00:06:57 +0200] "GET /index.php?loknya=%2Fhome%2Fclients%2F9feeab47ed6ca1a1b2890343d7a99fd4%2Fweb%2Fwp-includes%2Fjs%2Fdist%2Fscript-modules HTTP/1.1" 200 2773 "-" "Mozilla/5.0 AppleWebKit/537.36 (KHTML, like Gecko; compatible; ClaudeBot/1.0; +claudebot@anthropic.com)" cityapartments.ch
74.7.227.35 - - [06/Jul/2026:00:06:58 +0200] "GET /index.php?loknya=/ome/clients/9eeab47e6ca1a1b28903437a994/web/well-known/acme-callenge/a/ HTTP/1.1" 200 2016 "https://www.cityapartments.ch/index.php?loknya=/ome/clients/9feeab47e6ca1a1b28903437a99f4/web/well-known/acme-callenge/a/f/" "Mozilla/5.0 AppleWebKit/537.36 (KHTML, like Gecko; compatible; GPTBot/1.4; +https://openai.com/gptbot)" cityapartments.ch
216.73.217.114 - - [06/Jul/2026:00:07:00 +0200] "GET /index.php?lokasie=%2Fhome%2Fclients%2F9feeab47ed6ca1a1b2890343d7a99fd4%2Fweb%2Fwp-includes%2FSimplePie%2Fsrc%2FHTTP%2FClient.php&loknya=%2Fhome%2Fclients%2F9feeab47ed6ca1a1b2890343d7a99fd4%2Fweb%2Fwp-includes%2FSimplePie%2Fsrc%2FHTTP HTTP/1.1" 200 2116 "-" "Mozilla/5.0 AppleWebKit/537.36 (KHTML, like Gecko; compatible; ClaudeBot/1.0; +claudebot@anthropic.com)" cityapartments.ch
52.167.144.198 - - [06/Jul/2026:00:07:03 +0200] "GET /m/meado30342514.htm HTTP/1.1" 404 991 "-" "Mozilla/5.0 AppleWebKit/537.36 (KHTML, like Gecko; compatible; bingbot/2.0; +http://www.bing.com/bingbot.htm) Chrome/116.0.1938.76 Safari/537.36" cityapartments.ch
216.73.217.114 - - [06/Jul/2026:00:07:03 +0200] "GET /index.php?loknya=%2Fhome%2Fclients%2F9feeab47ed6ca1a1b2890343d7a99fd4%2Fweb%2Fwp-content%2Fplugins%2Flitespeed-cache%2Fsrc HTTP/1.1" 200 4090 "-" "Mozilla/5.0 AppleWebKit/537.36 (KHTML, like Gecko; compatible; ClaudeBot/1.0; +claudebot@anthropic.com)" cityapartments.ch
74.7.227.35 - - [06/Jul/2026:00:07:01 +0200] "GET /index.php?loknya=/home/clients/9feeab47ed6ca1a1b2890343d7a99fd4/web/well-nown/acme-challenge/d/a/h/ HTTP/1.1" 200 2031 "https://www.cityapartments.ch/index.php?loknya=/home/clients/9feeab47ed6ca1a1b2890343d7a99fd4/web/well-known/acme-challenge/d/a/h/k" "Mozilla/5.0 AppleWebKit/537.36 (KHTML, like Gecko; compatible; GPTBot/1.4; +https://openai.com/gptbot)" cityapartments.ch
74.7.227.35 - - [06/Jul/2026:00:07:04 +0200] "GET /index.php?loknya=/ome/clents/9feeab47ed6ca1a1b2890343d7a99fd4/web/well-known/acme-callenge/d HTTP/1.1" 200 2012 "https://www.cityapartments.ch/index.php?loknya=/ome/clents/9feeab47ed6ca1a1b2890343d7a99fd4/web/well-known/acme-callenge/d/a/" "Mozilla/5.0 AppleWebKit/537.36 (KHTML, like Gecko; compatible; GPTBot/1.4; +https://openai.com/gptbot)" cityapartments.ch
52.167.144.198 - - [06/Jul/2026:00:07:06 +0200] "GET /m/alrea71244078.htm HTTP/1.1" 404 991 "-" "Mozilla/5.0 AppleWebKit/537.36 (KHTML, like Gecko; compatible; bingbot/2.0; +http://www.bing.com/bingbot.htm) Chrome/116.0.1938.76 Safari/537.36" cityapartments.ch
216.73.217.114 - - [06/Jul/2026:00:07:06 +0200] "GET /index.php?loknya=%2Fhome%2Fclients%2F9feeab47ed6ca1a1b2890343d7a99fd4%2Fweb%2Fwp-content%2Fplugins%2Flitespeed-cache%2Fcli HTTP/1.1" 200 2470 "-" "Mozilla/5.0 AppleWebKit/537.36 (KHTML, like Gecko; compatible; ClaudeBot/1.0; +claudebot@anthropic.com)" cityapartments.ch
40.77.167.76 - - [06/Jul/2026:00:07:08 +0200] "GET /m/atom21219817.htm HTTP/1.1" 404 991 "-" "Mozilla/5.0 AppleWebKit/537.36 (KHTML, like Gecko; compatible; bingbot/2.0; +http://www.bing.com/bingbot.htm) Chrome/116.0.1938.76 Safari/537.36" cityapartments.ch
216.73.217.114 - - [06/Jul/2026:00:07:09 +0200] "GET /index.php?loknya=%2Fhome%2Fclients%2F9feeab47ed6ca1a1b2890343d7a99fd4%2Fweb%2Fwp-includes%2FRequests%2Fsrc%2FException%2F HTTP/1.1" 200 2531 "-" "Mozilla/5.0 AppleWebKit/537.36 (KHTML, like Gecko; compatible; ClaudeBot/1.0; +claudebot@anthropic.com)" cityapartments.ch
74.7.227.35 - - [06/Jul/2026:00:07:08 +0200] "GET /index.php?loknya=/ome/clents/9feeb47ed6c11b2890343d799fd4/web/well-known/cme-cllenge/d/ HTTP/1.1" 200 2010 "https://www.cityapartments.ch/index.php?loknya=/ome/clents/9feeab47ed6ca1a1b2890343d7a99fd4/web/well-known/acme-callenge/d/a/" "Mozilla/5.0 AppleWebKit/537.36 (KHTML, like Gecko; compatible; GPTBot/1.4; +https://openai.com/gptbot)" cityapartments.ch
74.7.227.35 - - [06/Jul/2026:00:07:11 +0200] "GET /index.php?loknya=/ome/clients/9feeab47ed6ca1a1b2890343d7a99fd4/web/well-nown/acme-callenge/d/a/ HTTP/1.1" 200 2028 "https://www.cityapartments.ch/index.php?loknya=/ome/clients/9feeab47ed6ca1a1b2890343d7a99fd4/web/well-known/acme-callenge/d/a/k/" "Mozilla/5.0 AppleWebKit/537.36 (KHTML, like Gecko; compatible; GPTBot/1.4; +https://openai.com/gptbot)" cityapartments.ch
216.73.217.114 - - [06/Jul/2026:00:07:12 +0200] "GET /index.php?loknya=%2Fhome%2Fclients%2F9feeab47ed6ca1a1b2890343d7a99fd4%2Fweb%2Fwp-includes%2Fblocks%2Fcode HTTP/1.1" 200 2661 "-" "Mozilla/5.0 AppleWebKit/537.36 (KHTML, like Gecko; compatible; ClaudeBot/1.0; +claudebot@anthropic.com)" cityapartments.ch
52.167.144.198 - - [06/Jul/2026:00:07:13 +0200] "GET /m/rich30408074.htm HTTP/1.1" 404 991 "-" "Mozilla/5.0 AppleWebKit/537.36 (KHTML, like Gecko; compatible; bingbot/2.0; +http://www.bing.com/bingbot.htm) Chrome/116.0.1938.76 Safari/537.36" cityapartments.ch
216.73.217.114 - - [06/Jul/2026:00:07:15 +0200] "GET /index.php?loknya=%2Fhome%2Fclients%2F9feeab47ed6ca1a1b2890343d7a99fd4%2Fweb%2Fwp-includes%2FRequests%2Fsrc%2FException%2FHttp HTTP/1.1" 200 3219 "-" "Mozilla/5.0 AppleWebKit/537.36 (KHTML, like Gecko; compatible; ClaudeBot/1.0; +claudebot@anthropic.com)" cityapartments.ch
74.7.227.35 - - [06/Jul/2026:00:07:14 +0200] "GET /index.php?loknya=/ome/clients/9feeab47ed6ca1a1b2890343d7a99fd4/web/well-known/acme-callenge/d/a/k HTTP/1.1" 200 2027 "https://www.cityapartments.ch/index.php?loknya=/ome/clients/9feeab47ed6ca1a1b2890343d7a99fd4/web/well-known/acme-callenge/d/a/k/" "Mozilla/5.0 AppleWebKit/537.36 (KHTML, like Gecko; compatible; GPTBot/1.4; +https://openai.com/gptbot)" cityapartments.ch
74.7.227.35 - - [06/Jul/2026:00:07:17 +0200] "GET /index.php?loknya=/home/clients/9feeab47ed6ca1a1b2890343d7a99fd4/web/well-known/acme-challenge/a/f/h/b HTTP/1.1" 200 2233 "https://www.cityapartments.ch/index.php?loknya=/home/clients/9feeab47ed6ca1a1b2890343d7a99fd4/web/well-known/acme-challenge/a/f/h" "Mozilla/5.0 AppleWebKit/537.36 (KHTML, like Gecko; compatible; GPTBot/1.4; +https://openai.com/gptbot)" cityapartments.ch
216.73.217.114 - - [06/Jul/2026:00:07:18 +0200] "GET /m/keenl11726056.htm HTTP/1.1" 404 991 "-" "Mozilla/5.0 AppleWebKit/537.36 (KHTML, like Gecko; compatible; ClaudeBot/1.0; +claudebot@anthropic.com)" cityapartments.ch
66.249.73.171 - - [06/Jul/2026:00:07:18 +0200] "GET /m/geogr20280049.htm HTTP/1.1" 404 991 "-" "Mozilla/5.0 (Linux; Android 6.0.1; Nexus 5X Build/MMB29P) AppleWebKit/537.36 (KHTML, like Gecko) Chrome/150.0.7871.46 Mobile Safari/537.36 (compatible; Googlebot/2.1; +http://www.google.com/bot.html)" cityapartments.ch
216.73.217.114 - - [06/Jul/2026:00:07:21 +0200] "GET /m/goes80359839.htm HTTP/1.1" 404 991 "-" "Mozilla/5.0 AppleWebKit/537.36 (KHTML, like Gecko; compatible; ClaudeBot/1.0; +claudebot@anthropic.com)" cityapartments.ch
216.73.217.114 - - [06/Jul/2026:00:07:24 +0200] "GET /m/unint81302127.htm HTTP/1.1" 404 991 "-" "Mozilla/5.0 AppleWebKit/537.36 (KHTML, like Gecko; compatible; ClaudeBot/1.0; +claudebot@anthropic.com)" cityapartments.ch
74.7.227.35 - - [06/Jul/2026:00:07:20 +0200] "GET /index.php?loknya=/home/clients/9feeab47ed6ca1a1b2890343d7a99fd4/web/well-known/acme-challenge/d/a/i/e HTTP/1.1" 200 2245 "https://www.cityapartments.ch/index.php?loknya=/home/clients/9feeab47ed6ca1a1b2890343d7a99fd4/web/well-known/acme-challenge/d/a/i" "Mozilla/5.0 AppleWebKit/537.36 (KHTML, like Gecko; compatible; GPTBot/1.4; +https://openai.com/gptbot)" cityapartments.ch
74.7.227.35 - - [06/Jul/2026:00:07:23 +0200] "GET /index.php?loknya=/ome/clients/9eeab47ed6ca1a1b2890343d7a99d4/web/well-nown/acme-callenge/a/ HTTP/1.1" 200 2019 "https://www.cityapartments.ch/index.php?loknya=/ome/clients/9feeab47ed6ca1a1b2890343d7a99fd4/web/well-nown/acme-callenge/a/f/" "Mozilla/5.0 AppleWebKit/537.36 (KHTML, like Gecko; compatible; GPTBot/1.4; +https://openai.com/gptbot)" cityapartments.ch
216.73.217.114 - - [06/Jul/2026:00:07:27 +0200] "GET /m/thank70889070.htm HTTP/1.1" 404 991 "-" "Mozilla/5.0 AppleWebKit/537.36 (KHTML, like Gecko; compatible; ClaudeBot/1.0; +claudebot@anthropic.com)" cityapartments.ch
74.7.227.35 - - [06/Jul/2026:00:07:26 +0200] "GET /index.php?loknya=/home/clients/9feeab47ed6ca1a1b2890343d7a99fd4/web/well-known/acme-challenge/d/a/k/b HTTP/1.1" 200 2234 "https://www.cityapartments.ch/index.php?loknya=/home/clients/9feeab47ed6ca1a1b2890343d7a99fd4/web/well-known/acme-challenge/d/a/k" "Mozilla/5.0 AppleWebKit/537.36 (KHTML, like Gecko; compatible; GPTBot/1.4; +https://openai.com/gptbot)" cityapartments.ch
216.73.217.114 - - [06/Jul/2026:00:07:30 +0200] "GET /m/beer81895215.htm HTTP/1.1" 404 991 "-" "Mozilla/5.0 AppleWebKit/537.36 (KHTML, like Gecko; compatible; ClaudeBot/1.0; +claudebot@anthropic.com)" cityapartments.ch
216.73.217.114 - - [06/Jul/2026:00:07:33 +0200] "GET /m/fit82412631.htm HTTP/1.1" 404 991 "-" "Mozilla/5.0 AppleWebKit/537.36 (KHTML, like Gecko; compatible; ClaudeBot/1.0; +claudebot@anthropic.com)" cityapartments.ch
74.7.227.35 - - [06/Jul/2026:00:07:30 +0200] "GET /index.php?loknya=/hom/clints/9fab47d6ca1a1b2890343d7a99fd4/wb/wll-known/acm-challng/d/a/h HTTP/1.1" 200 2021 "https://www.cityapartments.ch/index.php?loknya=/hom/clints/9fab47d6ca1a1b2890343d7a99fd4/wb/wll-known/acm-challng/d/a/h/" "Mozilla/5.0 AppleWebKit/537.36 (KHTML, like Gecko; compatible; GPTBot/1.4; +https://openai.com/gptbot)" cityapartments.ch
74.7.227.35 - - [06/Jul/2026:00:07:33 +0200] "GET /index.php?loknya=/home/clients/9feeab47ed6ca1a1b2890343d7a99fd4/web/well-known/acme-challenge/d/a/i/f HTTP/1.1" 200 2232 "https://www.cityapartments.ch/index.php?loknya=/home/clients/9feeab47ed6ca1a1b2890343d7a99fd4/web/well-known/acme-challenge/d/a/i" "Mozilla/5.0 AppleWebKit/537.36 (KHTML, like Gecko; compatible; GPTBot/1.4; +https://openai.com/gptbot)" cityapartments.ch
216.73.217.114 - - [06/Jul/2026:00:07:37 +0200] "GET /index.php?loknya=%2Fhome%2Fclients%2F9feeab47ed6ca1a1b2890343d7a99fd4%2Fweb%2Fwp-includes%2Fjs%2Fdist%2F HTTP/1.1" 200 6784 "-" "Mozilla/5.0 AppleWebKit/537.36 (KHTML, like Gecko; compatible; ClaudeBot/1.0; +claudebot@anthropic.com)" cityapartments.ch
216.73.217.114 - - [06/Jul/2026:00:07:39 +0200] "GET /index.php?lokasie=%2Fhome%2Fclients%2F9feeab47ed6ca1a1b2890343d7a99fd4%2Fweb%2Fwp-includes%2FSimplePie%2Fsrc%2FCache%2FNameFilter.php&loknya=%2Fhome%2Fclients%2F9feeab47ed6ca1a1b2890343d7a99fd4%2Fweb%2Fwp-includes%2FSimplePie%2Fsrc%2FCache HTTP/1.1" 200 2366 "-" "Mozilla/5.0 AppleWebKit/537.36 (KHTML, like Gecko; compatible; ClaudeBot/1.0; +claudebot@anthropic.com)" cityapartments.ch
74.7.227.35 - - [06/Jul/2026:00:07:36 +0200] "GET /index.php?loknya=/home/clients/9feeab47ed6ca1a1b2890343d7a99fd4/web/well-known/acme-challenge/d/a/k/d HTTP/1.1" 200 2234 "https://www.cityapartments.ch/index.php?loknya=/home/clients/9feeab47ed6ca1a1b2890343d7a99fd4/web/well-known/acme-challenge/d/a/k" "Mozilla/5.0 AppleWebKit/537.36 (KHTML, like Gecko; compatible; GPTBot/1.4; +https://openai.com/gptbot)" cityapartments.ch
74.7.227.35 - - [06/Jul/2026:00:07:39 +0200] "GET /index.php?loknya=/home/clients/9feeab47ed6ca1a1b2890343d7a99fd4/web/well-known/acme-challenge/d/a/h/a HTTP/1.1" 200 2237 "https://www.cityapartments.ch/index.php?loknya=/home/clients/9feeab47ed6ca1a1b2890343d7a99fd4/web/well-known/acme-challenge/d/a/h" "Mozilla/5.0 AppleWebKit/537.36 (KHTML, like Gecko; compatible; GPTBot/1.4; +https://openai.com/gptbot)" cityapartments.ch
165.22.221.18 - - [06/Jul/2026:00:07:40 +0200] "GET /wp-login.php HTTP/1.1" 200 3248 "-" "Mozilla/5.0 (Windows NT 10.0; Win64; x64) AppleWebKit/537.36 (KHTML, like Gecko) Chrome/120.0.0.0 Safari/537.36" cityapartments.ch
74.7.227.35 - - [06/Jul/2026:00:07:42 +0200] "GET /index.php?loknya=/ome/clents/9feeb47e6c11b2890343799f4/web/well-known/cme-cllenge/ HTTP/1.1" 200 1994 "https://www.cityapartments.ch/index.php?loknya=/ome/clents/9feeb47ed6c11b2890343d799fd4/web/well-known/cme-cllenge/d/" "Mozilla/5.0 AppleWebKit/537.36 (KHTML, like Gecko; compatible; GPTBot/1.4; +https://openai.com/gptbot)" cityapartments.ch
216.73.217.114 - - [06/Jul/2026:00:07:42 +0200] "GET /index.php?loknya=%2Fhome%2Fclients%2F9feeab47ed6ca1a1b2890343d7a99fd4%2Fweb%2Fwp-includes%2Fbuild HTTP/1.1" 200 2449 "-" "Mozilla/5.0 AppleWebKit/537.36 (KHTML, like Gecko; compatible; ClaudeBot/1.0; +claudebot@anthropic.com)" cityapartments.ch
216.73.217.114 - - [06/Jul/2026:00:07:45 +0200] "GET /index.php?loknya=%2Fhome%2Fclients%2F9feeab47ed6ca1a1b2890343d7a99fd4%2Fweb%2Fwp-includes%2Fsodium_compat HTTP/1.1" 200 2586 "-" "Mozilla/5.0 AppleWebKit/537.36 (KHTML, like Gecko; compatible; ClaudeBot/1.0; +claudebot@anthropic.com)" cityapartments.ch
74.7.227.35 - - [06/Jul/2026:00:07:45 +0200] "GET /index.php?loknya=/ome/clients/9feeb47ed6c11b2890343d799fd4/web/well-nown/cme-cllenge/d/ HTTP/1.1" 200 2011 "https://www.cityapartments.ch/index.php?loknya=/ome/clients/9feeab47ed6ca1a1b2890343d7a99fd4/web/well-nown/acme-callenge/d/a/" "Mozilla/5.0 AppleWebKit/537.36 (KHTML, like Gecko; compatible; GPTBot/1.4; +https://openai.com/gptbot)" cityapartments.ch
74.7.227.35 - - [06/Jul/2026:00:07:49 +0200] "GET /index.php?loknya=/ome/clents/9feeb47ed6c11b2890343d799fd4/web/well-known/cme-cllenge/d HTTP/1.1" 200 2007 "https://www.cityapartments.ch/index.php?loknya=/ome/clents/9feeb47ed6c11b2890343d799fd4/web/well-known/cme-cllenge/d/" "Mozilla/5.0 AppleWebKit/537.36 (KHTML, like Gecko; compatible; GPTBot/1.4; +https://openai.com/gptbot)" cityapartments.ch
216.73.217.114 - - [06/Jul/2026:00:07:48 +0200] "GET /index.php?lokasie=%2Fhome%2Fclients%2F9feeab47ed6ca1a1b2890343d7a99fd4%2Fweb%2Fwp-includes%2FSimplePie%2Fsrc%2F%2FAuthor.php&loknya=%2Fhome%2Fclients%2F9feeab47ed6ca1a1b2890343d7a99fd4%2Fweb%2Fwp-includes%2FSimplePie%2Fsrc%2F HTTP/1.1" 200 2343 "-" "Mozilla/5.0 AppleWebKit/537.36 (KHTML, like Gecko; compatible; ClaudeBot/1.0; +claudebot@anthropic.com)" cityapartments.ch
216.73.217.114 - - [06/Jul/2026:00:07:51 +0200] "GET /index.php?loknya=%2Fhome%2Fclients%2F9feeab47ed6ca1a1b2890343d7a99fd4%2Fweb%2Fwp-includes%2Fblocks%2Fcomments-pagination-next HTTP/1.1" 200 2274 "-" "Mozilla/5.0 AppleWebKit/537.36 (KHTML, like Gecko; compatible; ClaudeBot/1.0; +claudebot@anthropic.com)" cityapartments.ch
74.7.227.35 - - [06/Jul/2026:00:07:52 +0200] "GET /index.php?loknya=/home/clients/9feea47ed6ca1a12890343d7a99fd4/we/well-known/acme-challenge/a/f/h/ HTTP/1.1" 200 2031 "https://www.cityapartments.ch/index.php?loknya=/home/clients/9feeab47ed6ca1a1b2890343d7a99fd4/web/well-known/acme-challenge/a/f/h/b" "Mozilla/5.0 AppleWebKit/537.36 (KHTML, like Gecko; compatible; GPTBot/1.4; +https://openai.com/gptbot)" cityapartments.ch
40.77.167.35 - - [06/Jul/2026:00:07:54 +0200] "GET /m/gener41293019.htm HTTP/1.1" 404 995 "-" "Mozilla/5.0 AppleWebKit/537.36 (KHTML, like Gecko; compatible; bingbot/2.0; +http://www.bing.com/bingbot.htm) Chrome/116.0.1938.76 Safari/537.36" cityapartments.ch
216.73.217.114 - - [06/Jul/2026:00:07:54 +0200] "GET /index.php?lokasie=%2Fhome%2Fclients%2F9feeab47ed6ca1a1b2890343d7a99fd4%2Fweb%2Fwp-includes%2FSimplePie%2Fsrc%2FCache%2FMemcache.php&loknya=%2Fhome%2Fclients%2F9feeab47ed6ca1a1b2890343d7a99fd4%2Fweb%2Fwp-includes%2FSimplePie%2Fsrc%2FCache HTTP/1.1" 200 3045 "-" "Mozilla/5.0 AppleWebKit/537.36 (KHTML, like Gecko; compatible; ClaudeBot/1.0; +claudebot@anthropic.com)" cityapartments.ch
52.167.144.231 - - [06/Jul/2026:00:07:53 +0200] "GET /m/shrie31222930.htm HTTP/1.1" 404 995 "-" "Mozilla/5.0 AppleWebKit/537.36 (KHTML, like Gecko; compatible; bingbot/2.0; +http://www.bing.com/bingbot.htm) Chrome/116.0.1938.76 Safari/537.36" cityapartments.ch
66.249.73.171 - - [06/Jul/2026:00:07:55 +0200] "GET /m/ourse61664461.htm HTTP/1.1" 404 991 "-" "Mozilla/5.0 (Linux; Android 6.0.1; Nexus 5X Build/MMB29P) AppleWebKit/537.36 (KHTML, like Gecko) Chrome/150.0.7871.46 Mobile Safari/537.36 (compatible; Googlebot/2.1; +http://www.google.com/bot.html)" cityapartments.ch
74.7.227.35 - - [06/Jul/2026:00:07:55 +0200] "GET /index.php?loknya=/hom/clints/9fab47d6ca1a1b2890343d7a99fd4/wb/wll-known/acm-challng/d/a/i/ HTTP/1.1" 200 2022 "https://www.cityapartments.ch/index.php?loknya=/home/clients/9feeab47ed6ca1a1b2890343d7a99fd4/web/well-known/acme-challenge/d/a/i/e" "Mozilla/5.0 AppleWebKit/537.36 (KHTML, like Gecko; compatible; GPTBot/1.4; +https://openai.com/gptbot)" cityapartments.ch
52.167.144.231 - - [06/Jul/2026:00:07:56 +0200] "GET /m/membe42556963.htm HTTP/1.1" 404 995 "-" "Mozilla/5.0 AppleWebKit/537.36 (KHTML, like Gecko; compatible; bingbot/2.0; +http://www.bing.com/bingbot.htm) Chrome/116.0.1938.76 Safari/537.36" cityapartments.ch
216.73.217.114 - - [06/Jul/2026:00:07:57 +0200] "GET /index.php?loknya=%2Fhome%2Fclients%2F9feeab47ed6ca1a1b2890343d7a99fd4%2Fweb%2Fwp-includes%2Fblocks%2Fnextpage HTTP/1.1" 200 2405 "-" "Mozilla/5.0 AppleWebKit/537.36 (KHTML, like Gecko; compatible; ClaudeBot/1.0; +claudebot@anthropic.com)" cityapartments.ch
74.7.227.35 - - [06/Jul/2026:00:07:58 +0200] "GET /index.php?loknya=/home/clients/9feeab47ed6ca1a1b2890343d7a99fd4/web/well-known/acme-challenge/d/a/i/c HTTP/1.1" 200 2235 "https://www.cityapartments.ch/index.php?loknya=/home/clients/9feeab47ed6ca1a1b2890343d7a99fd4/web/well-known/acme-challenge/d/a/i" "Mozilla/5.0 AppleWebKit/537.36 (KHTML, like Gecko; compatible; GPTBot/1.4; +https://openai.com/gptbot)" cityapartments.ch
52.167.144.231 - - [06/Jul/2026:00:07:58 +0200] "GET /m/innoc51877908.htm HTTP/1.1" 404 995 "-" "Mozilla/5.0 AppleWebKit/537.36 (KHTML, like Gecko; compatible; bingbot/2.0; +http://www.bing.com/bingbot.htm) Chrome/116.0.1938.76 Safari/537.36" cityapartments.ch
52.167.144.231 - - [06/Jul/2026:00:08:01 +0200] "GET /m/weed70458942.htm HTTP/1.1" 404 995 "-" "Mozilla/5.0 AppleWebKit/537.36 (KHTML, like Gecko; compatible; bingbot/2.0; +http://www.bing.com/bingbot.htm) Chrome/116.0.1938.76 Safari/537.36" cityapartments.ch
216.73.217.114 - - [06/Jul/2026:00:08:00 +0200] "GET /index.php?loknya=%2Fhome%2Fclients%2F9feeab47ed6ca1a1b2890343d7a99fd4%2Fweb%2Fwp-content%2Flanguages HTTP/1.1" 200 17372 "-" "Mozilla/5.0 AppleWebKit/537.36 (KHTML, like Gecko; compatible; ClaudeBot/1.0; +claudebot@anthropic.com)" cityapartments.ch
216.73.217.114 - - [06/Jul/2026:00:08:03 +0200] "GET /index.php?loknya=%2Fhome%2Fclients%2F9feeab47ed6ca1a1b2890343d7a99fd4%2Fweb%2Fwp-includes%2Fblocks%2Fread-more HTTP/1.1" 200 2409 "-" "Mozilla/5.0 AppleWebKit/537.36 (KHTML, like Gecko; compatible; ClaudeBot/1.0; +claudebot@anthropic.com)" cityapartments.ch
74.7.227.35 - - [06/Jul/2026:00:08:01 +0200] "GET /index.php?loknya=/home/clients/9feea47ed6ca1a12890343d7a99fd4/we/well-known/acme-challenge/d/a/k/ HTTP/1.1" 200 2030 "https://www.cityapartments.ch/index.php?loknya=/home/clients/9feeab47ed6ca1a1b2890343d7a99fd4/web/well-known/acme-challenge/d/a/k/b" "Mozilla/5.0 AppleWebKit/537.36 (KHTML, like Gecko; compatible; GPTBot/1.4; +https://openai.com/gptbot)" cityapartments.ch
74.7.227.35 - - [06/Jul/2026:00:08:05 +0200] "GET /index.php?loknya=/home/clients/9feeab47ed6ca1a1b2890343d7a99fd4/web/well-known/acme-challenge/a/f/h/g HTTP/1.1" 200 2227 "https://www.cityapartments.ch/index.php?loknya=/home/clients/9feeab47ed6ca1a1b2890343d7a99fd4/web/well-known/acme-challenge/a/f/h" "Mozilla/5.0 AppleWebKit/537.36 (KHTML, like Gecko; compatible; GPTBot/1.4; +https://openai.com/gptbot)" cityapartments.ch
216.73.217.114 - - [06/Jul/2026:00:08:06 +0200] "GET /index.php?loknya=%2Fhome%2Fclients%2F9feeab47ed6ca1a1b2890343d7a99fd4%2Fweb%2Fwp-includes%2Fblocks%2Fgallery HTTP/1.1" 200 2639 "-" "Mozilla/5.0 AppleWebKit/537.36 (KHTML, like Gecko; compatible; ClaudeBot/1.0; +claudebot@anthropic.com)" cityapartments.ch
74.7.227.35 - - [06/Jul/2026:00:08:08 +0200] "GET /index.php?loknya=/home/clients/9eeab47ed6ca1a1b2890343d7a99d4/web/well-known/acme-challenge/d/a/i/ HTTP/1.1" 200 2029 "https://www.cityapartments.ch/index.php?loknya=/home/clients/9feeab47ed6ca1a1b2890343d7a99fd4/web/well-known/acme-challenge/d/a/i/f" "Mozilla/5.0 AppleWebKit/537.36 (KHTML, like Gecko; compatible; GPTBot/1.4; +https://openai.com/gptbot)" cityapartments.ch
216.73.217.114 - - [06/Jul/2026:00:08:09 +0200] "GET /index.php?lokasie=%2Fhome%2Fclients%2F9feeab47ed6ca1a1b2890343d7a99fd4%2Fweb%2Fwp-includes%2FRequests%2Fsrc%2F%2FRequests.php&loknya=%2Fhome%2Fclients%2F9feeab47ed6ca1a1b2890343d7a99fd4%2Fweb%2Fwp-includes%2FRequests%2Fsrc%2F HTTP/1.1" 200 10585 "-" "Mozilla/5.0 AppleWebKit/537.36 (KHTML, like Gecko; compatible; ClaudeBot/1.0; +claudebot@anthropic.com)" cityapartments.ch
216.73.217.114 - - [06/Jul/2026:00:08:12 +0200] "GET /index.php?lokasie=%2Fhome%2Fclients%2F9feeab47ed6ca1a1b2890343d7a99fd4%2Fweb%2Fwp-includes%2FSimplePie%2Fsrc%2F%2FCaption.php&loknya=%2Fhome%2Fclients%2F9feeab47ed6ca1a1b2890343d7a99fd4%2Fweb%2Fwp-includes%2FSimplePie%2Fsrc%2F HTTP/1.1" 200 2647 "-" "Mozilla/5.0 AppleWebKit/537.36 (KHTML, like Gecko; compatible; ClaudeBot/1.0; +claudebot@anthropic.com)" cityapartments.ch
74.7.227.35 - - [06/Jul/2026:00:08:11 +0200] "GET /index.php?loknya=/home/clients/9feeab47ed6ca1a1b2890343d7a99fd4/web/well-known/acme-challenge/d/a/k/j HTTP/1.1" 200 2203 "https://www.cityapartments.ch/index.php?loknya=/home/clients/9feeab47ed6ca1a1b2890343d7a99fd4/web/well-known/acme-challenge/d/a/k" "Mozilla/5.0 AppleWebKit/537.36 (KHTML, like Gecko; compatible; GPTBot/1.4; +https://openai.com/gptbot)" cityapartments.ch
216.73.217.114 - - [06/Jul/2026:00:08:15 +0200] "GET /index.php?loknya=%2Fhome%2Fclients%2F9feeab47ed6ca1a1b2890343d7a99fd4%2Fweb%2Fwp-includes%2Fblocks%2Ficon HTTP/1.1" 200 2507 "-" "Mozilla/5.0 AppleWebKit/537.36 (KHTML, like Gecko; compatible; ClaudeBot/1.0; +claudebot@anthropic.com)" cityapartments.ch
114.119.159.17 - - [06/Jul/2026:00:08:18 +0200] "GET /index.php?loknya=/home/clients/9feeab47ed6ca1a1b2890343d7a99fd4/web/wp-content/themes/houzez HTTP/1.1" 200 4019 "http://cityapartments.ch/index.php?loknya=/home/clients/9feeab47ed6ca1a1b2890343d7a99fd4/web/wp-content/themes" "Mozilla/5.0 (Linux; Android 7.0;) AppleWebKit/537.36 (HTML, like Gecko) Mobile Safari/537.36 (compatible; PetalBot;+https://webmaster.petalsearch.com/site/petalbot)" cityapartments.ch
74.7.227.35 - - [06/Jul/2026:00:08:14 +0200] "GET /index.php?loknya=/home/clients/9feeab47ed6ca1a1b2890343d7a99fd4/web/well-known/acme-challenge/d/a/i/a HTTP/1.1" 200 2237 "https://www.cityapartments.ch/index.php?loknya=/home/clients/9feeab47ed6ca1a1b2890343d7a99fd4/web/well-known/acme-challenge/d/a/i" "Mozilla/5.0 AppleWebKit/537.36 (KHTML, like Gecko; compatible; GPTBot/1.4; +https://openai.com/gptbot)" cityapartments.ch
74.7.227.35 - - [06/Jul/2026:00:08:17 +0200] "GET /index.php?loknya=/ome/clents/9feeb47e6c11b2890343799f4/web HTTP/1.1" 200 1959 "https://www.cityapartments.ch/index.php?loknya=/ome/clents/9feeb47e6c11b2890343799f4/web/well-known/cme-cllenge/" "Mozilla/5.0 AppleWebKit/537.36 (KHTML, like Gecko; compatible; GPTBot/1.4; +https://openai.com/gptbot)" cityapartments.ch
74.7.227.35 - - [06/Jul/2026:00:08:20 +0200] "GET /index.php?loknya=/ome/clents/9feeb47e6c11b2890343799f4 HTTP/1.1" 200 1950 "https://www.cityapartments.ch/index.php?loknya=/ome/clents/9feeb47e6c11b2890343799f4/web/well-known/cme-cllenge/" "Mozilla/5.0 AppleWebKit/537.36 (KHTML, like Gecko; compatible; GPTBot/1.4; +https://openai.com/gptbot)" cityapartments.ch
216.73.217.114 - - [06/Jul/2026:00:08:22 +0200] "GET /index.php?loknya=%2Fhome%2Fclients%2F9feeab47ed6ca1a1b2890343d7a99fd4%2Fweb%2Fwp-includes%2Fblocks%2Favatar HTTP/1.1" 200 2535 "-" "Mozilla/5.0 AppleWebKit/537.36 (KHTML, like Gecko; compatible; ClaudeBot/1.0; +claudebot@anthropic.com)" cityapartments.ch
74.7.227.35 - - [06/Jul/2026:00:08:24 +0200] "GET /index.php?loknya=/ome/clents/9feeb47e6c11b2890343799f4/web/well-known/ HTTP/1.1" 200 1977 "https://www.cityapartments.ch/index.php?loknya=/ome/clents/9feeb47e6c11b2890343799f4/web/well-known/cme-cllenge/" "Mozilla/5.0 AppleWebKit/537.36 (KHTML, like Gecko; compatible; GPTBot/1.4; +https://openai.com/gptbot)" cityapartments.ch
216.73.217.114 - - [06/Jul/2026:00:08:24 +0200] "GET /index.php?loknya=%2Fhome%2Fclients%2F9feeab47ed6ca1a1b2890343d7a99fd4%2Fweb%2Fwp-content%2Fplugins%2Felementor%2Fpackages HTTP/1.1" 200 2289 "-" "Mozilla/5.0 AppleWebKit/537.36 (KHTML, like Gecko; compatible; ClaudeBot/1.0; +claudebot@anthropic.com)" cityapartments.ch
74.7.227.35 - - [06/Jul/2026:00:08:27 +0200] "GET /index.php?loknya=/ome/clients/9feea47ed6ca1a12890343d7a99fd4/we/well-known/acme-callenge/a/f/ HTTP/1.1" 200 2020 "https://www.cityapartments.ch/index.php?loknya=/home/clients/9feea47ed6ca1a12890343d7a99fd4/we/well-known/acme-challenge/a/f/h/" "Mozilla/5.0 AppleWebKit/537.36 (KHTML, like Gecko; compatible; GPTBot/1.4; +https://openai.com/gptbot)" cityapartments.ch
216.73.217.114 - - [06/Jul/2026:00:08:27 +0200] "GET /index.php?lokasie=%2Fhome%2Fclients%2F9feeab47ed6ca1a1b2890343d7a99fd4%2Fweb%2Fwp-includes%2Fcss%2Fwp-pointer.css&loknya=%2Fhome%2Fclients%2F9feeab47ed6ca1a1b2890343d7a99fd4%2Fweb%2Fwp-includes%2Fcss HTTP/1.1" 200 2767 "-" "Mozilla/5.0 AppleWebKit/537.36 (KHTML, like Gecko; compatible; ClaudeBot/1.0; +claudebot@anthropic.com)" cityapartments.ch
74.7.227.35 - - [06/Jul/2026:00:08:30 +0200] "GET /index.php?loknya=/hom/clints/9fab47d6ca1a1b2890343d7a99fd4/wb/wll-known/acm-challng/d/a/i HTTP/1.1" 200 2019 "https://www.cityapartments.ch/index.php?loknya=/hom/clints/9fab47d6ca1a1b2890343d7a99fd4/wb/wll-known/acm-challng/d/a/i/" "Mozilla/5.0 AppleWebKit/537.36 (KHTML, like Gecko; compatible; GPTBot/1.4; +https://openai.com/gptbot)" cityapartments.ch
216.73.217.114 - - [06/Jul/2026:00:08:30 +0200] "GET /index.php?loknya=%2Fhome%2Fclients%2F9feeab47ed6ca1a1b2890343d7a99fd4%2Fweb%2Fwp-includes%2Fblocks%2Fcomment-author-name HTTP/1.1" 200 2416 "-" "Mozilla/5.0 AppleWebKit/537.36 (KHTML, like Gecko; compatible; ClaudeBot/1.0; +claudebot@anthropic.com)" cityapartments.ch
74.7.227.35 - - [06/Jul/2026:00:08:33 +0200] "GET /index.php?loknya=/ome/clients/9feeb47ed6c11b2890343d799fd4/web/well-nown/cme-cllenge/d HTTP/1.1" 200 2008 "https://www.cityapartments.ch/index.php?loknya=/ome/clients/9feeb47ed6c11b2890343d799fd4/web/well-nown/cme-cllenge/d/" "Mozilla/5.0 AppleWebKit/537.36 (KHTML, like Gecko; compatible; GPTBot/1.4; +https://openai.com/gptbot)" cityapartments.ch
216.73.217.114 - - [06/Jul/2026:00:08:33 +0200] "GET /index.php?lokasie=%2Fhome%2Fclients%2F9feeab47ed6ca1a1b2890343d7a99fd4%2Fweb%2Fwp-includes%2FRequests%2Fsrc%2FException%2F.htaccess&loknya=%2Fhome%2Fclients%2F9feeab47ed6ca1a1b2890343d7a99fd4%2Fweb%2Fwp-includes%2FRequests%2Fsrc%2FException HTTP/1.1" 200 1874 "-" "Mozilla/5.0 AppleWebKit/537.36 (KHTML, like Gecko; compatible; ClaudeBot/1.0; +claudebot@anthropic.com)" cityapartments.ch
74.7.227.35 - - [06/Jul/2026:00:08:36 +0200] "GET /index.php?loknya=/home/lients/9feeab47ed6a1a1b2890343d7a99fd4/web/well-known/ame-hallenge/d/a/i/ HTTP/1.1" 200 2026 "https://www.cityapartments.ch/index.php?loknya=/home/clients/9feeab47ed6ca1a1b2890343d7a99fd4/web/well-known/acme-challenge/d/a/i/c" "Mozilla/5.0 AppleWebKit/537.36 (KHTML, like Gecko; compatible; GPTBot/1.4; +https://openai.com/gptbot)" cityapartments.ch
216.73.217.114 - - [06/Jul/2026:00:08:36 +0200] "GET /index.php?loknya=%2Fhome%2Fclients%2F9feeab47ed6ca1a1b2890343d7a99fd4%2Fweb%2Fwp-admin%2Fmaint HTTP/1.1" 200 2303 "-" "Mozilla/5.0 AppleWebKit/537.36 (KHTML, like Gecko; compatible; ClaudeBot/1.0; +claudebot@anthropic.com)" cityapartments.ch
74.7.227.35 - - [06/Jul/2026:00:08:39 +0200] "GET /index.php?loknya=/home/clients/9feeab47ed6ca1a1b2890343d7a99fd4/web/well-known/acme-challene/a/f/h/ HTTP/1.1" 200 2032 "https://www.cityapartments.ch/index.php?loknya=/home/clients/9feeab47ed6ca1a1b2890343d7a99fd4/web/well-known/acme-challenge/a/f/h/g" "Mozilla/5.0 AppleWebKit/537.36 (KHTML, like Gecko; compatible; GPTBot/1.4; +https://openai.com/gptbot)" cityapartments.ch
216.73.217.114 - - [06/Jul/2026:00:08:39 +0200] "GET /index.php?loknya=%2Fhome%2Fclients%2F9feeab47ed6ca1a1b2890343d7a99fd4%2Fweb%2Fwp-content%2Fplugins%2Fmailchimp-for-wp%2Fassets HTTP/1.1" 200 2381 "-" "Mozilla/5.0 AppleWebKit/537.36 (KHTML, like Gecko; compatible; ClaudeBot/1.0; +claudebot@anthropic.com)" cityapartments.ch
74.7.227.35 - - [06/Jul/2026:00:08:42 +0200] "GET /index.php?loknya=/home/clients/9feeab47ed6ca1a1b2890343d7a99fd4/web/well-known/acme-challenge/d/a/h/b HTTP/1.1" 200 2234 "https://www.cityapartments.ch/index.php?loknya=/home/clients/9feeab47ed6ca1a1b2890343d7a99fd4/web/well-known/acme-challenge/d/a/h" "Mozilla/5.0 AppleWebKit/537.36 (KHTML, like Gecko; compatible; GPTBot/1.4; +https://openai.com/gptbot)" cityapartments.ch
216.73.217.114 - - [06/Jul/2026:00:08:42 +0200] "GET /index.php?loknya=%2Fhome%2Fclients%2F9feeab47ed6ca1a1b2890343d7a99fd4%2Fweb%2Fwp-includes%2Fblocks%2Fcomments-pagination-previous HTTP/1.1" 200 2277 "-" "Mozilla/5.0 AppleWebKit/537.36 (KHTML, like Gecko; compatible; ClaudeBot/1.0; +claudebot@anthropic.com)" cityapartments.ch
216.73.217.114 - - [06/Jul/2026:00:08:45 +0200] "GET /index.php?loknya=%2Fhome%2Fclients%2F9feeab47ed6ca1a1b2890343d7a99fd4%2Fweb%2Fwp-includes%2Fblocks%2Fpost-author HTTP/1.1" 200 2528 "-" "Mozilla/5.0 AppleWebKit/537.36 (KHTML, like Gecko; compatible; ClaudeBot/1.0; +claudebot@anthropic.com)" cityapartments.ch
74.7.227.35 - - [06/Jul/2026:00:08:46 +0200] "GET /index.php?loknya=/home/clients/9feeab47ed6ca1a1b2890343d7a99fd4/web/well-known/acme-challenge/d/a/k/ HTTP/1.1" 200 2547 "https://www.cityapartments.ch/index.php?loknya=/home/clients/9feeab47ed6ca1a1b2890343d7a99fd4/web/well-known/acme-challenge/d/a/k/j" "Mozilla/5.0 AppleWebKit/537.36 (KHTML, like Gecko; compatible; GPTBot/1.4; +https://openai.com/gptbot)" cityapartments.ch
216.73.217.114 - - [06/Jul/2026:00:08:48 +0200] "GET /index.php?loknya=%2Fhome%2Fclients%2F9feeab47ed6ca1a1b2890343d7a99fd4%2Fweb%2Fwp-includes%2Fblocks%2Fpost-terms HTTP/1.1" 200 2402 "-" "Mozilla/5.0 AppleWebKit/537.36 (KHTML, like Gecko; compatible; ClaudeBot/1.0; +claudebot@anthropic.com)" cityapartments.ch
74.7.227.35 - - [06/Jul/2026:00:08:49 +0200] "GET /index.php?loknya=/home/clients/9feeab47ed6ca1a1b2890343d7a99fd4/web/well-known/acme-challenge/d/a/i/d HTTP/1.1" 200 2234 "https://www.cityapartments.ch/index.php?loknya=/home/clients/9feeab47ed6ca1a1b2890343d7a99fd4/web/well-known/acme-challenge/d/a/i" "Mozilla/5.0 AppleWebKit/537.36 (KHTML, like Gecko; compatible; GPTBot/1.4; +https://openai.com/gptbot)" cityapartments.ch
216.73.217.114 - - [06/Jul/2026:00:08:51 +0200] "GET /m/salar51279652.htm?loknya=%2F HTTP/1.1" 404 991 "-" "Mozilla/5.0 AppleWebKit/537.36 (KHTML, like Gecko; compatible; ClaudeBot/1.0; +claudebot@anthropic.com)" cityapartments.ch
74.7.227.35 - - [06/Jul/2026:00:08:52 +0200] "GET /index.php?loknya=/home/clients/9feeab47ed6ca1a1b2890343d7a99fd4/web/well-known/acme-challenge/d/a/h/h HTTP/1.1" 200 2230 "https://www.cityapartments.ch/index.php?loknya=/home/clients/9feeab47ed6ca1a1b2890343d7a99fd4/web/well-known/acme-challenge/d/a/h" "Mozilla/5.0 AppleWebKit/537.36 (KHTML, like Gecko; compatible; GPTBot/1.4; +https://openai.com/gptbot)" cityapartments.ch
216.73.217.114 - - [06/Jul/2026:00:08:55 +0200] "GET /m/realm21922465.htm?loknya=%2F HTTP/1.1" 404 991 "-" "Mozilla/5.0 AppleWebKit/537.36 (KHTML, like Gecko; compatible; ClaudeBot/1.0; +claudebot@anthropic.com)" cityapartments.ch
74.7.227.35 - - [06/Jul/2026:00:08:55 +0200] "GET /index.php?loknya=/home/clients/9feeab47ed6ca1a1b2890343d7a99fd4/web/well-known/acme-challenge/d/a/k/a HTTP/1.1" 200 2238 "https://www.cityapartments.ch/index.php?loknya=/home/clients/9feeab47ed6ca1a1b2890343d7a99fd4/web/well-known/acme-challenge/d/a/k" "Mozilla/5.0 AppleWebKit/537.36 (KHTML, like Gecko; compatible; GPTBot/1.4; +https://openai.com/gptbot)" cityapartments.ch
66.249.76.168 - - [06/Jul/2026:00:08:57 +0200] "GET /m/liabl60131541.htm HTTP/1.1" 404 991 "-" "Mozilla/5.0 (Linux; Android 6.0.1; Nexus 5X Build/MMB29P) AppleWebKit/537.36 (KHTML, like Gecko) Chrome/150.0.7871.46 Mobile Safari/537.36 (compatible; Googlebot/2.1; +http://www.google.com/bot.html)" cityapartments.ch
216.73.217.114 - - [06/Jul/2026:00:08:58 +0200] "GET /m/slend70923614.htm?loknya=%2F HTTP/1.1" 404 991 "-" "Mozilla/5.0 AppleWebKit/537.36 (KHTML, like Gecko; compatible; ClaudeBot/1.0; +claudebot@anthropic.com)" cityapartments.ch
74.7.227.35 - - [06/Jul/2026:00:08:58 +0200] "GET /index.php?loknya=/ome/clents/9feeb47e6c11b2890343799f4/web/ HTTP/1.1" 200 1961 "https://www.cityapartments.ch/index.php?loknya=/ome/clents/9feeb47e6c11b2890343799f4/web/well-known/" "Mozilla/5.0 AppleWebKit/537.36 (KHTML, like Gecko; compatible; GPTBot/1.4; +https://openai.com/gptbot)" cityapartments.ch
216.73.217.114 - - [06/Jul/2026:00:09:01 +0200] "GET /index.php?loknya=%2Fhome%2Fclients%2F9feeab47ed6ca1a1b2890343d7a99fd4%2Fweb%2Fwp-includes%2Fblocks%2Frss HTTP/1.1" 200 2516 "-" "Mozilla/5.0 AppleWebKit/537.36 (KHTML, like Gecko; compatible; ClaudeBot/1.0; +claudebot@anthropic.com)" cityapartments.ch
74.7.227.35 - - [06/Jul/2026:00:09:01 +0200] "GET /index.php?loknya=/ome/clients/9feea47ed6ca1a12890343d7a99fd4/we/well-known/acme-callenge/a/f HTTP/1.1" 200 2018 "https://www.cityapartments.ch/index.php?loknya=/ome/clients/9feea47ed6ca1a12890343d7a99fd4/we/well-known/acme-callenge/a/f/" "Mozilla/5.0 AppleWebKit/537.36 (KHTML, like Gecko; compatible; GPTBot/1.4; +https://openai.com/gptbot)" cityapartments.ch
74.7.227.35 - - [06/Jul/2026:00:09:04 +0200] "GET /index.php?loknya=/ome/clients/9eea47ed6ca1a12890343d7a99d4/we/well-known/acme-callenge/a/ HTTP/1.1" 200 2019 "https://www.cityapartments.ch/index.php?loknya=/ome/clients/9feea47ed6ca1a12890343d7a99fd4/we/well-known/acme-callenge/a/f/" "Mozilla/5.0 AppleWebKit/537.36 (KHTML, like Gecko; compatible; GPTBot/1.4; +https://openai.com/gptbot)" cityapartments.ch
216.73.217.114 - - [06/Jul/2026:00:09:08 +0200] "GET /index.php?lokasie=%2Fhome%2Fclients%2F9feeab47ed6ca1a1b2890343d7a99fd4%2Fweb%2Fwp-includes%2FRequests%2Fsrc%2F%2FSession.php&loknya=%2Fhome%2Fclients%2F9feeab47ed6ca1a1b2890343d7a99fd4%2Fweb%2Fwp-includes%2FRequests%2Fsrc%2F HTTP/1.1" 200 4027 "-" "Mozilla/5.0 AppleWebKit/537.36 (KHTML, like Gecko; compatible; ClaudeBot/1.0; +claudebot@anthropic.com)" cityapartments.ch
74.7.227.35 - - [06/Jul/2026:00:09:07 +0200] "GET /index.php?loknya=/home/clients/9feeab47ed6ca1a1b2890343d7a99fd4/web/well-known/acme-challenge/d/a/i/g HTTP/1.1" 200 2228 "https://www.cityapartments.ch/index.php?loknya=/home/clients/9feeab47ed6ca1a1b2890343d7a99fd4/web/well-known/acme-challenge/d/a/i" "Mozilla/5.0 AppleWebKit/537.36 (KHTML, like Gecko; compatible; GPTBot/1.4; +https://openai.com/gptbot)" cityapartments.ch
216.73.217.114 - - [06/Jul/2026:00:09:10 +0200] "GET /m/autho41657331.htm?loknya=%2Fhome HTTP/1.1" 404 991 "-" "Mozilla/5.0 AppleWebKit/537.36 (KHTML, like Gecko; compatible; ClaudeBot/1.0; +claudebot@anthropic.com)" cityapartments.ch
74.7.227.35 - - [06/Jul/2026:00:09:11 +0200] "GET /index.php?loknya=/home/clients/9feeab47ed6ca1a1b2890343d7a99fd4/web/well-known/acme-challenge/d/a/h/i HTTP/1.1" 200 2228 "https://www.cityapartments.ch/index.php?loknya=/home/clients/9feeab47ed6ca1a1b2890343d7a99fd4/web/well-known/acme-challenge/d/a/h" "Mozilla/5.0 AppleWebKit/537.36 (KHTML, like Gecko; compatible; GPTBot/1.4; +https://openai.com/gptbot)" cityapartments.ch
74.7.227.35 - - [06/Jul/2026:00:09:14 +0200] "GET /index.php?loknya=/home/clients/9feeab47ed6ca1a1b2890343d7a99fd4/web/well-known/acme-challenge/d/a/h/j HTTP/1.1" 200 2202 "https://www.cityapartments.ch/index.php?loknya=/home/clients/9feeab47ed6ca1a1b2890343d7a99fd4/web/well-known/acme-challenge/d/a/h" "Mozilla/5.0 AppleWebKit/537.36 (KHTML, like Gecko; compatible; GPTBot/1.4; +https://openai.com/gptbot)" cityapartments.ch
216.73.217.114 - - [06/Jul/2026:00:09:13 +0200] "GET /m/choco21092977.htm?loknya=%2Fhome%2Fclients HTTP/1.1" 404 991 "-" "Mozilla/5.0 AppleWebKit/537.36 (KHTML, like Gecko; compatible; ClaudeBot/1.0; +claudebot@anthropic.com)" cityapartments.ch
216.73.217.114 - - [06/Jul/2026:00:09:16 +0200] "GET /m/suppl32312914.htm?loknya=%2F HTTP/1.1" 404 991 "-" "Mozilla/5.0 AppleWebKit/537.36 (KHTML, like Gecko; compatible; ClaudeBot/1.0; +claudebot@anthropic.com)" cityapartments.ch
74.7.227.35 - - [06/Jul/2026:00:09:17 +0200] "GET /index.php?loknya=/home/clients/9feea47ed6ca1a12890343d7a99fd4/we/well-known/acme-challenge/d/a/h/ HTTP/1.1" 200 2031 "https://www.cityapartments.ch/index.php?loknya=/home/clients/9feeab47ed6ca1a1b2890343d7a99fd4/web/well-known/acme-challenge/d/a/h/b" "Mozilla/5.0 AppleWebKit/537.36 (KHTML, like Gecko; compatible; GPTBot/1.4; +https://openai.com/gptbot)" cityapartments.ch
216.73.217.114 - - [06/Jul/2026:00:09:19 +0200] "GET /m/paste31174530.htm?loknya=%2Fhome%2Fclients%2F9feeab47ed6ca1a1b2890343d7a99fd4%2Fweb%2Fwp-admin%2Fjs HTTP/1.1" 404 991 "-" "Mozilla/5.0 AppleWebKit/537.36 (KHTML, like Gecko; compatible; ClaudeBot/1.0; +claudebot@anthropic.com)" cityapartments.ch
216.73.217.114 - - [06/Jul/2026:00:09:22 +0200] "GET /m/plug40311451.htm?loknya=%2Fhome%2Fclients HTTP/1.1" 404 991 "-" "Mozilla/5.0 AppleWebKit/537.36 (KHTML, like Gecko; compatible; ClaudeBot/1.0; +claudebot@anthropic.com)" cityapartments.ch
74.7.227.35 - - [06/Jul/2026:00:09:20 +0200] "GET /index.php?loknya=/home/clients/9feeab47ed6ca1a1b2890343d7a99fd4/web/well-known/acme-challenge/d/a/k/e HTTP/1.1" 200 2246 "https://www.cityapartments.ch/index.php?loknya=/home/clients/9feeab47ed6ca1a1b2890343d7a99fd4/web/well-known/acme-challenge/d/a/k" "Mozilla/5.0 AppleWebKit/537.36 (KHTML, like Gecko; compatible; GPTBot/1.4; +https://openai.com/gptbot)" cityapartments.ch
74.7.227.35 - - [06/Jul/2026:00:09:23 +0200] "GET /index.php?loknya=/home/clients/9feeab47ed6ca1a1b2890343d7a99fd4/web/well-known/acme-challenge/d/a/k/g HTTP/1.1" 200 2228 "https://www.cityapartments.ch/index.php?loknya=/home/clients/9feeab47ed6ca1a1b2890343d7a99fd4/web/well-known/acme-challenge/d/a/k" "Mozilla/5.0 AppleWebKit/537.36 (KHTML, like Gecko; compatible; GPTBot/1.4; +https://openai.com/gptbot)" cityapartments.ch
216.73.217.114 - - [06/Jul/2026:00:09:25 +0200] "GET /m/will20249809.htm?loknya=%2Fhome%2Fclients%2F9feeab47ed6ca1a1b2890343d7a99fd4%2F.composer HTTP/1.1" 404 991 "-" "Mozilla/5.0 AppleWebKit/537.36 (KHTML, like Gecko; compatible; ClaudeBot/1.0; +claudebot@anthropic.com)" cityapartments.ch
74.7.227.35 - - [06/Jul/2026:00:09:26 +0200] "GET /index.php?loknya=/ome/clents/9feeb47e6c11b2890343799f4/web/well-known HTTP/1.1" 200 1974 "https://www.cityapartments.ch/index.php?loknya=/ome/clents/9feeb47e6c11b2890343799f4/web/well-known/cme-cllenge/" "Mozilla/5.0 AppleWebKit/537.36 (KHTML, like Gecko; compatible; GPTBot/1.4; +https://openai.com/gptbot)" cityapartments.ch
216.73.217.114 - - [06/Jul/2026:00:09:28 +0200] "GET /m/black42776067.htm?loknya=%2F HTTP/1.1" 404 991 "-" "Mozilla/5.0 AppleWebKit/537.36 (KHTML, like Gecko; compatible; ClaudeBot/1.0; +claudebot@anthropic.com)" cityapartments.ch
3.216.13.10 - - [06/Jul/2026:00:09:30 +0200] "GET /?lokasie=/home/clients/9feeab47ed6ca1a1b2890343d7a99fd4/web/wp-includes/widgets/class-wp-widget-meta.php&loknya=/home/clients/9feeab47ed6ca1a1b2890343d7a99fd4/web/wp-includes/widgets HTTP/1.1" 200 3225 "-" "Mozilla/5.0 AppleWebKit/537.36 (KHTML, like Gecko; compatible; Amazonbot/0.1; +https://developer.amazon.com/support/amazonbot) Chrome/119.0.6045.214 Safari/537.36" cityapartments.ch
74.7.227.35 - - [06/Jul/2026:00:09:30 +0200] "GET /index.php?loknya=/home/clents/9feeab47ed6ca1a1b2890343d7a99fd4/web/well-known/acme-challenge/a/f/h/ HTTP/1.1" 200 2031 "https://www.cityapartments.ch/index.php?loknya=/home/clients/9feeab47ed6ca1a1b2890343d7a99fd4/web/well-known/acme-challenge/a/f/h/i" "Mozilla/5.0 AppleWebKit/537.36 (KHTML, like Gecko; compatible; GPTBot/1.4; +https://openai.com/gptbot)" cityapartments.ch
216.73.217.114 - - [06/Jul/2026:00:09:31 +0200] "GET /index.php?lokasie=%2Fhome%2Fclients%2F9feeab47ed6ca1a1b2890343d7a99fd4%2Fweb%2Fwp-includes%2FSimplePie%2Fsrc%2F%2FRegistryAware.php&loknya=%2Fhome%2Fclients%2F9feeab47ed6ca1a1b2890343d7a99fd4%2Fweb%2Fwp-includes%2FSimplePie%2Fsrc%2F HTTP/1.1" 200 2024 "-" "Mozilla/5.0 AppleWebKit/537.36 (KHTML, like Gecko; compatible; ClaudeBot/1.0; +claudebot@anthropic.com)" cityapartments.ch
74.7.227.35 - - [06/Jul/2026:00:09:33 +0200] "GET /index.php?loknya=/home/clents/9feeab47ed6ca1a1b2890343d7a99fd4/web/well-known/acme-challenge/d/a/k/ HTTP/1.1" 200 2028 "https://www.cityapartments.ch/index.php?loknya=/home/clients/9feeab47ed6ca1a1b2890343d7a99fd4/web/well-known/acme-challenge/d/a/k/i" "Mozilla/5.0 AppleWebKit/537.36 (KHTML, like Gecko; compatible; GPTBot/1.4; +https://openai.com/gptbot)" cityapartments.ch
74.7.227.35 - - [06/Jul/2026:00:09:36 +0200] "GET /index.php?loknya=/home/lients/9feeab47ed6a1a1b2890343d7a99fd4/web/well-known/ame-hallenge/d/a/i HTTP/1.1" 200 2023 "https://www.cityapartments.ch/index.php?loknya=/home/lients/9feeab47ed6a1a1b2890343d7a99fd4/web/well-known/ame-hallenge/d/a/i/" "Mozilla/5.0 AppleWebKit/537.36 (KHTML, like Gecko; compatible; GPTBot/1.4; +https://openai.com/gptbot)" cityapartments.ch
40.77.167.6 - - [06/Jul/2026:00:09:35 +0200] "GET /m/stone50456212.htm HTTP/1.1" 404 991 "-" "Mozilla/5.0 AppleWebKit/537.36 (KHTML, like Gecko; compatible; bingbot/2.0; +http://www.bing.com/bingbot.htm) Chrome/116.0.1938.76 Safari/537.36" cityapartments.ch
40.77.167.6 - - [06/Jul/2026:00:09:38 +0200] "GET /m/agree61329109.htm HTTP/1.1" 404 991 "-" "Mozilla/5.0 AppleWebKit/537.36 (KHTML, like Gecko; compatible; bingbot/2.0; +http://www.bing.com/bingbot.htm) Chrome/116.0.1938.76 Safari/537.36" cityapartments.ch
114.119.159.17 - - [06/Jul/2026:00:09:40 +0200] "GET /index.php?lokasie=/home/clients/9feeab47ed6ca1a1b2890343d7a99fd4/ik-logs/access.log-20260703.gz&loknya=/home/clients/9feeab47ed6ca1a1b2890343d7a99fd4/ik-logs HTTP/1.1" 200 1742 "http://cityapartments.ch/index.php?loknya=/home/clients/9feeab47ed6ca1a1b2890343d7a99fd4/ik-logs" "Mozilla/5.0 (Linux; Android 7.0;) AppleWebKit/537.36 (HTML, like Gecko) Mobile Safari/537.36 (compatible; PetalBot;+https://webmaster.petalsearch.com/site/petalbot)" cityapartments.ch
40.77.167.76 - - [06/Jul/2026:00:09:41 +0200] "GET /m/progr71220542.htm HTTP/1.1" 404 991 "-" "Mozilla/5.0 AppleWebKit/537.36 (KHTML, like Gecko; compatible; bingbot/2.0; +http://www.bing.com/bingbot.htm) Chrome/116.0.1938.76 Safari/537.36" cityapartments.ch
74.7.227.35 - - [06/Jul/2026:00:09:39 +0200] "GET /index.php?loknya=/ome/clients/9ee47ed6c112890343d799d4/we/well-known/cme-cllenge/ HTTP/1.1" 200 1995 "https://www.cityapartments.ch/index.php?loknya=/ome/clients/9eea47ed6ca1a12890343d7a99d4/we/well-known/acme-callenge/a/" "Mozilla/5.0 AppleWebKit/537.36 (KHTML, like Gecko; compatible; GPTBot/1.4; +https://openai.com/gptbot)" cityapartments.ch
74.7.227.35 - - [06/Jul/2026:00:09:42 +0200] "GET /index.php?loknya=/home/clients/9feeab47ed6ca1a1b2890343d7a99fd4/web/well-known/acme-challene/d/a/i/ HTTP/1.1" 200 2030 "https://www.cityapartments.ch/index.php?loknya=/home/clients/9feeab47ed6ca1a1b2890343d7a99fd4/web/well-known/acme-challenge/d/a/i/g" "Mozilla/5.0 AppleWebKit/537.36 (KHTML, like Gecko; compatible; GPTBot/1.4; +https://openai.com/gptbot)" cityapartments.ch
