216.73.217.114 - - [06/Jul/2026:00:22:41 +0200] "GET /index.php?lokasie=%2Fhome%2Fclients%2F9feeab47ed6ca1a1b2890343d7a99fd4%2Fweb%2Fwp-includes%2Fimages%2Ficon-library%2Fchevron-up.svg&loknya=%2Fhome%2Fclients%2F9feeab47ed6ca1a1b2890343d7a99fd4%2Fweb%2Fwp-includes%2Fimages%2Ficon-library HTTP/1.1" 200 1892 "-" "Mozilla/5.0 AppleWebKit/537.36 (KHTML, like Gecko; compatible; ClaudeBot/1.0; +claudebot@anthropic.com)" cityapartments.ch
74.7.227.35 - - [06/Jul/2026:00:22:42 +0200] "GET /index.php?loknya=/home/clients/9feeab47ed6ca1a1b2890343d7a99fd4/web/well-known/acme-challenge/h/a/d/k HTTP/1.1" 200 2229 "https://www.cityapartments.ch/index.php?loknya=/home/clients/9feeab47ed6ca1a1b2890343d7a99fd4/web/well-known/acme-challenge/h/a/d" "Mozilla/5.0 AppleWebKit/537.36 (KHTML, like Gecko; compatible; GPTBot/1.4; +https://openai.com/gptbot)" cityapartments.ch
216.73.217.114 - - [06/Jul/2026:00:22:43 +0200] "GET /index.php?lokasie=%2Fhome%2Fclients%2F9feeab47ed6ca1a1b2890343d7a99fd4%2Fweb%2Fwp-includes%2Fimages%2Fdown_arrow.gif&loknya=%2Fhome%2Fclients%2F9feeab47ed6ca1a1b2890343d7a99fd4%2Fweb%2Fwp-includes%2Fimages HTTP/1.1" 200 1762 "-" "Mozilla/5.0 AppleWebKit/537.36 (KHTML, like Gecko; compatible; ClaudeBot/1.0; +claudebot@anthropic.com)" cityapartments.ch
74.7.227.35 - - [06/Jul/2026:00:22:45 +0200] "GET /index.php?loknya=/home/clients/9feeab47ed6ca1a1b2890343d7a99fd4/web/well-known/acme-challenge/h/a/d/f HTTP/1.1" 200 2232 "https://www.cityapartments.ch/index.php?loknya=/home/clients/9feeab47ed6ca1a1b2890343d7a99fd4/web/well-known/acme-challenge/h/a/d" "Mozilla/5.0 AppleWebKit/537.36 (KHTML, like Gecko; compatible; GPTBot/1.4; +https://openai.com/gptbot)" cityapartments.ch
216.73.217.114 - - [06/Jul/2026:00:22:46 +0200] "GET /index.php?lokasie=%2Fhome%2Fclients%2F9feeab47ed6ca1a1b2890343d7a99fd4%2Fweb%2Fwp-includes%2Fimages%2Ficon-library%2Fstar-filled.svg&loknya=%2Fhome%2Fclients%2F9feeab47ed6ca1a1b2890343d7a99fd4%2Fweb%2Fwp-includes%2Fimages%2Ficon-library HTTP/1.1" 200 2009 "-" "Mozilla/5.0 AppleWebKit/537.36 (KHTML, like Gecko; compatible; ClaudeBot/1.0; +claudebot@anthropic.com)" cityapartments.ch
74.7.227.35 - - [06/Jul/2026:00:22:48 +0200] "GET /index.php?loknya=/home/clients/9feeab47ed6ca1a1b2890343d7a99fd4/web/well-known/acme-challenge/h/a/f/d HTTP/1.1" 200 2234 "https://www.cityapartments.ch/index.php?loknya=/home/clients/9feeab47ed6ca1a1b2890343d7a99fd4/web/well-known/acme-challenge/h/a/f" "Mozilla/5.0 AppleWebKit/537.36 (KHTML, like Gecko; compatible; GPTBot/1.4; +https://openai.com/gptbot)" cityapartments.ch
216.73.217.114 - - [06/Jul/2026:00:22:49 +0200] "GET /index.php?lokasie=%2Fhome%2Fclients%2F9feeab47ed6ca1a1b2890343d7a99fd4%2Fweb%2Fwp-includes%2Fimages%2Ficon-library%2Flink-off.svg&loknya=%2Fhome%2Fclients%2F9feeab47ed6ca1a1b2890343d7a99fd4%2Fweb%2Fwp-includes%2Fimages%2Ficon-library HTTP/1.1" 200 2014 "-" "Mozilla/5.0 AppleWebKit/537.36 (KHTML, like Gecko; compatible; ClaudeBot/1.0; +claudebot@anthropic.com)" cityapartments.ch
74.7.227.35 - - [06/Jul/2026:00:22:51 +0200] "GET /index.php?loknya=/home/clients/9feeab47ed6ca1a1b2890343d7a99fd4/web/well-known/acme-challenge/h/a/d/d HTTP/1.1" 200 2230 "https://www.cityapartments.ch/index.php?loknya=/home/clients/9feeab47ed6ca1a1b2890343d7a99fd4/web/well-known/acme-challenge/h/a/d" "Mozilla/5.0 AppleWebKit/537.36 (KHTML, like Gecko; compatible; GPTBot/1.4; +https://openai.com/gptbot)" cityapartments.ch
216.73.217.114 - - [06/Jul/2026:00:22:52 +0200] "GET /index.php?lokasie=%2Fhome%2Fclients%2F9feeab47ed6ca1a1b2890343d7a99fd4%2Fweb%2Fwp-includes%2Fimages%2Ficon-library%2Fcalendar.svg&loknya=%2Fhome%2Fclients%2F9feeab47ed6ca1a1b2890343d7a99fd4%2Fweb%2Fwp-includes%2Fimages%2Ficon-library HTTP/1.1" 200 1966 "-" "Mozilla/5.0 AppleWebKit/537.36 (KHTML, like Gecko; compatible; ClaudeBot/1.0; +claudebot@anthropic.com)" cityapartments.ch
74.7.227.35 - - [06/Jul/2026:00:22:54 +0200] "GET /index.php?loknya=/home/clients/9feeab47ed6ca1a1b2890343d7a99fd4/web/well-known/acme-challenge/h/a/f/g HTTP/1.1" 200 2228 "https://www.cityapartments.ch/index.php?loknya=/home/clients/9feeab47ed6ca1a1b2890343d7a99fd4/web/well-known/acme-challenge/h/a/f" "Mozilla/5.0 AppleWebKit/537.36 (KHTML, like Gecko; compatible; GPTBot/1.4; +https://openai.com/gptbot)" cityapartments.ch
216.73.217.114 - - [06/Jul/2026:00:22:55 +0200] "GET /index.php?lokasie=%2Fhome%2Fclients%2F9feeab47ed6ca1a1b2890343d7a99fd4%2Fweb%2Fwp-includes%2Fimages%2Ficon-library%2Fsides-axial.svg&loknya=%2Fhome%2Fclients%2F9feeab47ed6ca1a1b2890343d7a99fd4%2Fweb%2Fwp-includes%2Fimages%2Ficon-library HTTP/1.1" 200 2010 "-" "Mozilla/5.0 AppleWebKit/537.36 (KHTML, like Gecko; compatible; ClaudeBot/1.0; +claudebot@anthropic.com)" cityapartments.ch
74.7.227.35 - - [06/Jul/2026:00:22:58 +0200] "GET /index.php?loknya=/hom/clints/9fab47d6ca1a1b2890343d7a99fd4/wb/wll-known/acm-challng/h/a/d HTTP/1.1" 200 2024 "https://www.cityapartments.ch/index.php?loknya=/hom/clints/9fab47d6ca1a1b2890343d7a99fd4/wb/wll-known/acm-challng/h/a/d/" "Mozilla/5.0 AppleWebKit/537.36 (KHTML, like Gecko; compatible; GPTBot/1.4; +https://openai.com/gptbot)" cityapartments.ch
216.73.217.114 - - [06/Jul/2026:00:22:58 +0200] "GET /index.php?lokasie=%2Fhome%2Fclients%2F9feeab47ed6ca1a1b2890343d7a99fd4%2Fweb%2Fwp-includes%2Fimages%2Ficon-library%2Farrow-right.svg&loknya=%2Fhome%2Fclients%2F9feeab47ed6ca1a1b2890343d7a99fd4%2Fweb%2Fwp-includes%2Fimages%2Ficon-library HTTP/1.1" 200 1893 "-" "Mozilla/5.0 AppleWebKit/537.36 (KHTML, like Gecko; compatible; ClaudeBot/1.0; +claudebot@anthropic.com)" cityapartments.ch
74.7.227.35 - - [06/Jul/2026:00:23:01 +0200] "GET /index.php?loknya=/hom/clints/9fab476ca1a1b28903437a99f4/wb/wll-known/acm-challng/h/a/ HTTP/1.1" 200 2021 "https://www.cityapartments.ch/index.php?loknya=/hom/clints/9fab47d6ca1a1b2890343d7a99fd4/wb/wll-known/acm-challng/h/a/d/" "Mozilla/5.0 AppleWebKit/537.36 (KHTML, like Gecko; compatible; GPTBot/1.4; +https://openai.com/gptbot)" cityapartments.ch
216.73.217.114 - - [06/Jul/2026:00:23:01 +0200] "GET /index.php?lokasie=%2Fhome%2Fclients%2F9feeab47ed6ca1a1b2890343d7a99fd4%2Fweb%2Fwp-includes%2Fimages%2Ficon-library%2Fbreadcrumbs.svg&loknya=%2Fhome%2Fclients%2F9feeab47ed6ca1a1b2890343d7a99fd4%2Fweb%2Fwp-includes%2Fimages%2Ficon-library HTTP/1.1" 200 1901 "-" "Mozilla/5.0 AppleWebKit/537.36 (KHTML, like Gecko; compatible; ClaudeBot/1.0; +claudebot@anthropic.com)" cityapartments.ch
74.7.227.35 - - [06/Jul/2026:00:23:04 +0200] "GET /index.php?loknya=/hom/clints/9b47d6c11b2890343d799d4/wb/wll-known/cm-chllng/h/ HTTP/1.1" 200 2001 "https://www.cityapartments.ch/index.php?loknya=/hom/clints/9ab47d6ca1a1b2890343d7a99d4/wb/wll-known/acm-challng/h/a/" "Mozilla/5.0 AppleWebKit/537.36 (KHTML, like Gecko; compatible; GPTBot/1.4; +https://openai.com/gptbot)" cityapartments.ch
216.73.217.114 - - [06/Jul/2026:00:23:04 +0200] "GET /index.php?lokasie=%2Fhome%2Fclients%2F9feeab47ed6ca1a1b2890343d7a99fd4%2Fweb%2Fwp-includes%2Fimages%2Ftoggle-arrow.png&loknya=%2Fhome%2Fclients%2F9feeab47ed6ca1a1b2890343d7a99fd4%2Fweb%2Fwp-includes%2Fimages HTTP/1.1" 200 1764 "-" "Mozilla/5.0 AppleWebKit/537.36 (KHTML, like Gecko; compatible; ClaudeBot/1.0; +claudebot@anthropic.com)" cityapartments.ch
74.7.227.35 - - [06/Jul/2026:00:23:07 +0200] "GET /index.php?loknya=/hom/clints/9ab47d6ca1a1b2890343d7a99d4/wb/wll-known/acm-challng/h/a HTTP/1.1" 200 2018 "https://www.cityapartments.ch/index.php?loknya=/hom/clints/9ab47d6ca1a1b2890343d7a99d4/wb/wll-known/acm-challng/h/a/" "Mozilla/5.0 AppleWebKit/537.36 (KHTML, like Gecko; compatible; GPTBot/1.4; +https://openai.com/gptbot)" cityapartments.ch
216.73.217.114 - - [06/Jul/2026:00:23:07 +0200] "GET /index.php?lokasie=%2Fhome%2Fclients%2F9feeab47ed6ca1a1b2890343d7a99fd4%2Fweb%2Fwp-admin%2Fimages%2Fresize.gif&loknya=%2Fhome%2Fclients%2F9feeab47ed6ca1a1b2890343d7a99fd4%2Fweb%2Fwp-admin%2Fimages HTTP/1.1" 200 1756 "-" "Mozilla/5.0 AppleWebKit/537.36 (KHTML, like Gecko; compatible; ClaudeBot/1.0; +claudebot@anthropic.com)" cityapartments.ch
74.7.227.35 - - [06/Jul/2026:00:23:10 +0200] "GET /index.php?loknya=/home/clients/9feea47ed6ca1a12890343d7a99fd4/we/well-known/acme-challenge/h/a/d/ HTTP/1.1" 200 2035 "https://www.cityapartments.ch/index.php?loknya=/home/clients/9feeab47ed6ca1a1b2890343d7a99fd4/web/well-known/acme-challenge/h/a/d/b" "Mozilla/5.0 AppleWebKit/537.36 (KHTML, like Gecko; compatible; GPTBot/1.4; +https://openai.com/gptbot)" cityapartments.ch
216.73.217.114 - - [06/Jul/2026:00:23:10 +0200] "GET /index.php?lokasie=%2Fhome%2Fclients%2F9feeab47ed6ca1a1b2890343d7a99fd4%2Fweb%2Fwp-includes%2Fimages%2Fspinner-2x.gif&loknya=%2Fhome%2Fclients%2F9feeab47ed6ca1a1b2890343d7a99fd4%2Fweb%2Fwp-includes%2Fimages HTTP/1.1" 200 1762 "-" "Mozilla/5.0 AppleWebKit/537.36 (KHTML, like Gecko; compatible; ClaudeBot/1.0; +claudebot@anthropic.com)" cityapartments.ch
216.73.217.114 - - [06/Jul/2026:00:23:13 +0200] "GET /index.php?lokasie=%2Fhome%2Fclients%2F9feeab47ed6ca1a1b2890343d7a99fd4%2Fweb%2Fwp-admin%2Fimages%2Fbrowser.png&loknya=%2Fhome%2Fclients%2F9feeab47ed6ca1a1b2890343d7a99fd4%2Fweb%2Fwp-admin%2Fimages HTTP/1.1" 200 1758 "-" "Mozilla/5.0 AppleWebKit/537.36 (KHTML, like Gecko; compatible; ClaudeBot/1.0; +claudebot@anthropic.com)" cityapartments.ch
74.7.227.35 - - [06/Jul/2026:00:23:13 +0200] "GET /index.php?loknya=/home/clients/9feeab47ed6ca1a1b2890343d7a99fd4/web/well-known/acme-challenge/h/a/f/f HTTP/1.1" 200 2229 "https://www.cityapartments.ch/index.php?loknya=/home/clients/9feeab47ed6ca1a1b2890343d7a99fd4/web/well-known/acme-challenge/h/a/f" "Mozilla/5.0 AppleWebKit/537.36 (KHTML, like Gecko; compatible; GPTBot/1.4; +https://openai.com/gptbot)" cityapartments.ch
216.73.217.114 - - [06/Jul/2026:00:23:16 +0200] "GET /index.php?lokasie=%2Fhome%2Fclients%2F9feeab47ed6ca1a1b2890343d7a99fd4%2Fweb%2Fwp-includes%2Fimages%2Ficon-library%2Fstretch-wide.svg&loknya=%2Fhome%2Fclients%2F9feeab47ed6ca1a1b2890343d7a99fd4%2Fweb%2Fwp-includes%2Fimages%2Ficon-library HTTP/1.1" 200 1899 "-" "Mozilla/5.0 AppleWebKit/537.36 (KHTML, like Gecko; compatible; ClaudeBot/1.0; +claudebot@anthropic.com)" cityapartments.ch
74.7.227.35 - - [06/Jul/2026:00:23:17 +0200] "GET /index.php?loknya=/home/clients/9feeab47ed6ca1a1b2890343d7a99fd4/web/well-nown/acme-challenge/h/a/d/ HTTP/1.1" 200 2034 "https://www.cityapartments.ch/index.php?loknya=/home/clients/9feeab47ed6ca1a1b2890343d7a99fd4/web/well-known/acme-challenge/h/a/d/k" "Mozilla/5.0 AppleWebKit/537.36 (KHTML, like Gecko; compatible; GPTBot/1.4; +https://openai.com/gptbot)" cityapartments.ch
216.73.217.114 - - [06/Jul/2026:00:23:19 +0200] "GET /index.php?lokasie=%2Fhome%2Fclients%2F9feeab47ed6ca1a1b2890343d7a99fd4%2Fweb%2Fwp-includes%2Fimages%2Ficon-library%2Flayout.svg&loknya=%2Fhome%2Fclients%2F9feeab47ed6ca1a1b2890343d7a99fd4%2Fweb%2Fwp-includes%2Fimages%2Ficon-library HTTP/1.1" 200 1939 "-" "Mozilla/5.0 AppleWebKit/537.36 (KHTML, like Gecko; compatible; ClaudeBot/1.0; +claudebot@anthropic.com)" cityapartments.ch
74.7.227.35 - - [06/Jul/2026:00:23:20 +0200] "GET /index.php?loknya=/home/clients/9eeab47ed6ca1a1b2890343d7a99d4/web/well-known/acme-challenge/h/a/d/ HTTP/1.1" 200 2034 "https://www.cityapartments.ch/index.php?loknya=/home/clients/9feeab47ed6ca1a1b2890343d7a99fd4/web/well-known/acme-challenge/h/a/d/f" "Mozilla/5.0 AppleWebKit/537.36 (KHTML, like Gecko; compatible; GPTBot/1.4; +https://openai.com/gptbot)" cityapartments.ch
66.249.73.171 - - [06/Jul/2026:00:23:23 +0200] "GET /m/volle30988274.htm HTTP/1.1" 404 991 "-" "Mozilla/5.0 (Linux; Android 6.0.1; Nexus 5X Build/MMB29P) AppleWebKit/537.36 (KHTML, like Gecko) Chrome/150.0.7871.46 Mobile Safari/537.36 (compatible; Googlebot/2.1; +http://www.google.com/bot.html)" cityapartments.ch
216.73.217.114 - - [06/Jul/2026:00:23:23 +0200] "GET /index.php?lokasie=%2Fhome%2Fclients%2F9feeab47ed6ca1a1b2890343d7a99fd4%2Fweb%2Fwp-admin%2Fimages%2Fabout-texture.png&loknya=%2Fhome%2Fclients%2F9feeab47ed6ca1a1b2890343d7a99fd4%2Fweb%2Fwp-admin%2Fimages HTTP/1.1" 200 1761 "-" "Mozilla/5.0 AppleWebKit/537.36 (KHTML, like Gecko; compatible; ClaudeBot/1.0; +claudebot@anthropic.com)" cityapartments.ch
74.7.227.35 - - [06/Jul/2026:00:23:23 +0200] "GET /index.php?loknya=/home/clients/9feeab47e6ca1a1b28903437a99f4/web/well-known/acme-challenge/h/a/f/ HTTP/1.1" 200 2030 "https://www.cityapartments.ch/index.php?loknya=/home/clients/9feeab47ed6ca1a1b2890343d7a99fd4/web/well-known/acme-challenge/h/a/f/d" "Mozilla/5.0 AppleWebKit/537.36 (KHTML, like Gecko; compatible; GPTBot/1.4; +https://openai.com/gptbot)" cityapartments.ch
216.73.217.114 - - [06/Jul/2026:00:23:26 +0200] "GET /index.php?lokasie=%2Fhome%2Fclients%2F9feeab47ed6ca1a1b2890343d7a99fd4%2Fweb%2Fwp-admin%2Fimages%2Falign-left-2x.png&loknya=%2Fhome%2Fclients%2F9feeab47ed6ca1a1b2890343d7a99fd4%2Fweb%2Fwp-admin%2Fimages HTTP/1.1" 200 1760 "-" "Mozilla/5.0 AppleWebKit/537.36 (KHTML, like Gecko; compatible; ClaudeBot/1.0; +claudebot@anthropic.com)" cityapartments.ch
74.7.227.35 - - [06/Jul/2026:00:23:26 +0200] "GET /index.php?loknya=/home/clients/9feeab47ed6ca1a1b2890343d7a99fd4/web/well-known/acme-challenge/h/e/b/d HTTP/1.1" 200 2236 "https://www.cityapartments.ch/index.php?loknya=/home/clients/9feeab47ed6ca1a1b2890343d7a99fd4/web/well-known/acme-challenge/h/e/b" "Mozilla/5.0 AppleWebKit/537.36 (KHTML, like Gecko; compatible; GPTBot/1.4; +https://openai.com/gptbot)" cityapartments.ch
216.73.217.114 - - [06/Jul/2026:00:23:29 +0200] "GET /index.php?lokasie=%2Fhome%2Fclients%2F9feeab47ed6ca1a1b2890343d7a99fd4%2Ftmp%2Fsess_36421329daa9dfae836974cd95ccd177&loknya=%2Fhome%2Fclients%2F9feeab47ed6ca1a1b2890343d7a99fd4%2Ftmp HTTP/1.1" 200 1821 "-" "Mozilla/5.0 AppleWebKit/537.36 (KHTML, like Gecko; compatible; ClaudeBot/1.0; +claudebot@anthropic.com)" cityapartments.ch
74.7.227.35 - - [06/Jul/2026:00:23:29 +0200] "GET /index.php?loknya=/home/clients/9feeab47ed6ca1a1b2890343d7a99fd4/web/well-known/acme-challene/h/a/f/ HTTP/1.1" 200 2032 "https://www.cityapartments.ch/index.php?loknya=/home/clients/9feeab47ed6ca1a1b2890343d7a99fd4/web/well-known/acme-challenge/h/a/f/g" "Mozilla/5.0 AppleWebKit/537.36 (KHTML, like Gecko; compatible; GPTBot/1.4; +https://openai.com/gptbot)" cityapartments.ch
66.249.76.167 - - [06/Jul/2026:00:23:31 +0200] "GET /m/enric80473951.htm HTTP/1.1" 404 991 "-" "Mozilla/5.0 (Linux; Android 6.0.1; Nexus 5X Build/MMB29P) AppleWebKit/537.36 (KHTML, like Gecko) Chrome/150.0.7871.46 Mobile Safari/537.36 (compatible; Googlebot/2.1; +http://www.google.com/bot.html)" cityapartments.ch
66.249.76.167 - - [06/Jul/2026:00:23:31 +0200] "GET /m/islan21948329.htm HTTP/1.1" 404 991 "-" "Mozilla/5.0 (Linux; Android 6.0.1; Nexus 5X Build/MMB29P) AppleWebKit/537.36 (KHTML, like Gecko) Chrome/150.0.7871.46 Mobile Safari/537.36 (compatible; Googlebot/2.1; +http://www.google.com/bot.html)" cityapartments.ch
216.73.217.114 - - [06/Jul/2026:00:23:32 +0200] "GET /index.php?lokasie=%2Fhome%2Fclients%2F9feeab47ed6ca1a1b2890343d7a99fd4%2Ftmp%2Fsess_0654e1a78dca5193ebad2616031d871f&loknya=%2Fhome%2Fclients%2F9feeab47ed6ca1a1b2890343d7a99fd4%2Ftmp HTTP/1.1" 200 1820 "-" "Mozilla/5.0 AppleWebKit/537.36 (KHTML, like Gecko; compatible; ClaudeBot/1.0; +claudebot@anthropic.com)" cityapartments.ch
74.7.227.35 - - [06/Jul/2026:00:23:32 +0200] "GET /index.php?loknya=/home/clients/9feeab47ed6ca1a1b2890343d7a99fd4/web/well-known/acme-challenge/h/a/d/i HTTP/1.1" 200 2228 "https://www.cityapartments.ch/index.php?loknya=/home/clients/9feeab47ed6ca1a1b2890343d7a99fd4/web/well-known/acme-challenge/h/a/d" "Mozilla/5.0 AppleWebKit/537.36 (KHTML, like Gecko; compatible; GPTBot/1.4; +https://openai.com/gptbot)" cityapartments.ch
216.73.217.114 - - [06/Jul/2026:00:23:35 +0200] "GET /index.php?lokasie=%2Fhome%2Fclients%2F9feeab47ed6ca1a1b2890343d7a99fd4%2Fweb%2Fwp-includes%2Fimages%2Fdown_arrow-2x.gif&loknya=%2Fhome%2Fclients%2F9feeab47ed6ca1a1b2890343d7a99fd4%2Fweb%2Fwp-includes%2Fimages HTTP/1.1" 200 1765 "-" "Mozilla/5.0 AppleWebKit/537.36 (KHTML, like Gecko; compatible; ClaudeBot/1.0; +claudebot@anthropic.com)" cityapartments.ch
114.119.158.234 - - [06/Jul/2026:00:23:35 +0200] "GET /?loknya=/home/clients/9feeab47ed6ca1a1b2890343d7a99fd4/web/wp-content/plugins/one-click-demo-import/assets/images HTTP/1.1" 200 2538 "http://cityapartments.ch/?loknya=/home/clients/9feeab47ed6ca1a1b2890343d7a99fd4/web/wp-content/plugins/one-click-demo-import/assets" "Mozilla/5.0 (Linux; Android 7.0;) AppleWebKit/537.36 (HTML, like Gecko) Mobile Safari/537.36 (compatible; PetalBot;+https://webmaster.petalsearch.com/site/petalbot)" cityapartments.ch
74.7.227.35 - - [06/Jul/2026:00:23:35 +0200] "GET /index.php?loknya=/hom/clints/9fb476c11b2890343799f4/wb/wll-known/cm-chllng/h/ HTTP/1.1" 200 2000 "https://www.cityapartments.ch/index.php?loknya=/hom/clints/9fab476ca1a1b28903437a99f4/wb/wll-known/acm-challng/h/a/" "Mozilla/5.0 AppleWebKit/537.36 (KHTML, like Gecko; compatible; GPTBot/1.4; +https://openai.com/gptbot)" cityapartments.ch
216.73.217.114 - - [06/Jul/2026:00:23:38 +0200] "GET /index.php?lokasie=%2Fhome%2Fclients%2F9feeab47ed6ca1a1b2890343d7a99fd4%2Fweb%2Fwp-admin%2Fimages%2Fspinner-2x.gif&loknya=%2Fhome%2Fclients%2F9feeab47ed6ca1a1b2890343d7a99fd4%2Fweb%2Fwp-admin%2Fimages HTTP/1.1" 200 1759 "-" "Mozilla/5.0 AppleWebKit/537.36 (KHTML, like Gecko; compatible; ClaudeBot/1.0; +claudebot@anthropic.com)" cityapartments.ch
74.7.227.35 - - [06/Jul/2026:00:23:39 +0200] "GET /index.php?loknya=/hom/clints/9b47d6c11b2890343d799d4/wb/wll-known/cm-chllng/h HTTP/1.1" 200 1998 "https://www.cityapartments.ch/index.php?loknya=/hom/clints/9b47d6c11b2890343d799d4/wb/wll-known/cm-chllng/h/" "Mozilla/5.0 AppleWebKit/537.36 (KHTML, like Gecko; compatible; GPTBot/1.4; +https://openai.com/gptbot)" cityapartments.ch
216.73.217.114 - - [06/Jul/2026:00:23:41 +0200] "GET /index.php?lokasie=%2Fhome%2Fclients%2F9feeab47ed6ca1a1b2890343d7a99fd4%2Fweb%2Fwp-admin%2Fimages%2Fxit.gif&loknya=%2Fhome%2Fclients%2F9feeab47ed6ca1a1b2890343d7a99fd4%2Fweb%2Fwp-admin%2Fimages HTTP/1.1" 200 1755 "-" "Mozilla/5.0 AppleWebKit/537.36 (KHTML, like Gecko; compatible; ClaudeBot/1.0; +claudebot@anthropic.com)" cityapartments.ch
74.7.227.35 - - [06/Jul/2026:00:23:42 +0200] "GET /index.php?loknya=/hom/clints/9fab476ca1a1b28903437a99f4/wb/wll-known/acm-challng/h/a HTTP/1.1" 200 2018 "https://www.cityapartments.ch/index.php?loknya=/hom/clints/9fab476ca1a1b28903437a99f4/wb/wll-known/acm-challng/h/a/" "Mozilla/5.0 AppleWebKit/537.36 (KHTML, like Gecko; compatible; GPTBot/1.4; +https://openai.com/gptbot)" cityapartments.ch
216.73.217.114 - - [06/Jul/2026:00:23:44 +0200] "GET /index.php?lokasie=%2Fhome%2Fclients%2F9feeab47ed6ca1a1b2890343d7a99fd4%2Fweb%2Fwp-includes%2Fimages%2Ftoggle-arrow-2x.png&loknya=%2Fhome%2Fclients%2F9feeab47ed6ca1a1b2890343d7a99fd4%2Fweb%2Fwp-includes%2Fimages HTTP/1.1" 200 1765 "-" "Mozilla/5.0 AppleWebKit/537.36 (KHTML, like Gecko; compatible; ClaudeBot/1.0; +claudebot@anthropic.com)" cityapartments.ch
74.7.227.35 - - [06/Jul/2026:00:23:45 +0200] "GET /index.php?loknya=/home/clients/9feeab47ed6ca1a1b2890343d7a99fd4/web/well-known/acme-challenge/h/e/b/h HTTP/1.1" 200 2234 "https://www.cityapartments.ch/index.php?loknya=/home/clients/9feeab47ed6ca1a1b2890343d7a99fd4/web/well-known/acme-challenge/h/e/b" "Mozilla/5.0 AppleWebKit/537.36 (KHTML, like Gecko; compatible; GPTBot/1.4; +https://openai.com/gptbot)" cityapartments.ch
216.73.217.114 - - [06/Jul/2026:00:23:47 +0200] "GET /index.php?lokasie=%2Fhome%2Fclients%2F9feeab47ed6ca1a1b2890343d7a99fd4%2Fweb%2Fwp-admin%2Fimages%2Ffreedom-2.svg&loknya=%2Fhome%2Fclients%2F9feeab47ed6ca1a1b2890343d7a99fd4%2Fweb%2Fwp-admin%2Fimages HTTP/1.1" 200 4889 "-" "Mozilla/5.0 AppleWebKit/537.36 (KHTML, like Gecko; compatible; ClaudeBot/1.0; +claudebot@anthropic.com)" cityapartments.ch
74.7.227.35 - - [06/Jul/2026:00:23:48 +0200] "GET /index.php?loknya=/home/clients/9feeab47ed6ca1a1b2890343d7a99fd4/web/well-known/acme-challenge/h/a/f/h HTTP/1.1" 200 2232 "https://www.cityapartments.ch/index.php?loknya=/home/clients/9feeab47ed6ca1a1b2890343d7a99fd4/web/well-known/acme-challenge/h/a/f" "Mozilla/5.0 AppleWebKit/537.36 (KHTML, like Gecko; compatible; GPTBot/1.4; +https://openai.com/gptbot)" cityapartments.ch
216.73.217.114 - - [06/Jul/2026:00:23:50 +0200] "GET /index.php?lokasie=%2Fhome%2Fclients%2F9feeab47ed6ca1a1b2890343d7a99fd4%2Ftmp%2Fsess_55f4015231aa42144ebad3d59f3b16f0&loknya=%2Fhome%2Fclients%2F9feeab47ed6ca1a1b2890343d7a99fd4%2Ftmp HTTP/1.1" 200 1799 "-" "Mozilla/5.0 AppleWebKit/537.36 (KHTML, like Gecko; compatible; ClaudeBot/1.0; +claudebot@anthropic.com)" cityapartments.ch
74.7.227.35 - - [06/Jul/2026:00:23:51 +0200] "GET /index.php?loknya=/home/lients/9feeab47ed6a1a1b2890343d7a99fd4/web/well-known/ame-hallenge/h/e/b HTTP/1.1" 200 2028 "https://www.cityapartments.ch/index.php?loknya=/home/lients/9feeab47ed6a1a1b2890343d7a99fd4/web/well-known/ame-hallenge/h/e/b/" "Mozilla/5.0 AppleWebKit/537.36 (KHTML, like Gecko; compatible; GPTBot/1.4; +https://openai.com/gptbot)" cityapartments.ch
66.249.73.170 - - [06/Jul/2026:00:23:51 +0200] "GET /m/trick11699120.htm HTTP/1.1" 404 991 "-" "Mozilla/5.0 (Linux; Android 6.0.1; Nexus 5X Build/MMB29P) AppleWebKit/537.36 (KHTML, like Gecko) Chrome/150.0.7871.46 Mobile Safari/537.36 (compatible; Googlebot/2.1; +http://www.google.com/bot.html)" cityapartments.ch
216.73.217.114 - - [06/Jul/2026:00:23:53 +0200] "GET /index.php?lokasie=%2Fhome%2Fclients%2F9feeab47ed6ca1a1b2890343d7a99fd4%2Ftmp%2Fda39a3ee5e6b4b0d3255bfef95601890afd80709LSLBwO&loknya=%2Fhome%2Fclients%2F9feeab47ed6ca1a1b2890343d7a99fd4%2Ftmp HTTP/1.1" 200 1760 "-" "Mozilla/5.0 AppleWebKit/537.36 (KHTML, like Gecko; compatible; ClaudeBot/1.0; +claudebot@anthropic.com)" cityapartments.ch
74.7.227.35 - - [06/Jul/2026:00:23:54 +0200] "GET /index.php?loknya=/home/clients/9feeab47ed6ca1a1b2890343d7a99fd4/web/well-known/acme-challenge/h/a/f/a HTTP/1.1" 200 2237 "https://www.cityapartments.ch/index.php?loknya=/home/clients/9feeab47ed6ca1a1b2890343d7a99fd4/web/well-known/acme-challenge/h/a/f" "Mozilla/5.0 AppleWebKit/537.36 (KHTML, like Gecko; compatible; GPTBot/1.4; +https://openai.com/gptbot)" cityapartments.ch
216.73.217.114 - - [06/Jul/2026:00:23:56 +0200] "GET /index.php?lokasie=%2Fhome%2Fclients%2F9feeab47ed6ca1a1b2890343d7a99fd4%2Fweb%2Fwp-admin%2Fimages%2Fabout-release-badge.svg&loknya=%2Fhome%2Fclients%2F9feeab47ed6ca1a1b2890343d7a99fd4%2Fweb%2Fwp-admin%2Fimages HTTP/1.1" 200 3635 "-" "Mozilla/5.0 AppleWebKit/537.36 (KHTML, like Gecko; compatible; ClaudeBot/1.0; +claudebot@anthropic.com)" cityapartments.ch
66.249.73.170 - - [06/Jul/2026:00:23:55 +0200] "GET /m/color80301639.htm HTTP/1.1" 404 991 "-" "Mozilla/5.0 (Linux; Android 6.0.1; Nexus 5X Build/MMB29P) AppleWebKit/537.36 (KHTML, like Gecko) Chrome/150.0.7871.46 Mobile Safari/537.36 (compatible; Googlebot/2.1; +http://www.google.com/bot.html)" cityapartments.ch
66.249.73.170 - - [06/Jul/2026:00:23:57 +0200] "GET /m/costl41207459.htm HTTP/1.1" 404 991 "-" "Mozilla/5.0 (Linux; Android 6.0.1; Nexus 5X Build/MMB29P) AppleWebKit/537.36 (KHTML, like Gecko) Chrome/150.0.7871.46 Mobile Safari/537.36 (compatible; Googlebot/2.1; +http://www.google.com/bot.html)" cityapartments.ch
74.7.227.35 - - [06/Jul/2026:00:23:57 +0200] "GET /index.php?loknya=/home/clients/9feeab47ed6ca1a1b2890343d7a99fd4/web/well-known/acme-challenge/h/a/f/b HTTP/1.1" 200 2234 "https://www.cityapartments.ch/index.php?loknya=/home/clients/9feeab47ed6ca1a1b2890343d7a99fd4/web/well-known/acme-challenge/h/a/f" "Mozilla/5.0 AppleWebKit/537.36 (KHTML, like Gecko; compatible; GPTBot/1.4; +https://openai.com/gptbot)" cityapartments.ch
216.73.217.114 - - [06/Jul/2026:00:23:59 +0200] "GET /index.php?lokasie=%2Fhome%2Fclients%2F9feeab47ed6ca1a1b2890343d7a99fd4%2Fweb%2Fwp-admin%2Fimages%2Fresize-rtl-2x.gif&loknya=%2Fhome%2Fclients%2F9feeab47ed6ca1a1b2890343d7a99fd4%2Fweb%2Fwp-admin%2Fimages HTTP/1.1" 200 1761 "-" "Mozilla/5.0 AppleWebKit/537.36 (KHTML, like Gecko; compatible; ClaudeBot/1.0; +claudebot@anthropic.com)" cityapartments.ch
74.7.227.35 - - [06/Jul/2026:00:24:01 +0200] "GET /index.php?loknya=/home/clients/9feeab47e6ca1a1b28903437a99f4/web/well-known/acme-challenge/h/e/b/ HTTP/1.1" 200 2030 "https://www.cityapartments.ch/index.php?loknya=/home/clients/9feeab47ed6ca1a1b2890343d7a99fd4/web/well-known/acme-challenge/h/e/b/d" "Mozilla/5.0 AppleWebKit/537.36 (KHTML, like Gecko; compatible; GPTBot/1.4; +https://openai.com/gptbot)" cityapartments.ch
216.73.217.114 - - [06/Jul/2026:00:24:02 +0200] "GET /index.php?lokasie=%2Fhome%2Fclients%2F9feeab47ed6ca1a1b2890343d7a99fd4%2Ftmp%2Fsess_31346f098d10c2366cac488461fca8ad&loknya=%2Fhome%2Fclients%2F9feeab47ed6ca1a1b2890343d7a99fd4%2Ftmp HTTP/1.1" 200 1799 "-" "Mozilla/5.0 AppleWebKit/537.36 (KHTML, like Gecko; compatible; ClaudeBot/1.0; +claudebot@anthropic.com)" cityapartments.ch
66.249.73.170 - - [06/Jul/2026:00:24:03 +0200] "GET /m/cry61712101.htm HTTP/1.1" 404 991 "-" "Mozilla/5.0 (Linux; Android 6.0.1; Nexus 5X Build/MMB29P) AppleWebKit/537.36 (KHTML, like Gecko) Chrome/150.0.7871.46 Mobile Safari/537.36 (compatible; Googlebot/2.1; +http://www.google.com/bot.html)" cityapartments.ch
74.7.227.35 - - [06/Jul/2026:00:24:04 +0200] "GET /index.php?loknya=/home/clients/9feeab47ed6ca1a1b2890343d7a99fd4/web/well-known/acme-challenge/h/a/f/k HTTP/1.1" 200 2229 "https://www.cityapartments.ch/index.php?loknya=/home/clients/9feeab47ed6ca1a1b2890343d7a99fd4/web/well-known/acme-challenge/h/a/f" "Mozilla/5.0 AppleWebKit/537.36 (KHTML, like Gecko; compatible; GPTBot/1.4; +https://openai.com/gptbot)" cityapartments.ch
216.73.217.114 - - [06/Jul/2026:00:24:05 +0200] "GET /index.php?lokasie=%2Fhome%2Fclients%2F9feeab47ed6ca1a1b2890343d7a99fd4%2Fweb%2Fimages%2Fimages%2Fcache.php&loknya=%2Fhome%2Fclients%2F9feeab47ed6ca1a1b2890343d7a99fd4%2Fweb%2Fimages%2Fimages HTTP/1.1" 200 6285 "-" "Mozilla/5.0 AppleWebKit/537.36 (KHTML, like Gecko; compatible; ClaudeBot/1.0; +claudebot@anthropic.com)" cityapartments.ch
74.7.227.35 - - [06/Jul/2026:00:24:07 +0200] "GET /index.php?loknya=/home/clients/9feeab47ed6ca1a1b2890343d7a99fd4/web/well-known/acme-challenge/h/a/f/i HTTP/1.1" 200 2228 "https://www.cityapartments.ch/index.php?loknya=/home/clients/9feeab47ed6ca1a1b2890343d7a99fd4/web/well-known/acme-challenge/h/a/f" "Mozilla/5.0 AppleWebKit/537.36 (KHTML, like Gecko; compatible; GPTBot/1.4; +https://openai.com/gptbot)" cityapartments.ch
74.7.227.35 - - [06/Jul/2026:00:24:10 +0200] "GET /index.php?loknya=/hom/clints/9fb476c11b2890343799f4/wb/wll-known/cm-chllng/h HTTP/1.1" 200 1998 "https://www.cityapartments.ch/index.php?loknya=/hom/clints/9fb476c11b2890343799f4/wb/wll-known/cm-chllng/h/" "Mozilla/5.0 AppleWebKit/537.36 (KHTML, like Gecko; compatible; GPTBot/1.4; +https://openai.com/gptbot)" cityapartments.ch
216.73.217.114 - - [06/Jul/2026:00:24:10 +0200] "GET /index.php?lokasie=%2Fhome%2Fclients%2F9feeab47ed6ca1a1b2890343d7a99fd4%2Fweb%2Fwp-content%2FconfigTSC%2Fpasswd.txt&loknya=%2Fhome%2Fclients%2F9feeab47ed6ca1a1b2890343d7a99fd4%2Fweb%2Fwp-content%2FconfigTSC HTTP/1.1" 200 2624 "-" "Mozilla/5.0 AppleWebKit/537.36 (KHTML, like Gecko; compatible; ClaudeBot/1.0; +claudebot@anthropic.com)" cityapartments.ch
66.249.73.171 - - [06/Jul/2026:00:24:11 +0200] "GET /m/house81848167.htm HTTP/1.1" 404 991 "-" "Mozilla/5.0 (Linux; Android 6.0.1; Nexus 5X Build/MMB29P) AppleWebKit/537.36 (KHTML, like Gecko) Chrome/150.0.7871.46 Mobile Safari/537.36 (compatible; Googlebot/2.1; +http://www.google.com/bot.html)" cityapartments.ch
216.73.217.114 - - [06/Jul/2026:00:24:13 +0200] "GET /index.php?lokasie=%2Fhome%2Fclients%2F9feeab47ed6ca1a1b2890343d7a99fd4%2Fweb%2Fwp-admin%2Fimages%2Fmedia-button.png&loknya=%2Fhome%2Fclients%2F9feeab47ed6ca1a1b2890343d7a99fd4%2Fweb%2Fwp-admin%2Fimages HTTP/1.1" 200 1758 "-" "Mozilla/5.0 AppleWebKit/537.36 (KHTML, like Gecko; compatible; ClaudeBot/1.0; +claudebot@anthropic.com)" cityapartments.ch
74.7.227.35 - - [06/Jul/2026:00:24:13 +0200] "GET /index.php?loknya=/home/clients/9feeab47ed6ca1a1b2890343d7a99fd4/web/well-known/acme-challenge/h/e/b/i HTTP/1.1" 200 2230 "https://www.cityapartments.ch/index.php?loknya=/home/clients/9feeab47ed6ca1a1b2890343d7a99fd4/web/well-known/acme-challenge/h/e/b" "Mozilla/5.0 AppleWebKit/537.36 (KHTML, like Gecko; compatible; GPTBot/1.4; +https://openai.com/gptbot)" cityapartments.ch
216.73.217.114 - - [06/Jul/2026:00:24:16 +0200] "GET /index.php?lokasie=%2Fhome%2Fclients%2F9feeab47ed6ca1a1b2890343d7a99fd4%2Ftmp%2Fda39a3ee5e6b4b0d3255bfef95601890afd80709TZlv3b&loknya=%2Fhome%2Fclients%2F9feeab47ed6ca1a1b2890343d7a99fd4%2Ftmp HTTP/1.1" 200 1761 "-" "Mozilla/5.0 AppleWebKit/537.36 (KHTML, like Gecko; compatible; ClaudeBot/1.0; +claudebot@anthropic.com)" cityapartments.ch
74.7.227.35 - - [06/Jul/2026:00:24:16 +0200] "GET /index.php?loknya=/home/clients/9feeab47ed6ca1a1b2890343d7a99fd4/web/well-known/acme-challenge/h/e/b/e HTTP/1.1" 200 2246 "https://www.cityapartments.ch/index.php?loknya=/home/clients/9feeab47ed6ca1a1b2890343d7a99fd4/web/well-known/acme-challenge/h/e/b" "Mozilla/5.0 AppleWebKit/537.36 (KHTML, like Gecko; compatible; GPTBot/1.4; +https://openai.com/gptbot)" cityapartments.ch
66.249.73.170 - - [06/Jul/2026:00:24:18 +0200] "GET /m/nod62725069.htm HTTP/1.1" 404 991 "-" "Mozilla/5.0 (Linux; Android 6.0.1; Nexus 5X Build/MMB29P) AppleWebKit/537.36 (KHTML, like Gecko) Chrome/150.0.7871.46 Mobile Safari/537.36 (compatible; Googlebot/2.1; +http://www.google.com/bot.html)" cityapartments.ch
216.73.217.114 - - [06/Jul/2026:00:24:19 +0200] "GET /index.php?lokasie=%2Fhome%2Fclients%2F9feeab47ed6ca1a1b2890343d7a99fd4%2Ftmp%2Fsess_34d94b05fbd5e1e6249440e12921608b&loknya=%2Fhome%2Fclients%2F9feeab47ed6ca1a1b2890343d7a99fd4%2Ftmp HTTP/1.1" 200 1821 "-" "Mozilla/5.0 AppleWebKit/537.36 (KHTML, like Gecko; compatible; ClaudeBot/1.0; +claudebot@anthropic.com)" cityapartments.ch
74.7.227.35 - - [06/Jul/2026:00:24:20 +0200] "GET /index.php?loknya=/ome/clients/9feeab47ed6ca1a1b2890343d7a99fd4/web/well-known/acme-callenge/e/b/ HTTP/1.1" 200 2024 "https://www.cityapartments.ch/index.php?loknya=/home/clients/9feeab47ed6ca1a1b2890343d7a99fd4/web/well-known/acme-challenge/h/e/b/h" "Mozilla/5.0 AppleWebKit/537.36 (KHTML, like Gecko; compatible; GPTBot/1.4; +https://openai.com/gptbot)" cityapartments.ch
216.73.217.114 - - [06/Jul/2026:00:24:22 +0200] "GET /index.php?lokasie=%2Fhome%2Fclients%2F9feeab47ed6ca1a1b2890343d7a99fd4%2Fweb%2Fwp-admin%2Fimages%2Fmenu-2x.png&loknya=%2Fhome%2Fclients%2F9feeab47ed6ca1a1b2890343d7a99fd4%2Fweb%2Fwp-admin%2Fimages HTTP/1.1" 200 1757 "-" "Mozilla/5.0 AppleWebKit/537.36 (KHTML, like Gecko; compatible; ClaudeBot/1.0; +claudebot@anthropic.com)" cityapartments.ch
74.7.227.35 - - [06/Jul/2026:00:24:23 +0200] "GET /index.php?loknya=/home/clients/9feeab47ed6ca1a1b2890343d7a99fd4/web/well-known/acme-challenge/h/e/b/a HTTP/1.1" 200 2241 "https://www.cityapartments.ch/index.php?loknya=/home/clients/9feeab47ed6ca1a1b2890343d7a99fd4/web/well-known/acme-challenge/h/e/b" "Mozilla/5.0 AppleWebKit/537.36 (KHTML, like Gecko; compatible; GPTBot/1.4; +https://openai.com/gptbot)" cityapartments.ch
66.249.73.170 - - [06/Jul/2026:00:24:24 +0200] "GET /m/here70824214.htm HTTP/1.1" 404 991 "-" "Mozilla/5.0 (Linux; Android 6.0.1; Nexus 5X Build/MMB29P) AppleWebKit/537.36 (KHTML, like Gecko) Chrome/150.0.7871.46 Mobile Safari/537.36 (compatible; Googlebot/2.1; +http://www.google.com/bot.html)" cityapartments.ch
216.73.217.114 - - [06/Jul/2026:00:24:25 +0200] "GET /index.php?lokasie=%2Fhome%2Fclients%2F9feeab47ed6ca1a1b2890343d7a99fd4%2Fweb%2Fwp-admin%2Fimages%2Fbubble_bg-2x.gif&loknya=%2Fhome%2Fclients%2F9feeab47ed6ca1a1b2890343d7a99fd4%2Fweb%2Fwp-admin%2Fimages HTTP/1.1" 200 1762 "-" "Mozilla/5.0 AppleWebKit/537.36 (KHTML, like Gecko; compatible; ClaudeBot/1.0; +claudebot@anthropic.com)" cityapartments.ch
74.7.227.35 - - [06/Jul/2026:00:24:26 +0200] "GET /index.php?loknya=/home/clients/9feeab47ed6ca1a1b2890343d7a99fd4/web/well-known/acme-challenge/h/e/b/g HTTP/1.1" 200 2230 "https://www.cityapartments.ch/index.php?loknya=/home/clients/9feeab47ed6ca1a1b2890343d7a99fd4/web/well-known/acme-challenge/h/e/b" "Mozilla/5.0 AppleWebKit/537.36 (KHTML, like Gecko; compatible; GPTBot/1.4; +https://openai.com/gptbot)" cityapartments.ch
216.73.217.114 - - [06/Jul/2026:00:24:28 +0200] "GET /index.php?lokasie=%2Fhome%2Fclients%2F9feeab47ed6ca1a1b2890343d7a99fd4%2Ftmp%2Fsess_cfcb37cb90af1c00d469d462bd566241&loknya=%2Fhome%2Fclients%2F9feeab47ed6ca1a1b2890343d7a99fd4%2Ftmp HTTP/1.1" 200 1800 "-" "Mozilla/5.0 AppleWebKit/537.36 (KHTML, like Gecko; compatible; ClaudeBot/1.0; +claudebot@anthropic.com)" cityapartments.ch
74.7.227.35 - - [06/Jul/2026:00:24:29 +0200] "GET /index.php?loknya=/home/clients/9feeab47ed6ca1a1b2890343d7a99fd4/web/well-known/acme-challenge/h/a/d/g HTTP/1.1" 200 2228 "https://www.cityapartments.ch/index.php?loknya=/home/clients/9feeab47ed6ca1a1b2890343d7a99fd4/web/well-known/acme-challenge/h/a/d" "Mozilla/5.0 AppleWebKit/537.36 (KHTML, like Gecko; compatible; GPTBot/1.4; +https://openai.com/gptbot)" cityapartments.ch
216.73.217.114 - - [06/Jul/2026:00:24:31 +0200] "GET /index.php?lokasie=%2Fhome%2Fclients%2F9feeab47ed6ca1a1b2890343d7a99fd4%2Fweb%2Fwp-admin%2Fimages%2Falign-none-2x.png&loknya=%2Fhome%2Fclients%2F9feeab47ed6ca1a1b2890343d7a99fd4%2Fweb%2Fwp-admin%2Fimages HTTP/1.1" 200 1760 "-" "Mozilla/5.0 AppleWebKit/537.36 (KHTML, like Gecko; compatible; ClaudeBot/1.0; +claudebot@anthropic.com)" cityapartments.ch
66.249.73.170 - - [06/Jul/2026:00:24:31 +0200] "GET /m/laund20406345.htm HTTP/1.1" 404 991 "-" "Mozilla/5.0 (Linux; Android 6.0.1; Nexus 5X Build/MMB29P) AppleWebKit/537.36 (KHTML, like Gecko) Chrome/150.0.7871.46 Mobile Safari/537.36 (compatible; Googlebot/2.1; +http://www.google.com/bot.html)" cityapartments.ch
74.7.227.35 - - [06/Jul/2026:00:24:33 +0200] "GET /index.php?loknya=/home/clients/9feea47ed6ca1a12890343d7a99fd4/we/well-known/acme-challenge/h/a/f/ HTTP/1.1" 200 2031 "https://www.cityapartments.ch/index.php?loknya=/home/clients/9feeab47ed6ca1a1b2890343d7a99fd4/web/well-known/acme-challenge/h/a/f/b" "Mozilla/5.0 AppleWebKit/537.36 (KHTML, like Gecko; compatible; GPTBot/1.4; +https://openai.com/gptbot)" cityapartments.ch
216.73.217.114 - - [06/Jul/2026:00:24:34 +0200] "GET /index.php?lokasie=%2Fhome%2Fclients%2F9feeab47ed6ca1a1b2890343d7a99fd4%2Fweb%2Fwp-admin%2Fimages%2Ffreedom-4.svg&loknya=%2Fhome%2Fclients%2F9feeab47ed6ca1a1b2890343d7a99fd4%2Fweb%2Fwp-admin%2Fimages HTTP/1.1" 200 3056 "-" "Mozilla/5.0 AppleWebKit/537.36 (KHTML, like Gecko; compatible; ClaudeBot/1.0; +claudebot@anthropic.com)" cityapartments.ch
74.7.227.35 - - [06/Jul/2026:00:24:36 +0200] "GET /index.php?loknya=/home/clients/9eea47ed6ca1a12890343d7a99d4/we/well-known/acme-challenge/h/e/ HTTP/1.1" 200 2034 "https://www.cityapartments.ch/index.php?loknya=/home/clients/9eeab47ed6ca1a1b2890343d7a99d4/web/well-known/acme-challenge/h/e/b/" "Mozilla/5.0 AppleWebKit/537.36 (KHTML, like Gecko; compatible; GPTBot/1.4; +https://openai.com/gptbot)" cityapartments.ch
216.73.217.114 - - [06/Jul/2026:00:24:37 +0200] "GET /index.php?lokasie=%2Fhome%2Fclients%2F9feeab47ed6ca1a1b2890343d7a99fd4%2Ftmp%2Fsess_ae57f4ea333c5e631983689ebf1989ce&loknya=%2Fhome%2Fclients%2F9feeab47ed6ca1a1b2890343d7a99fd4%2Ftmp HTTP/1.1" 200 4776 "-" "Mozilla/5.0 AppleWebKit/537.36 (KHTML, like Gecko; compatible; ClaudeBot/1.0; +claudebot@anthropic.com)" cityapartments.ch
66.249.76.167 - - [06/Jul/2026:00:24:37 +0200] "GET /m/indig21083609.htm HTTP/1.1" 404 991 "-" "Mozilla/5.0 (Linux; Android 6.0.1; Nexus 5X Build/MMB29P) AppleWebKit/537.36 (KHTML, like Gecko) Chrome/150.0.7871.46 Mobile Safari/537.36 (compatible; Googlebot/2.1; +http://www.google.com/bot.html)" cityapartments.ch
74.7.227.35 - - [06/Jul/2026:00:24:39 +0200] "GET /index.php?loknya=/home/clients/9feeab47ed6ca1a1b2890343d7a99fd4/web/well-nown/acme-challenge/h/a/f/ HTTP/1.1" 200 2032 "https://www.cityapartments.ch/index.php?loknya=/home/clients/9feeab47ed6ca1a1b2890343d7a99fd4/web/well-known/acme-challenge/h/a/f/k" "Mozilla/5.0 AppleWebKit/537.36 (KHTML, like Gecko; compatible; GPTBot/1.4; +https://openai.com/gptbot)" cityapartments.ch
216.73.217.114 - - [06/Jul/2026:00:24:40 +0200] "GET /index.php?lokasie=%2Fhome%2Fclients%2F9feeab47ed6ca1a1b2890343d7a99fd4%2Fweb%2Fwp-admin%2Fimages%2Fmenu-vs-2x.png&loknya=%2Fhome%2Fclients%2F9feeab47ed6ca1a1b2890343d7a99fd4%2Fweb%2Fwp-admin%2Fimages HTTP/1.1" 200 1759 "-" "Mozilla/5.0 AppleWebKit/537.36 (KHTML, like Gecko; compatible; ClaudeBot/1.0; +claudebot@anthropic.com)" cityapartments.ch
66.249.73.170 - - [06/Jul/2026:00:24:42 +0200] "GET /m/likew60455413.htm HTTP/1.1" 404 991 "-" "Mozilla/5.0 (Linux; Android 6.0.1; Nexus 5X Build/MMB29P) AppleWebKit/537.36 (KHTML, like Gecko) Chrome/150.0.7871.46 Mobile Safari/537.36 (compatible; Googlebot/2.1; +http://www.google.com/bot.html)" cityapartments.ch
74.7.227.35 - - [06/Jul/2026:00:24:42 +0200] "GET /index.php?loknya=/home/clents/9feeab47ed6ca1a1b2890343d7a99fd4/web/well-known/acme-challenge/h/a/d/ HTTP/1.1" 200 2033 "https://www.cityapartments.ch/index.php?loknya=/home/clients/9feeab47ed6ca1a1b2890343d7a99fd4/web/well-known/acme-challenge/h/a/d/i" "Mozilla/5.0 AppleWebKit/537.36 (KHTML, like Gecko; compatible; GPTBot/1.4; +https://openai.com/gptbot)" cityapartments.ch
216.73.217.114 - - [06/Jul/2026:00:24:43 +0200] "GET /index.php?lokasie=%2Fhome%2Fclients%2F9feeab47ed6ca1a1b2890343d7a99fd4%2Fweb%2Fwp-admin%2Fimages%2Ffreedom-3.svg&loknya=%2Fhome%2Fclients%2F9feeab47ed6ca1a1b2890343d7a99fd4%2Fweb%2Fwp-admin%2Fimages HTTP/1.1" 200 2404 "-" "Mozilla/5.0 AppleWebKit/537.36 (KHTML, like Gecko; compatible; ClaudeBot/1.0; +claudebot@anthropic.com)" cityapartments.ch
66.249.73.170 - - [06/Jul/2026:00:24:45 +0200] "GET /m/our81620967.htm HTTP/1.1" 404 991 "-" "Mozilla/5.0 (Linux; Android 6.0.1; Nexus 5X Build/MMB29P) AppleWebKit/537.36 (KHTML, like Gecko) Chrome/150.0.7871.46 Mobile Safari/537.36 (compatible; Googlebot/2.1; +http://www.google.com/bot.html)" cityapartments.ch
74.7.227.35 - - [06/Jul/2026:00:24:45 +0200] "GET /index.php?loknya=/home/clents/9feeab47ed6ca1a1b2890343d7a99fd4/web/well-known/acme-challenge/h/a/f/ HTTP/1.1" 200 2032 "https://www.cityapartments.ch/index.php?loknya=/home/clients/9feeab47ed6ca1a1b2890343d7a99fd4/web/well-known/acme-challenge/h/a/f/i" "Mozilla/5.0 AppleWebKit/537.36 (KHTML, like Gecko; compatible; GPTBot/1.4; +https://openai.com/gptbot)" cityapartments.ch
216.73.217.114 - - [06/Jul/2026:00:24:46 +0200] "GET /index.php?lokasie=%2Fhome%2Fclients%2F9feeab47ed6ca1a1b2890343d7a99fd4%2Fweb%2Fwp-admin%2Fimages%2Fcomment-grey-bubble-2x.png&loknya=%2Fhome%2Fclients%2F9feeab47ed6ca1a1b2890343d7a99fd4%2Fweb%2Fwp-admin%2Fimages HTTP/1.1" 200 1767 "-" "Mozilla/5.0 AppleWebKit/537.36 (KHTML, like Gecko; compatible; ClaudeBot/1.0; +claudebot@anthropic.com)" cityapartments.ch
74.7.227.35 - - [06/Jul/2026:00:24:48 +0200] "GET /index.php?loknya=/home/clents/9feeab47ed6ca1a1b2890343d7a99fd4/web/well-known/acme-challenge/h/e/b/ HTTP/1.1" 200 2030 "https://www.cityapartments.ch/index.php?loknya=/home/clients/9feeab47ed6ca1a1b2890343d7a99fd4/web/well-known/acme-challenge/h/e/b/i" "Mozilla/5.0 AppleWebKit/537.36 (KHTML, like Gecko; compatible; GPTBot/1.4; +https://openai.com/gptbot)" cityapartments.ch
216.73.217.114 - - [06/Jul/2026:00:24:49 +0200] "GET /index.php?lokasie=%2Fhome%2Fclients%2F9feeab47ed6ca1a1b2890343d7a99fd4%2Ftmp%2Fsess_63452b099ea7e88051c47e90f90e0c71&loknya=%2Fhome%2Fclients%2F9feeab47ed6ca1a1b2890343d7a99fd4%2Ftmp HTTP/1.1" 200 1820 "-" "Mozilla/5.0 AppleWebKit/537.36 (KHTML, like Gecko; compatible; ClaudeBot/1.0; +claudebot@anthropic.com)" cityapartments.ch
74.7.227.35 - - [06/Jul/2026:00:24:51 +0200] "GET /index.php?loknya=/home/lients/9feeab47ed6a1a1b2890343d7a99fd4/web/well-known/ame-hallenge/h/a/d HTTP/1.1" 200 2027 "https://www.cityapartments.ch/index.php?loknya=/home/lients/9feeab47ed6a1a1b2890343d7a99fd4/web/well-known/ame-hallenge/h/a/d/" "Mozilla/5.0 AppleWebKit/537.36 (KHTML, like Gecko; compatible; GPTBot/1.4; +https://openai.com/gptbot)" cityapartments.ch
216.73.217.114 - - [06/Jul/2026:00:24:52 +0200] "GET /index.php?lokasie=%2Fhome%2Fclients%2F9feeab47ed6ca1a1b2890343d7a99fd4%2Fweb%2Fwp-admin%2Fimages%2Falign-right.png&loknya=%2Fhome%2Fclients%2F9feeab47ed6ca1a1b2890343d7a99fd4%2Fweb%2Fwp-admin%2Fimages HTTP/1.1" 200 1759 "-" "Mozilla/5.0 AppleWebKit/537.36 (KHTML, like Gecko; compatible; ClaudeBot/1.0; +claudebot@anthropic.com)" cityapartments.ch
74.7.227.35 - - [06/Jul/2026:00:24:54 +0200] "GET /index.php?loknya=/home/lients/9feeab47ed6a1a1b2890343d7a99fd4/web/well-known/ame-hallenge/h/a/f HTTP/1.1" 200 2025 "https://www.cityapartments.ch/index.php?loknya=/home/lients/9feeab47ed6a1a1b2890343d7a99fd4/web/well-known/ame-hallenge/h/a/f/" "Mozilla/5.0 AppleWebKit/537.36 (KHTML, like Gecko; compatible; GPTBot/1.4; +https://openai.com/gptbot)" cityapartments.ch
66.249.76.167 - - [06/Jul/2026:00:24:54 +0200] "GET /m/gramm50372948.htm HTTP/1.1" 404 991 "-" "Mozilla/5.0 (Linux; Android 6.0.1; Nexus 5X Build/MMB29P) AppleWebKit/537.36 (KHTML, like Gecko) Chrome/150.0.7871.46 Mobile Safari/537.36 (compatible; Googlebot/2.1; +http://www.google.com/bot.html)" cityapartments.ch
74.7.227.35 - - [06/Jul/2026:00:24:58 +0200] "GET /index.php?loknya=/home/clients/9eeab47e6ca1a1b28903437a994/web/well-known/acme-challenge/h/a/ HTTP/1.1" 200 2026 "https://www.cityapartments.ch/index.php?loknya=/home/clients/9eeab47ed6ca1a1b2890343d7a99d4/web/well-known/acme-challenge/h/a/d/" "Mozilla/5.0 AppleWebKit/537.36 (KHTML, like Gecko; compatible; GPTBot/1.4; +https://openai.com/gptbot)" cityapartments.ch
114.119.159.17 - - [06/Jul/2026:00:24:58 +0200] "GET /?loknya=/home/clients/9feeab47ed6ca1a1b2890343d7a99fd4/web/wp-content/plugins/one-click-demo-import/assets/demo-content HTTP/1.1" 200 2671 "http://cityapartments.ch/?loknya=/home/clients/9feeab47ed6ca1a1b2890343d7a99fd4/web/wp-content/plugins/one-click-demo-import/assets" "Mozilla/5.0 (Linux; Android 7.0;) AppleWebKit/537.36 (HTML, like Gecko) Mobile Safari/537.36 (compatible; PetalBot;+https://webmaster.petalsearch.com/site/petalbot)" cityapartments.ch
216.73.217.114 - - [06/Jul/2026:00:24:56 +0200] "GET /m/sunri81247671.htm?lokasie=%2Fhome%2Fclients%2F9feeab47ed6ca1a1b2890343d7a99fd4%2Fweb%2Fwp-blog-header.php&loknya=%2Fhome%2Fclients%2F9feeab47ed6ca1a1b2890343d7a99fd4%2Fweb HTTP/1.1" 404 991 "-" "Mozilla/5.0 AppleWebKit/537.36 (KHTML, like Gecko; compatible; ClaudeBot/1.0; +claudebot@anthropic.com)" cityapartments.ch
216.73.217.114 - - [06/Jul/2026:00:24:58 +0200] "GET /m/pitch71890910.htm?lokasie=%2Fhome%2Fclients%2F9feeab47ed6ca1a1b2890343d7a99fd4%2Fweb%2Fwp-login.php&loknya=%2Fhome%2Fclients%2F9feeab47ed6ca1a1b2890343d7a99fd4%2Fweb HTTP/1.1" 404 991 "-" "Mozilla/5.0 AppleWebKit/537.36 (KHTML, like Gecko; compatible; ClaudeBot/1.0; +claudebot@anthropic.com)" cityapartments.ch
66.249.73.171 - - [06/Jul/2026:00:25:01 +0200] "GET /m/heigh22200129.htm HTTP/1.1" 404 991 "-" "Mozilla/5.0 (Linux; Android 6.0.1; Nexus 5X Build/MMB29P) AppleWebKit/537.36 (KHTML, like Gecko) Chrome/150.0.7871.46 Mobile Safari/537.36 (compatible; Googlebot/2.1; +http://www.google.com/bot.html)" cityapartments.ch
74.7.227.35 - - [06/Jul/2026:00:25:01 +0200] "GET /index.php?loknya=/home/clients/9feeab47ed6ca1a1b2890343d7a99fd4/web/well-known/acme-challene/h/e/b/ HTTP/1.1" 200 2030 "https://www.cityapartments.ch/index.php?loknya=/home/clients/9feeab47ed6ca1a1b2890343d7a99fd4/web/well-known/acme-challenge/h/e/b/g" "Mozilla/5.0 AppleWebKit/537.36 (KHTML, like Gecko; compatible; GPTBot/1.4; +https://openai.com/gptbot)" cityapartments.ch
74.7.227.35 - - [06/Jul/2026:00:25:04 +0200] "GET /index.php?loknya=/home/clients/9feeab47ed6ca1a1b2890343d7a99fd4/web/well-known/acme-challene/h/a/d/ HTTP/1.1" 200 2035 "https://www.cityapartments.ch/index.php?loknya=/home/clients/9feeab47ed6ca1a1b2890343d7a99fd4/web/well-known/acme-challenge/h/a/d/g" "Mozilla/5.0 AppleWebKit/537.36 (KHTML, like Gecko; compatible; GPTBot/1.4; +https://openai.com/gptbot)" cityapartments.ch
66.249.76.167 - - [06/Jul/2026:00:25:05 +0200] "GET /m/avow60079821.htm HTTP/1.1" 404 991 "-" "Mozilla/5.0 (Linux; Android 6.0.1; Nexus 5X Build/MMB29P) AppleWebKit/537.36 (KHTML, like Gecko) Chrome/150.0.7871.46 Mobile Safari/537.36 (compatible; Googlebot/2.1; +http://www.google.com/bot.html)" cityapartments.ch
74.7.227.35 - - [06/Jul/2026:00:25:07 +0200] "GET /index.php?loknya=/home/clients/9eea47ed6ca1a12890343d7a99d4/we/well-known/acme-challenge/h/a/ HTTP/1.1" 200 2028 "https://www.cityapartments.ch/index.php?loknya=/home/clients/9feea47ed6ca1a12890343d7a99fd4/we/well-known/acme-challenge/h/a/f/" "Mozilla/5.0 AppleWebKit/537.36 (KHTML, like Gecko; compatible; GPTBot/1.4; +https://openai.com/gptbot)" cityapartments.ch
216.73.217.114 - - [06/Jul/2026:00:25:01 +0200] "GET /m/luck41104579.htm?lokasie=%2Fhome%2Fclients%2F9feeab47ed6ca1a1b2890343d7a99fd4%2Fweb%2Fwp-links-opml.php&loknya=%2Fhome%2Fclients%2F9feeab47ed6ca1a1b2890343d7a99fd4%2Fweb HTTP/1.1" 404 991 "-" "Mozilla/5.0 AppleWebKit/537.36 (KHTML, like Gecko; compatible; ClaudeBot/1.0; +claudebot@anthropic.com)" cityapartments.ch
216.73.217.114 - - [06/Jul/2026:00:25:04 +0200] "GET /m/chaos60203669.htm?lokasie=%2Fhome%2Fclients%2F9feeab47ed6ca1a1b2890343d7a99fd4%2Fweb%2Fwp-cron.php&loknya=%2Fhome%2Fclients%2F9feeab47ed6ca1a1b2890343d7a99fd4%2Fweb HTTP/1.1" 404 991 "-" "Mozilla/5.0 AppleWebKit/537.36 (KHTML, like Gecko; compatible; ClaudeBot/1.0; +claudebot@anthropic.com)" cityapartments.ch
216.73.217.114 - - [06/Jul/2026:00:25:07 +0200] "GET /index.php?lokasie=%2Fhome%2Fclients%2F9feeab47ed6ca1a1b2890343d7a99fd4%2Fweb%2Fwp-admin%2Fimages%2Fno.png&loknya=%2Fhome%2Fclients%2F9feeab47ed6ca1a1b2890343d7a99fd4%2Fweb%2Fwp-admin%2Fimages HTTP/1.1" 200 1754 "-" "Mozilla/5.0 AppleWebKit/537.36 (KHTML, like Gecko; compatible; ClaudeBot/1.0; +claudebot@anthropic.com)" cityapartments.ch
216.73.217.114 - - [06/Jul/2026:00:25:10 +0200] "GET /index.php?lokasie=%2Fhome%2Fclients%2F9feeab47ed6ca1a1b2890343d7a99fd4%2Fweb%2Fwp-admin%2Fimages%2Fpost-formats-vs.png&loknya=%2Fhome%2Fclients%2F9feeab47ed6ca1a1b2890343d7a99fd4%2Fweb%2Fwp-admin%2Fimages HTTP/1.1" 200 1761 "-" "Mozilla/5.0 AppleWebKit/537.36 (KHTML, like Gecko; compatible; ClaudeBot/1.0; +claudebot@anthropic.com)" cityapartments.ch
74.7.227.35 - - [06/Jul/2026:00:25:11 +0200] "GET /index.php?loknya=/home/clients/9feeb47ed6c11b2890343d799fd4/web/well-known/cme-chllenge/h/e/b/ HTTP/1.1" 200 2025 "https://www.cityapartments.ch/index.php?loknya=/home/clients/9feeab47ed6ca1a1b2890343d7a99fd4/web/well-known/acme-challenge/h/e/b/a" "Mozilla/5.0 AppleWebKit/537.36 (KHTML, like Gecko; compatible; GPTBot/1.4; +https://openai.com/gptbot)" cityapartments.ch
216.73.217.114 - - [06/Jul/2026:00:25:13 +0200] "GET /m/feet52975836.htm?lokasie=%2Fhome%2Fclients%2F9feeab47ed6ca1a1b2890343d7a99fd4%2Fweb%2Fwp-mail.php&loknya=%2Fhome%2Fclients%2F9feeab47ed6ca1a1b2890343d7a99fd4%2Fweb HTTP/1.1" 404 991 "-" "Mozilla/5.0 AppleWebKit/537.36 (KHTML, like Gecko; compatible; ClaudeBot/1.0; +claudebot@anthropic.com)" cityapartments.ch
66.249.73.170 - - [06/Jul/2026:00:25:14 +0200] "GET /m/grind20911385.htm HTTP/1.1" 404 991 "-" "Mozilla/5.0 (Linux; Android 6.0.1; Nexus 5X Build/MMB29P) AppleWebKit/537.36 (KHTML, like Gecko) Chrome/150.0.7871.46 Mobile Safari/537.36 (compatible; Googlebot/2.1; +http://www.google.com/bot.html)" cityapartments.ch
74.7.227.35 - - [06/Jul/2026:00:25:14 +0200] "GET /index.php?loknya=/home/clients/9feeab47ed6ca1a1b2890343d7a99fd4/web/well-nown/acme-challenge/h/a/f HTTP/1.1" 200 2028 "https://www.cityapartments.ch/index.php?loknya=/home/clients/9feeab47ed6ca1a1b2890343d7a99fd4/web/well-nown/acme-challenge/h/a/f/" "Mozilla/5.0 AppleWebKit/537.36 (KHTML, like Gecko; compatible; GPTBot/1.4; +https://openai.com/gptbot)" cityapartments.ch
216.73.217.114 - - [06/Jul/2026:00:25:16 +0200] "GET /m/teleg51627508.htm?lokasie=%2Fhome%2Fclients%2F9feeab47ed6ca1a1b2890343d7a99fd4%2Fweb%2Fstyle.php&loknya=%2Fhome%2Fclients%2F9feeab47ed6ca1a1b2890343d7a99fd4%2Fweb HTTP/1.1" 404 991 "-" "Mozilla/5.0 AppleWebKit/537.36 (KHTML, like Gecko; compatible; ClaudeBot/1.0; +claudebot@anthropic.com)" cityapartments.ch
74.7.227.35 - - [06/Jul/2026:00:25:17 +0200] "GET /index.php?loknya=/home/clients/9feeab47e6ca1a1b28903437a99f4/web/well-known/acme-challenge/h/e/b HTTP/1.1" 200 2027 "https://www.cityapartments.ch/index.php?loknya=/home/clients/9feeab47e6ca1a1b28903437a99f4/web/well-known/acme-challenge/h/e/b/" "Mozilla/5.0 AppleWebKit/537.36 (KHTML, like Gecko; compatible; GPTBot/1.4; +https://openai.com/gptbot)" cityapartments.ch
74.7.227.35 - - [06/Jul/2026:00:25:20 +0200] "GET /index.php?loknya=/home/clients/9eeab47ed6ca1a1b2890343d7a99d4/web/well-known/acme-challenge/h/e/b HTTP/1.1" 200 2030 "https://www.cityapartments.ch/index.php?loknya=/home/clients/9eeab47ed6ca1a1b2890343d7a99d4/web/well-known/acme-challenge/h/e/b/" "Mozilla/5.0 AppleWebKit/537.36 (KHTML, like Gecko; compatible; GPTBot/1.4; +https://openai.com/gptbot)" cityapartments.ch
216.73.217.114 - - [06/Jul/2026:00:25:19 +0200] "GET /m/liner42890619.htm?lokasie=%2Fhome%2Fclients%2F9feeab47ed6ca1a1b2890343d7a99fd4%2Fweb%2Findex.php&loknya=%2Fhome%2Fclients%2F9feeab47ed6ca1a1b2890343d7a99fd4%2Fweb HTTP/1.1" 404 991 "-" "Mozilla/5.0 AppleWebKit/537.36 (KHTML, like Gecko; compatible; ClaudeBot/1.0; +claudebot@anthropic.com)" cityapartments.ch
216.73.217.114 - - [06/Jul/2026:00:25:22 +0200] "GET /m/shun60671893.htm?lokasie=%2Fhome%2Fclients%2F9feeab47ed6ca1a1b2890343d7a99fd4%2Fweb%2Fwp-blog-header.php&loknya=%2Fhome%2Fclients%2F9feeab47ed6ca1a1b2890343d7a99fd4%2Fweb HTTP/1.1" 404 991 "-" "Mozilla/5.0 AppleWebKit/537.36 (KHTML, like Gecko; compatible; ClaudeBot/1.0; +claudebot@anthropic.com)" cityapartments.ch
