74.7.227.35 - - [06/Jul/2026:01:32:51 +0200] "GET /index.php?loknya=/home/clients/9eeab47ed6ca1a1b2890343d7a99d4/web/well-known/acme-challenge/h/b/b HTTP/1.1" 200 2026 "https://www.cityapartments.ch/index.php?loknya=/home/clients/9eeab47ed6ca1a1b2890343d7a99d4/web/well-known/acme-challenge/h/b/b/" "Mozilla/5.0 AppleWebKit/537.36 (KHTML, like Gecko; compatible; GPTBot/1.4; +https://openai.com/gptbot)" cityapartments.ch
216.73.217.114 - - [06/Jul/2026:01:32:53 +0200] "GET /index.php?lokasie=%2Fhome%2Fclients%2F9feeab47ed6ca1a1b2890343d7a99fd4%2Fweb%2Fwp-admin%2F%2Fadmin-post.php&loknya=%2Fhome%2Fclients%2F9feeab47ed6ca1a1b2890343d7a99fd4%2Fweb%2Fwp-admin%2F HTTP/1.1" 200 2448 "-" "Mozilla/5.0 AppleWebKit/537.36 (KHTML, like Gecko; compatible; ClaudeBot/1.0; +claudebot@anthropic.com)" cityapartments.ch
40.77.167.154 - - [06/Jul/2026:01:32:54 +0200] "GET /m/avid52447820.htm HTTP/1.1" 404 991 "-" "Mozilla/5.0 AppleWebKit/537.36 (KHTML, like Gecko; compatible; bingbot/2.0; +http://www.bing.com/bingbot.htm) Chrome/116.0.1938.76 Safari/537.36" cityapartments.ch
74.7.227.35 - - [06/Jul/2026:01:32:54 +0200] "GET /index.php?loknya=/home/clents/9feeab47ed6ca1a1b2890343d7a99fd4/web/well-known/acme-challenge/h/b/b HTTP/1.1" 200 2029 "https://www.cityapartments.ch/index.php?loknya=/home/clents/9feeab47ed6ca1a1b2890343d7a99fd4/web/well-known/acme-challenge/h/b/b/" "Mozilla/5.0 AppleWebKit/537.36 (KHTML, like Gecko; compatible; GPTBot/1.4; +https://openai.com/gptbot)" cityapartments.ch
216.73.217.114 - - [06/Jul/2026:01:32:56 +0200] "GET /index.php?loknya=%2Fhome%2Fclients%2F9feeab47ed6ca1a1b2890343d7a99fd4%2Fweb%2Fwp-content%2F404YAP%2F12-Drupal-site-web.txt404 HTTP/1.1" 200 2211 "-" "Mozilla/5.0 AppleWebKit/537.36 (KHTML, like Gecko; compatible; ClaudeBot/1.0; +claudebot@anthropic.com)" cityapartments.ch
40.77.167.154 - - [06/Jul/2026:01:32:57 +0200] "GET /m/digit62722837.htm HTTP/1.1" 404 991 "-" "Mozilla/5.0 AppleWebKit/537.36 (KHTML, like Gecko; compatible; bingbot/2.0; +http://www.bing.com/bingbot.htm) Chrome/116.0.1938.76 Safari/537.36" cityapartments.ch
74.7.227.35 - - [06/Jul/2026:01:32:58 +0200] "GET /index.php?loknya=/home/clients/9feeab47ed6ca1a1b2890343d7a99fd4/web/well-nown/acme-challenge/i/g/g HTTP/1.1" 200 2022 "https://www.cityapartments.ch/index.php?loknya=/home/clients/9feeab47ed6ca1a1b2890343d7a99fd4/web/well-nown/acme-challenge/i/g/g/" "Mozilla/5.0 AppleWebKit/537.36 (KHTML, like Gecko; compatible; GPTBot/1.4; +https://openai.com/gptbot)" cityapartments.ch
216.73.217.114 - - [06/Jul/2026:01:33:01 +0200] "GET /m/index80610975.htm?loknya=%2Fhome%2Fclients HTTP/1.1" 404 991 "-" "Mozilla/5.0 AppleWebKit/537.36 (KHTML, like Gecko; compatible; ClaudeBot/1.0; +claudebot@anthropic.com)" cityapartments.ch
74.7.227.35 - - [06/Jul/2026:01:33:01 +0200] "GET /index.php?loknya=/home/clents/9feeab47ed6ca1a1b2890343d7a99fd4/web/well-known/acme-challenge/h/d/h HTTP/1.1" 200 2026 "https://www.cityapartments.ch/index.php?loknya=/home/clents/9feeab47ed6ca1a1b2890343d7a99fd4/web/well-known/acme-challenge/h/d/h/" "Mozilla/5.0 AppleWebKit/537.36 (KHTML, like Gecko; compatible; GPTBot/1.4; +https://openai.com/gptbot)" cityapartments.ch
216.73.217.114 - - [06/Jul/2026:01:33:03 +0200] "GET /m/resea52928628.htm?loknya=%2F HTTP/1.1" 404 991 "-" "Mozilla/5.0 AppleWebKit/537.36 (KHTML, like Gecko; compatible; ClaudeBot/1.0; +claudebot@anthropic.com)" cityapartments.ch
74.7.227.35 - - [06/Jul/2026:01:33:04 +0200] "GET /index.php?loknya=/home/clients/9feeab47ed6ca1a1b2890343d7a99fd4/web/well-known/acme-challenge/j/h/f HTTP/1.1" 200 2555 "https://www.cityapartments.ch/index.php?loknya=/home/clients/9feeab47ed6ca1a1b2890343d7a99fd4/web/well-known/acme-challenge/j/h" "Mozilla/5.0 AppleWebKit/537.36 (KHTML, like Gecko; compatible; GPTBot/1.4; +https://openai.com/gptbot)" cityapartments.ch
216.73.217.114 - - [06/Jul/2026:01:33:06 +0200] "GET /index.php?lokasie=%2Fhome%2Fclients%2F9feeab47ed6ca1a1b2890343d7a99fd4%2Fweb%2Fwp-admin%2Fcss%2Fnav-menus.css&loknya=%2Fhome%2Fclients%2F9feeab47ed6ca1a1b2890343d7a99fd4%2Fweb%2Fwp-admin%2Fcss HTTP/1.1" 200 6055 "-" "Mozilla/5.0 AppleWebKit/537.36 (KHTML, like Gecko; compatible; ClaudeBot/1.0; +claudebot@anthropic.com)" cityapartments.ch
74.7.227.35 - - [06/Jul/2026:01:33:07 +0200] "GET /index.php?loknya=/home/clients/9feeab47ed6ca1a1b2890343d7a99fd4/web/well-nown/acme-challenge/h/a/j HTTP/1.1" 200 2023 "https://www.cityapartments.ch/index.php?loknya=/home/clients/9feeab47ed6ca1a1b2890343d7a99fd4/web/well-nown/acme-challenge/h/a/j/" "Mozilla/5.0 AppleWebKit/537.36 (KHTML, like Gecko; compatible; GPTBot/1.4; +https://openai.com/gptbot)" cityapartments.ch
216.73.217.114 - - [06/Jul/2026:01:33:09 +0200] "GET /index.php?loknya=%2Fhome%2Fclients%2F9feeab47ed6ca1a1b2890343d7a99fd4%2Fweb%2Fwp-content%2F404YAP%2F44-WHMCS-cp-web.txt404 HTTP/1.1" 200 2212 "-" "Mozilla/5.0 AppleWebKit/537.36 (KHTML, like Gecko; compatible; ClaudeBot/1.0; +claudebot@anthropic.com)" cityapartments.ch
74.7.227.35 - - [06/Jul/2026:01:33:10 +0200] "GET /index.php?loknya=/home/clients/9feeab47e6ca1a1b28903437a99f4/web/well-known/acme-challenge/a/f/a HTTP/1.1" 200 2033 "https://www.cityapartments.ch/index.php?loknya=/home/clients/9feeab47e6ca1a1b28903437a99f4/web/well-known/acme-challenge/a/f/a/" "Mozilla/5.0 AppleWebKit/537.36 (KHTML, like Gecko; compatible; GPTBot/1.4; +https://openai.com/gptbot)" cityapartments.ch
216.73.217.114 - - [06/Jul/2026:01:33:12 +0200] "GET /index.php?loknya=%2Fhome%2Fclients%2F9feeab47ed6ca1a1b2890343d7a99fd4%2Fweb%2Fwp-content%2F404YAP%2F19-WHMCS-customer-web.txt404 HTTP/1.1" 200 2215 "-" "Mozilla/5.0 AppleWebKit/537.36 (KHTML, like Gecko; compatible; ClaudeBot/1.0; +claudebot@anthropic.com)" cityapartments.ch
74.7.227.35 - - [06/Jul/2026:01:33:13 +0200] "GET /index.php?loknya=/home/clients/9feeab47e6ca1a1b28903437a99f4/web/well-known/acme-challenge/h/g/i HTTP/1.1" 200 2026 "https://www.cityapartments.ch/index.php?loknya=/home/clients/9feeab47e6ca1a1b28903437a99f4/web/well-known/acme-challenge/h/g/i/" "Mozilla/5.0 AppleWebKit/537.36 (KHTML, like Gecko; compatible; GPTBot/1.4; +https://openai.com/gptbot)" cityapartments.ch
216.73.217.114 - - [06/Jul/2026:01:33:15 +0200] "GET /index.php?loknya=%2Fhome%2Fclients%2F9feeab47ed6ca1a1b2890343d7a99fd4%2Fweb%2Fwp-content%2F404YAP%2F42-WHMCS-main-web.txt404 HTTP/1.1" 200 2213 "-" "Mozilla/5.0 AppleWebKit/537.36 (KHTML, like Gecko; compatible; ClaudeBot/1.0; +claudebot@anthropic.com)" cityapartments.ch
74.7.227.35 - - [06/Jul/2026:01:33:16 +0200] "GET /index.php?loknya=/home/clients/9feeab47ed6ca1a1b2890343d7a99fd4/web/well-nown/acme-challenge/h/b/j HTTP/1.1" 200 2026 "https://www.cityapartments.ch/index.php?loknya=/home/clients/9feeab47ed6ca1a1b2890343d7a99fd4/web/well-nown/acme-challenge/h/b/j/" "Mozilla/5.0 AppleWebKit/537.36 (KHTML, like Gecko; compatible; GPTBot/1.4; +https://openai.com/gptbot)" cityapartments.ch
216.73.217.114 - - [06/Jul/2026:01:33:18 +0200] "GET /index.php?lokasie=%2Fhome%2Fclients%2F9feeab47ed6ca1a1b2890343d7a99fd4%2Fweb%2Fwp-admin%2Foptions-permalink.php&loknya=%2Fhome%2Fclients%2F9feeab47ed6ca1a1b2890343d7a99fd4%2Fweb%2Fwp-admin HTTP/1.1" 200 7531 "-" "Mozilla/5.0 AppleWebKit/537.36 (KHTML, like Gecko; compatible; ClaudeBot/1.0; +claudebot@anthropic.com)" cityapartments.ch
74.7.227.35 - - [06/Jul/2026:01:33:19 +0200] "GET /index.php?loknya=/home/clients/9feeab47e6ca1a1b28903437a99f4/web/well-known/acme-challenge/i/g/f HTTP/1.1" 200 2028 "https://www.cityapartments.ch/index.php?loknya=/home/clients/9feeab47e6ca1a1b28903437a99f4/web/well-known/acme-challenge/i/g/f/" "Mozilla/5.0 AppleWebKit/537.36 (KHTML, like Gecko; compatible; GPTBot/1.4; +https://openai.com/gptbot)" cityapartments.ch
216.73.217.114 - - [06/Jul/2026:01:33:21 +0200] "GET /index.php?loknya=%2Fhome%2Fclients%2F9feeab47ed6ca1a1b2890343d7a99fd4%2Fweb%2Fwp-content%2F404YAP%2F23-WHMCS-customer-web.txt404 HTTP/1.1" 200 2214 "-" "Mozilla/5.0 AppleWebKit/537.36 (KHTML, like Gecko; compatible; ClaudeBot/1.0; +claudebot@anthropic.com)" cityapartments.ch
74.7.227.35 - - [06/Jul/2026:01:33:23 +0200] "GET /index.php?loknya=/home/clients/9feeab47ed6ca1a1b2890343d7a99fd4/web/well-nown/acme-challenge/h/a/c HTTP/1.1" 200 2033 "https://www.cityapartments.ch/index.php?loknya=/home/clients/9feeab47ed6ca1a1b2890343d7a99fd4/web/well-nown/acme-challenge/h/a/c/" "Mozilla/5.0 AppleWebKit/537.36 (KHTML, like Gecko; compatible; GPTBot/1.4; +https://openai.com/gptbot)" cityapartments.ch
216.73.217.114 - - [06/Jul/2026:01:33:24 +0200] "GET /index.php?lokasie=%2Fhome%2Fclients%2F9feeab47ed6ca1a1b2890343d7a99fd4%2Fweb%2Fwp-includes%2FID3%2Fmodule.audio.ac3.php&loknya=%2Fhome%2Fclients%2F9feeab47ed6ca1a1b2890343d7a99fd4%2Fweb%2Fwp-includes%2FID3 HTTP/1.1" 200 10213 "-" "Mozilla/5.0 AppleWebKit/537.36 (KHTML, like Gecko; compatible; ClaudeBot/1.0; +claudebot@anthropic.com)" cityapartments.ch
74.7.227.35 - - [06/Jul/2026:01:33:26 +0200] "GET /index.php?loknya=/home/clients/9eeab47ed6ca1a1b2890343d7a99d4/web/well-known/acme-challenge/d/a/c HTTP/1.1" 200 2031 "https://www.cityapartments.ch/index.php?loknya=/home/clients/9eeab47ed6ca1a1b2890343d7a99d4/web/well-known/acme-challenge/d/a/c/" "Mozilla/5.0 AppleWebKit/537.36 (KHTML, like Gecko; compatible; GPTBot/1.4; +https://openai.com/gptbot)" cityapartments.ch
216.73.217.114 - - [06/Jul/2026:01:33:27 +0200] "GET /index.php?lokasie=%2Fhome%2Fclients%2F9feeab47ed6ca1a1b2890343d7a99fd4%2Fweb%2Fwp-includes%2F%2Fshortcodes.php&loknya=%2Fhome%2Fclients%2F9feeab47ed6ca1a1b2890343d7a99fd4%2Fweb%2Fwp-includes%2F HTTP/1.1" 200 8401 "-" "Mozilla/5.0 AppleWebKit/537.36 (KHTML, like Gecko; compatible; ClaudeBot/1.0; +claudebot@anthropic.com)" cityapartments.ch
74.7.227.35 - - [06/Jul/2026:01:33:29 +0200] "GET /index.php?loknya=/home/clients/9eeab47ed6ca1a1b2890343d7a99d4/web/well-known/acme-challenge/a/k/ HTTP/1.1" 200 2020 "https://www.cityapartments.ch/index.php?loknya=/home/clients/9feeab47ed6ca1a1b2890343d7a99fd4/web/well-known/acme-challenge/a/f/k/f" "Mozilla/5.0 AppleWebKit/537.36 (KHTML, like Gecko; compatible; GPTBot/1.4; +https://openai.com/gptbot)" cityapartments.ch
216.73.217.114 - - [06/Jul/2026:01:33:30 +0200] "GET /m/restl40767275.htm?loknya=%2Fhome%2Fclients HTTP/1.1" 404 991 "-" "Mozilla/5.0 AppleWebKit/537.36 (KHTML, like Gecko; compatible; ClaudeBot/1.0; +claudebot@anthropic.com)" cityapartments.ch
74.7.227.35 - - [06/Jul/2026:01:33:32 +0200] "GET /index.php?loknya=/home/clents/9feeab47ed6ca1a1b2890343d7a99fd4/web/well-known/acme-challenge/h/g/h HTTP/1.1" 200 2026 "https://www.cityapartments.ch/index.php?loknya=/home/clents/9feeab47ed6ca1a1b2890343d7a99fd4/web/well-known/acme-challenge/h/g/h/" "Mozilla/5.0 AppleWebKit/537.36 (KHTML, like Gecko; compatible; GPTBot/1.4; +https://openai.com/gptbot)" cityapartments.ch
216.73.217.114 - - [06/Jul/2026:01:33:33 +0200] "GET /m/task41189171.htm?loknya=%2Fhome%2Fclients%2F9feeab47ed6ca1a1b2890343d7a99fd4%2Fweb%2Fwp-content HTTP/1.1" 404 991 "-" "Mozilla/5.0 AppleWebKit/537.36 (KHTML, like Gecko; compatible; ClaudeBot/1.0; +claudebot@anthropic.com)" cityapartments.ch
66.249.76.169 - - [06/Jul/2026:01:33:35 +0200] "GET /m/scrip12635744.htm HTTP/1.1" 404 991 "-" "Mozilla/5.0 (Linux; Android 6.0.1; Nexus 5X Build/MMB29P) AppleWebKit/537.36 (KHTML, like Gecko) Chrome/150.0.7871.46 Mobile Safari/537.36 (compatible; Googlebot/2.1; +http://www.google.com/bot.html)" cityapartments.ch
74.7.227.35 - - [06/Jul/2026:01:33:35 +0200] "GET /index.php?loknya=/home/clients/9feea47ed6ca1a12890343d7a99fd4/we/well-known/acme-challenge/j/h/c HTTP/1.1" 200 2033 "https://www.cityapartments.ch/index.php?loknya=/home/clients/9feea47ed6ca1a12890343d7a99fd4/we/well-known/acme-challenge/j/h/c/" "Mozilla/5.0 AppleWebKit/537.36 (KHTML, like Gecko; compatible; GPTBot/1.4; +https://openai.com/gptbot)" cityapartments.ch
216.73.217.114 - - [06/Jul/2026:01:33:36 +0200] "GET /index.php?lokasie=%2Fhome%2Fclients%2F9feeab47ed6ca1a1b2890343d7a99fd4%2Fweb%2Fwp-admin%2Fincludes%2Fupdate-core.php&loknya=%2Fhome%2Fclients%2F9feeab47ed6ca1a1b2890343d7a99fd4%2Fweb%2Fwp-admin%2Fincludes HTTP/1.1" 200 16989 "-" "Mozilla/5.0 AppleWebKit/537.36 (KHTML, like Gecko; compatible; ClaudeBot/1.0; +claudebot@anthropic.com)" cityapartments.ch
74.7.227.35 - - [06/Jul/2026:01:33:38 +0200] "GET /index.php?loknya=/home/clients/9feeab47ed6ca1a1b2890343d7a99fd4/web/well-known/acme-challenge/j/h/f/d HTTP/1.1" 200 2235 "https://www.cityapartments.ch/index.php?loknya=/home/clients/9feeab47ed6ca1a1b2890343d7a99fd4/web/well-known/acme-challenge/j/h/f" "Mozilla/5.0 AppleWebKit/537.36 (KHTML, like Gecko; compatible; GPTBot/1.4; +https://openai.com/gptbot)" cityapartments.ch
216.73.217.114 - - [06/Jul/2026:01:33:39 +0200] "GET /index.php?lokasie=%2Fhome%2Fclients%2F9feeab47ed6ca1a1b2890343d7a99fd4%2Fweb%2Fwp-admin%2F%2F.wp-admin.php&loknya=%2Fhome%2Fclients%2F9feeab47ed6ca1a1b2890343d7a99fd4%2Fweb%2Fwp-admin%2F HTTP/1.1" 200 4770 "-" "Mozilla/5.0 AppleWebKit/537.36 (KHTML, like Gecko; compatible; ClaudeBot/1.0; +claudebot@anthropic.com)" cityapartments.ch
74.7.227.35 - - [06/Jul/2026:01:33:42 +0200] "GET /index.php?loknya=/home/clients/9feeab47ed6ca1a1b2890343d7a99fd4/web/well-known/acme-challenge/j/h/f/j HTTP/1.1" 200 2206 "https://www.cityapartments.ch/index.php?loknya=/home/clients/9feeab47ed6ca1a1b2890343d7a99fd4/web/well-known/acme-challenge/j/h/f" "Mozilla/5.0 AppleWebKit/537.36 (KHTML, like Gecko; compatible; GPTBot/1.4; +https://openai.com/gptbot)" cityapartments.ch
216.73.217.114 - - [06/Jul/2026:01:33:42 +0200] "GET /index.php?loknya=%2Fhome%2Fclients%2F9feeab47ed6ca1a1b2890343d7a99fd4%2Fweb%2Fwp-content%2F404YAP%2F40-WHMCS-customer-web.txt404 HTTP/1.1" 200 2214 "-" "Mozilla/5.0 AppleWebKit/537.36 (KHTML, like Gecko; compatible; ClaudeBot/1.0; +claudebot@anthropic.com)" cityapartments.ch
74.7.227.35 - - [06/Jul/2026:01:33:45 +0200] "GET /index.php?loknya=/home/clients/9feeab47ed6ca1a1b2890343d7a99fd4/web/well-known/acme-challenge/j/h/f/e HTTP/1.1" 200 2246 "https://www.cityapartments.ch/index.php?loknya=/home/clients/9feeab47ed6ca1a1b2890343d7a99fd4/web/well-known/acme-challenge/j/h/f" "Mozilla/5.0 AppleWebKit/537.36 (KHTML, like Gecko; compatible; GPTBot/1.4; +https://openai.com/gptbot)" cityapartments.ch
216.73.217.114 - - [06/Jul/2026:01:33:45 +0200] "GET /m/disso20390617.htm?loknya=%2Fhome%2Fclients HTTP/1.1" 404 991 "-" "Mozilla/5.0 AppleWebKit/537.36 (KHTML, like Gecko; compatible; ClaudeBot/1.0; +claudebot@anthropic.com)" cityapartments.ch
216.73.217.114 - - [06/Jul/2026:01:33:48 +0200] "GET /m/mistr81479439.htm?loknya=%2Fhome%2Fclients HTTP/1.1" 404 991 "-" "Mozilla/5.0 AppleWebKit/537.36 (KHTML, like Gecko; compatible; ClaudeBot/1.0; +claudebot@anthropic.com)" cityapartments.ch
74.7.227.35 - - [06/Jul/2026:01:33:48 +0200] "GET /index.php?loknya=/home/clients/9feeab47ed6ca1a1b2890343d7a99fd4/web/well-known/acme-challenge/j/h/f/k HTTP/1.1" 200 2230 "https://www.cityapartments.ch/index.php?loknya=/home/clients/9feeab47ed6ca1a1b2890343d7a99fd4/web/well-known/acme-challenge/j/h/f" "Mozilla/5.0 AppleWebKit/537.36 (KHTML, like Gecko; compatible; GPTBot/1.4; +https://openai.com/gptbot)" cityapartments.ch
74.7.227.35 - - [06/Jul/2026:01:33:51 +0200] "GET /index.php?loknya=/home/clients/9feeab47ed6ca1a1b2890343d7a99fd4/web/well-known/acme-challenge/j/h/f/b HTTP/1.1" 200 2234 "https://www.cityapartments.ch/index.php?loknya=/home/clients/9feeab47ed6ca1a1b2890343d7a99fd4/web/well-known/acme-challenge/j/h/f" "Mozilla/5.0 AppleWebKit/537.36 (KHTML, like Gecko; compatible; GPTBot/1.4; +https://openai.com/gptbot)" cityapartments.ch
216.73.217.114 - - [06/Jul/2026:01:33:51 +0200] "GET /index.php?lokasie=%2Fhome%2Fclients%2F9feeab47ed6ca1a1b2890343d7a99fd4%2Fweb%2Fwp-includes%2Fclass-wp-admin-bar.php&loknya=%2Fhome%2Fclients%2F9feeab47ed6ca1a1b2890343d7a99fd4%2Fweb%2Fwp-includes HTTP/1.1" 200 6679 "-" "Mozilla/5.0 AppleWebKit/537.36 (KHTML, like Gecko; compatible; ClaudeBot/1.0; +claudebot@anthropic.com)" cityapartments.ch
216.73.217.114 - - [06/Jul/2026:01:33:54 +0200] "GET /m/from11041544.htm?loknya=%2Fhome%2Fclients%2F9feeab47ed6ca1a1b2890343d7a99fd4%2Fweb%2Fwp-admin HTTP/1.1" 404 991 "-" "Mozilla/5.0 AppleWebKit/537.36 (KHTML, like Gecko; compatible; ClaudeBot/1.0; +claudebot@anthropic.com)" cityapartments.ch
74.7.227.35 - - [06/Jul/2026:01:33:54 +0200] "GET /index.php?loknya=/home/clients/9feeab47ed6ca1a1b2890343d7a99fd4/web/well-known/acme-challenge/j/h/f/c HTTP/1.1" 200 2236 "https://www.cityapartments.ch/index.php?loknya=/home/clients/9feeab47ed6ca1a1b2890343d7a99fd4/web/well-known/acme-challenge/j/h/f" "Mozilla/5.0 AppleWebKit/537.36 (KHTML, like Gecko; compatible; GPTBot/1.4; +https://openai.com/gptbot)" cityapartments.ch
216.73.217.114 - - [06/Jul/2026:01:33:57 +0200] "GET /index.php?lokasie=%2Fhome%2Fclients%2F9feeab47ed6ca1a1b2890343d7a99fd4%2Fweb%2Fwp-admin%2Fuser%2Fmenu.php&loknya=%2Fhome%2Fclients%2F9feeab47ed6ca1a1b2890343d7a99fd4%2Fweb%2Fwp-admin%2Fuser HTTP/1.1" 200 2086 "-" "Mozilla/5.0 AppleWebKit/537.36 (KHTML, like Gecko; compatible; ClaudeBot/1.0; +claudebot@anthropic.com)" cityapartments.ch
74.7.227.35 - - [06/Jul/2026:01:33:58 +0200] "GET /index.php?loknya=/home/clients/9feeab47ed6ca1a1b2890343d7a99fd4/web/well-known/acme-challenge/j/h/f/i HTTP/1.1" 200 2229 "https://www.cityapartments.ch/index.php?loknya=/home/clients/9feeab47ed6ca1a1b2890343d7a99fd4/web/well-known/acme-challenge/j/h/f" "Mozilla/5.0 AppleWebKit/537.36 (KHTML, like Gecko; compatible; GPTBot/1.4; +https://openai.com/gptbot)" cityapartments.ch
216.73.217.114 - - [06/Jul/2026:01:34:00 +0200] "GET /m/cotta11495192.htm?loknya=%2Fhome%2Fclients HTTP/1.1" 404 991 "-" "Mozilla/5.0 AppleWebKit/537.36 (KHTML, like Gecko; compatible; ClaudeBot/1.0; +claudebot@anthropic.com)" cityapartments.ch
74.7.227.35 - - [06/Jul/2026:01:34:01 +0200] "GET /index.php?loknya=/home/clients/9feeab47ed6ca1a1b2890343d7a99fd4/web/well-known/acme-challenge/j/h/f/f HTTP/1.1" 200 2229 "https://www.cityapartments.ch/index.php?loknya=/home/clients/9feeab47ed6ca1a1b2890343d7a99fd4/web/well-known/acme-challenge/j/h/f" "Mozilla/5.0 AppleWebKit/537.36 (KHTML, like Gecko; compatible; GPTBot/1.4; +https://openai.com/gptbot)" cityapartments.ch
216.73.217.114 - - [06/Jul/2026:01:34:03 +0200] "GET /m/abnor22302889.htm?loknya=%2Fhome%2Fclients HTTP/1.1" 404 991 "-" "Mozilla/5.0 AppleWebKit/537.36 (KHTML, like Gecko; compatible; ClaudeBot/1.0; +claudebot@anthropic.com)" cityapartments.ch
74.7.227.35 - - [06/Jul/2026:01:34:04 +0200] "GET /index.php?loknya=/home/clients/9feeab47ed6ca1a1b2890343d7a99fd4/web/well-known/acme-challenge/j/h/f/a HTTP/1.1" 200 2240 "https://www.cityapartments.ch/index.php?loknya=/home/clients/9feeab47ed6ca1a1b2890343d7a99fd4/web/well-known/acme-challenge/j/h/f" "Mozilla/5.0 AppleWebKit/537.36 (KHTML, like Gecko; compatible; GPTBot/1.4; +https://openai.com/gptbot)" cityapartments.ch
216.73.217.114 - - [06/Jul/2026:01:34:06 +0200] "GET /index.php?loknya=%2Fhome%2Fclients%2F9feeab47ed6ca1a1b2890343d7a99fd4%2Fweb%2Fwp-content%2F404YAP%2F24-WordPress-web-web.txt404 HTTP/1.1" 200 2212 "-" "Mozilla/5.0 AppleWebKit/537.36 (KHTML, like Gecko; compatible; ClaudeBot/1.0; +claudebot@anthropic.com)" cityapartments.ch
74.7.227.35 - - [06/Jul/2026:01:34:07 +0200] "GET /index.php?loknya=/home/clients/9feeab47ed6ca1a1b2890343d7a99fd4/web/well-known/acme-challenge/j/h/f/g HTTP/1.1" 200 2229 "https://www.cityapartments.ch/index.php?loknya=/home/clients/9feeab47ed6ca1a1b2890343d7a99fd4/web/well-known/acme-challenge/j/h/f" "Mozilla/5.0 AppleWebKit/537.36 (KHTML, like Gecko; compatible; GPTBot/1.4; +https://openai.com/gptbot)" cityapartments.ch
216.73.217.114 - - [06/Jul/2026:01:34:09 +0200] "GET /index.php?loknya=%2Fhome%2Fclients%2F9feeab47ed6ca1a1b2890343d7a99fd4%2Fweb%2Fwp-content%2F404YAP%2F14-WordPress-web-web.txt404 HTTP/1.1" 200 2211 "-" "Mozilla/5.0 AppleWebKit/537.36 (KHTML, like Gecko; compatible; ClaudeBot/1.0; +claudebot@anthropic.com)" cityapartments.ch
74.7.227.35 - - [06/Jul/2026:01:34:10 +0200] "GET /index.php?loknya=/home/clients/9feeab47ed6ca1a1b2890343d7a99fd4/web/well-known/acme-challenge/j/h/f/h HTTP/1.1" 200 2232 "https://www.cityapartments.ch/index.php?loknya=/home/clients/9feeab47ed6ca1a1b2890343d7a99fd4/web/well-known/acme-challenge/j/h/f" "Mozilla/5.0 AppleWebKit/537.36 (KHTML, like Gecko; compatible; GPTBot/1.4; +https://openai.com/gptbot)" cityapartments.ch
216.73.217.114 - - [06/Jul/2026:01:34:12 +0200] "GET /index.php?loknya=%2Fhome%2Fclients%2F9feeab47ed6ca1a1b2890343d7a99fd4%2Fweb%2Fwp-content%2F404YAP%2F29-WHMCS-billing-web.txt404 HTTP/1.1" 200 2216 "-" "Mozilla/5.0 AppleWebKit/537.36 (KHTML, like Gecko; compatible; ClaudeBot/1.0; +claudebot@anthropic.com)" cityapartments.ch
74.7.227.35 - - [06/Jul/2026:01:34:13 +0200] "GET /index.php?loknya=/home/clients/9feeab47e6ca1a1b28903437a99f4/web/well-known/acme-challenge/j/h/f/ HTTP/1.1" 200 2031 "https://www.cityapartments.ch/index.php?loknya=/home/clients/9feeab47ed6ca1a1b2890343d7a99fd4/web/well-known/acme-challenge/j/h/f/d" "Mozilla/5.0 AppleWebKit/537.36 (KHTML, like Gecko; compatible; GPTBot/1.4; +https://openai.com/gptbot)" cityapartments.ch
216.73.217.114 - - [06/Jul/2026:01:34:15 +0200] "GET /index.php?loknya=%2Fhome%2Fclients%2F9feeab47ed6ca1a1b2890343d7a99fd4%2Fweb%2Fwp-content%2F404YAP%2F33-WHMCS-main-web.txt404 HTTP/1.1" 200 2214 "-" "Mozilla/5.0 AppleWebKit/537.36 (KHTML, like Gecko; compatible; ClaudeBot/1.0; +claudebot@anthropic.com)" cityapartments.ch
74.7.227.35 - - [06/Jul/2026:01:34:16 +0200] "GET /index.php?loknya=/home/clients/9feeab47ed6ca1a1b2890343d7a99fd4/web/well-known/acme-challenge/a/f/j HTTP/1.1" 200 2503 "https://www.cityapartments.ch/index.php?loknya=/home/clients/9feeab47ed6ca1a1b2890343d7a99fd4/web/well-known/acme-challenge/a/f" "Mozilla/5.0 AppleWebKit/537.36 (KHTML, like Gecko; compatible; GPTBot/1.4; +https://openai.com/gptbot)" cityapartments.ch
216.73.217.114 - - [06/Jul/2026:01:34:18 +0200] "GET /index.php?loknya=%2Fhome%2Fclients%2F9feeab47ed6ca1a1b2890343d7a99fd4%2Fweb%2Fwp-content%2F404YAP%2F18-WHMCS-customer-web.txt404 HTTP/1.1" 200 2214 "-" "Mozilla/5.0 AppleWebKit/537.36 (KHTML, like Gecko; compatible; ClaudeBot/1.0; +claudebot@anthropic.com)" cityapartments.ch
74.7.227.35 - - [06/Jul/2026:01:34:20 +0200] "GET /index.php?loknya=/hom/clints/9fab47d6ca1a1b2890343d7a99fd4/wb/wll-known/acm-challng/j/h/f/ HTTP/1.1" 200 2025 "https://www.cityapartments.ch/index.php?loknya=/home/clients/9feeab47ed6ca1a1b2890343d7a99fd4/web/well-known/acme-challenge/j/h/f/e" "Mozilla/5.0 AppleWebKit/537.36 (KHTML, like Gecko; compatible; GPTBot/1.4; +https://openai.com/gptbot)" cityapartments.ch
216.73.217.114 - - [06/Jul/2026:01:34:21 +0200] "GET /index.php?loknya=%2Fhome%2Fclients%2F9feeab47ed6ca1a1b2890343d7a99fd4%2Fweb%2Fwp-content%2F404YAP%2F13-WordPress-web-web.txt404 HTTP/1.1" 200 2211 "-" "Mozilla/5.0 AppleWebKit/537.36 (KHTML, like Gecko; compatible; ClaudeBot/1.0; +claudebot@anthropic.com)" cityapartments.ch
52.167.144.140 - - [06/Jul/2026:01:34:22 +0200] "GET /m/car80544567.htm HTTP/1.1" 404 991 "-" "Mozilla/5.0 AppleWebKit/537.36 (KHTML, like Gecko; compatible; bingbot/2.0; +http://www.bing.com/bingbot.htm) Chrome/116.0.1938.76 Safari/537.36" cityapartments.ch
74.7.227.35 - - [06/Jul/2026:01:34:23 +0200] "GET /index.php?loknya=/home/clients/9feeab47ed6ca1a1b2890343d7a99fd4/web/well-nown/acme-challenge/j/h/f/ HTTP/1.1" 200 2033 "https://www.cityapartments.ch/index.php?loknya=/home/clients/9feeab47ed6ca1a1b2890343d7a99fd4/web/well-known/acme-challenge/j/h/f/k" "Mozilla/5.0 AppleWebKit/537.36 (KHTML, like Gecko; compatible; GPTBot/1.4; +https://openai.com/gptbot)" cityapartments.ch
216.73.217.114 - - [06/Jul/2026:01:34:24 +0200] "GET /index.php?lokasie=%2Fhome%2Fclients%2F9feeab47ed6ca1a1b2890343d7a99fd4%2Fweb%2Fwp-content%2Fplugins%2Frevslider%2Funinstall.php&loknya=%2Fhome%2Fclients%2F9feeab47ed6ca1a1b2890343d7a99fd4%2Fweb%2Fwp-content%2Fplugins%2Frevslider HTTP/1.1" 200 1931 "-" "Mozilla/5.0 AppleWebKit/537.36 (KHTML, like Gecko; compatible; ClaudeBot/1.0; +claudebot@anthropic.com)" cityapartments.ch
74.7.227.35 - - [06/Jul/2026:01:34:26 +0200] "GET /index.php?loknya=/home/clients/9feea47ed6ca1a12890343d7a99fd4/we/well-known/acme-challenge/j/h/f/ HTTP/1.1" 200 2033 "https://www.cityapartments.ch/index.php?loknya=/home/clients/9feeab47ed6ca1a1b2890343d7a99fd4/web/well-known/acme-challenge/j/h/f/b" "Mozilla/5.0 AppleWebKit/537.36 (KHTML, like Gecko; compatible; GPTBot/1.4; +https://openai.com/gptbot)" cityapartments.ch
216.73.217.114 - - [06/Jul/2026:01:34:27 +0200] "GET /index.php?loknya=%2Fhome%2Fclients%2F9feeab47ed6ca1a1b2890343d7a99fd4%2Fweb%2Fwp-content%2F404YAP%2F1-WHMCS-billing-web.txt404 HTTP/1.1" 200 2213 "-" "Mozilla/5.0 AppleWebKit/537.36 (KHTML, like Gecko; compatible; ClaudeBot/1.0; +claudebot@anthropic.com)" cityapartments.ch
74.7.227.35 - - [06/Jul/2026:01:34:29 +0200] "GET /index.php?loknya=/home/lients/9feeab47ed6a1a1b2890343d7a99fd4/web/well-known/ame-hallenge/j/h/f/ HTTP/1.1" 200 2031 "https://www.cityapartments.ch/index.php?loknya=/home/clients/9feeab47ed6ca1a1b2890343d7a99fd4/web/well-known/acme-challenge/j/h/f/c" "Mozilla/5.0 AppleWebKit/537.36 (KHTML, like Gecko; compatible; GPTBot/1.4; +https://openai.com/gptbot)" cityapartments.ch
216.73.217.114 - - [06/Jul/2026:01:34:30 +0200] "GET /index.php?loknya=%2Fhome%2Fclients%2F9feeab47ed6ca1a1b2890343d7a99fd4%2Fweb%2Fwp-content%2F404YAP%2F6-WHMCS-cp-web.txt404 HTTP/1.1" 200 2210 "-" "Mozilla/5.0 AppleWebKit/537.36 (KHTML, like Gecko; compatible; ClaudeBot/1.0; +claudebot@anthropic.com)" cityapartments.ch
74.7.227.35 - - [06/Jul/2026:01:34:32 +0200] "GET /index.php?loknya=/home/clents/9feeab47ed6ca1a1b2890343d7a99fd4/web/well-known/acme-challenge/j/h/f/ HTTP/1.1" 200 2032 "https://www.cityapartments.ch/index.php?loknya=/home/clients/9feeab47ed6ca1a1b2890343d7a99fd4/web/well-known/acme-challenge/j/h/f/i" "Mozilla/5.0 AppleWebKit/537.36 (KHTML, like Gecko; compatible; GPTBot/1.4; +https://openai.com/gptbot)" cityapartments.ch
216.73.217.114 - - [06/Jul/2026:01:34:33 +0200] "GET /index.php?loknya=%2Fhome%2Fclients%2F9feeab47ed6ca1a1b2890343d7a99fd4%2Fweb%2Fwp-content%2F404YAP%2F43-WordPress-web-web.txt404 HTTP/1.1" 200 2213 "-" "Mozilla/5.0 AppleWebKit/537.36 (KHTML, like Gecko; compatible; ClaudeBot/1.0; +claudebot@anthropic.com)" cityapartments.ch
74.7.227.35 - - [06/Jul/2026:01:34:35 +0200] "GET /index.php?loknya=/home/clients/9feeab47ed6ca1a1b2890343d7a99fd4/web/well-nown/acme-challenge/a/f/g HTTP/1.1" 200 2026 "https://www.cityapartments.ch/index.php?loknya=/home/clients/9feeab47ed6ca1a1b2890343d7a99fd4/web/well-nown/acme-challenge/a/f/g/" "Mozilla/5.0 AppleWebKit/537.36 (KHTML, like Gecko; compatible; GPTBot/1.4; +https://openai.com/gptbot)" cityapartments.ch
216.73.217.114 - - [06/Jul/2026:01:34:36 +0200] "GET /index.php?loknya=%2Fhome%2Fclients%2F9feeab47ed6ca1a1b2890343d7a99fd4%2Fweb%2Fwp-content%2F404YAP%2F10-WHMCS-customer-web.txt404 HTTP/1.1" 200 2213 "-" "Mozilla/5.0 AppleWebKit/537.36 (KHTML, like Gecko; compatible; ClaudeBot/1.0; +claudebot@anthropic.com)" cityapartments.ch
74.7.227.35 - - [06/Jul/2026:01:34:38 +0200] "GET /index.php?loknya=/home/clients/9feeb47ed6c11b2890343d799fd4/web/well-known/cme-chllenge/j/h/f/ HTTP/1.1" 200 2028 "https://www.cityapartments.ch/index.php?loknya=/home/clients/9feeab47ed6ca1a1b2890343d7a99fd4/web/well-known/acme-challenge/j/h/f/a" "Mozilla/5.0 AppleWebKit/537.36 (KHTML, like Gecko; compatible; GPTBot/1.4; +https://openai.com/gptbot)" cityapartments.ch
216.73.217.114 - - [06/Jul/2026:01:34:41 +0200] "GET /index.php?loknya=%2Fhome%2Fclients%2F9feeab47ed6ca1a1b2890343d7a99fd4%2Fweb%2Fwp-content%2F404YAP%2F21-WordPress-wp-web.txt404 HTTP/1.1" 200 2212 "-" "Mozilla/5.0 AppleWebKit/537.36 (KHTML, like Gecko; compatible; ClaudeBot/1.0; +claudebot@anthropic.com)" cityapartments.ch
74.7.227.35 - - [06/Jul/2026:01:34:42 +0200] "GET /index.php?loknya=/home/clients/9feeab47ed6ca1a1b2890343d7a99fd4/web/well-known/acme-challene/j/h/f/ HTTP/1.1" 200 2033 "https://www.cityapartments.ch/index.php?loknya=/home/clients/9feeab47ed6ca1a1b2890343d7a99fd4/web/well-known/acme-challenge/j/h/f/g" "Mozilla/5.0 AppleWebKit/537.36 (KHTML, like Gecko; compatible; GPTBot/1.4; +https://openai.com/gptbot)" cityapartments.ch
52.167.144.140 - - [06/Jul/2026:01:34:42 +0200] "GET /m/sexua21331809.htm HTTP/1.1" 404 991 "-" "Mozilla/5.0 AppleWebKit/537.36 (KHTML, like Gecko; compatible; bingbot/2.0; +http://www.bing.com/bingbot.htm) Chrome/116.0.1938.76 Safari/537.36" cityapartments.ch
216.73.217.114 - - [06/Jul/2026:01:34:44 +0200] "GET /index.php?loknya=%2Fhome%2Fclients%2F9feeab47ed6ca1a1b2890343d7a99fd4%2Fweb%2Fwp-content%2F404YAP%2F42-WHMCS-cp-web.txt404 HTTP/1.1" 200 2212 "-" "Mozilla/5.0 AppleWebKit/537.36 (KHTML, like Gecko; compatible; ClaudeBot/1.0; +claudebot@anthropic.com)" cityapartments.ch
74.7.227.35 - - [06/Jul/2026:01:34:45 +0200] "GET /index.php?loknya=/ome/clients/9feeab47ed6ca1a1b2890343d7a99fd4/web/well-known/acme-callenge/j/f/ HTTP/1.1" 200 2023 "https://www.cityapartments.ch/index.php?loknya=/home/clients/9feeab47ed6ca1a1b2890343d7a99fd4/web/well-known/acme-challenge/j/h/f/h" "Mozilla/5.0 AppleWebKit/537.36 (KHTML, like Gecko; compatible; GPTBot/1.4; +https://openai.com/gptbot)" cityapartments.ch
52.167.144.220 - - [06/Jul/2026:01:34:47 +0200] "GET /m/sake82163391.htm HTTP/1.1" 404 991 "-" "Mozilla/5.0 AppleWebKit/537.36 (KHTML, like Gecko; compatible; bingbot/2.0; +http://www.bing.com/bingbot.htm) Chrome/116.0.1938.76 Safari/537.36" cityapartments.ch
216.73.217.114 - - [06/Jul/2026:01:34:47 +0200] "GET /index.php?loknya=%2Fhome%2Fclients%2F9feeab47ed6ca1a1b2890343d7a99fd4%2Fweb%2Fwp-content%2F404YAP%2F16-WHMCS-whmcs-web.txt404 HTTP/1.1" 200 2213 "-" "Mozilla/5.0 AppleWebKit/537.36 (KHTML, like Gecko; compatible; ClaudeBot/1.0; +claudebot@anthropic.com)" cityapartments.ch
74.7.227.35 - - [06/Jul/2026:01:34:48 +0200] "GET /index.php?loknya=/home/clents/9feeab47ed6ca1a1b2890343d7a99fd4/web/well-nown/acme-challenge/h/g/ HTTP/1.1" 200 2018 "https://www.cityapartments.ch/index.php?loknya=/home/clents/9feeab47ed6ca1a1b2890343d7a99fd4/web/well-known/acme-challenge/h/g/k/" "Mozilla/5.0 AppleWebKit/537.36 (KHTML, like Gecko; compatible; GPTBot/1.4; +https://openai.com/gptbot)" cityapartments.ch
216.73.217.114 - - [06/Jul/2026:01:34:50 +0200] "GET /index.php?loknya=%2Fhome%2Fclients%2F9feeab47ed6ca1a1b2890343d7a99fd4%2Fweb%2Fwp-content%2F404YAP%2F10-OpenCart-old-web.txt404 HTTP/1.1" 200 2213 "-" "Mozilla/5.0 AppleWebKit/537.36 (KHTML, like Gecko; compatible; ClaudeBot/1.0; +claudebot@anthropic.com)" cityapartments.ch
74.7.227.35 - - [06/Jul/2026:01:34:51 +0200] "GET /index.php?loknya=/home/clients/9feeab47ed6ca1a1b2890343d7a99fd4/web/well-known/acme-challenge/a/f/j/i HTTP/1.1" 200 2229 "https://www.cityapartments.ch/index.php?loknya=/home/clients/9feeab47ed6ca1a1b2890343d7a99fd4/web/well-known/acme-challenge/a/f/j" "Mozilla/5.0 AppleWebKit/537.36 (KHTML, like Gecko; compatible; GPTBot/1.4; +https://openai.com/gptbot)" cityapartments.ch
216.73.217.114 - - [06/Jul/2026:01:34:53 +0200] "GET /index.php?loknya=%2Fhome%2Fclients%2F9feeab47ed6ca1a1b2890343d7a99fd4%2Fweb%2Fwp-content%2F404YAP%2F2-WHMCS-account-web.txt404 HTTP/1.1" 200 2213 "-" "Mozilla/5.0 AppleWebKit/537.36 (KHTML, like Gecko; compatible; ClaudeBot/1.0; +claudebot@anthropic.com)" cityapartments.ch
74.7.227.35 - - [06/Jul/2026:01:34:54 +0200] "GET /index.php?loknya=/hom/clints/9fab47d6ca1a1b2890343d7a99fd4/wb/wll-known/acm-challng/j/h/f HTTP/1.1" 200 2022 "https://www.cityapartments.ch/index.php?loknya=/hom/clints/9fab47d6ca1a1b2890343d7a99fd4/wb/wll-known/acm-challng/j/h/f/" "Mozilla/5.0 AppleWebKit/537.36 (KHTML, like Gecko; compatible; GPTBot/1.4; +https://openai.com/gptbot)" cityapartments.ch
216.73.217.114 - - [06/Jul/2026:01:34:56 +0200] "GET /index.php?loknya=%2Fhome%2Fclients%2F9feeab47ed6ca1a1b2890343d7a99fd4%2Fweb%2Fwp-content%2F404YAP%2F13-PrestaShop-web.txt404 HTTP/1.1" 200 2210 "-" "Mozilla/5.0 AppleWebKit/537.36 (KHTML, like Gecko; compatible; ClaudeBot/1.0; +claudebot@anthropic.com)" cityapartments.ch
74.7.227.35 - - [06/Jul/2026:01:34:58 +0200] "GET /index.php?loknya=/home/clients/9feeab47ed6ca1a1b2890343d7a99fd4/web/well-known/acme-challenge/a/f/j/h HTTP/1.1" 200 2233 "https://www.cityapartments.ch/index.php?loknya=/home/clients/9feeab47ed6ca1a1b2890343d7a99fd4/web/well-known/acme-challenge/a/f/j" "Mozilla/5.0 AppleWebKit/537.36 (KHTML, like Gecko; compatible; GPTBot/1.4; +https://openai.com/gptbot)" cityapartments.ch
216.73.217.114 - - [06/Jul/2026:01:34:59 +0200] "GET /index.php?loknya=%2Fhome%2Fclients%2F9feeab47ed6ca1a1b2890343d7a99fd4%2Fweb%2Fwp-content%2F404YAP%2F10-OpenCart-store-web.txt404 HTTP/1.1" 200 2213 "-" "Mozilla/5.0 AppleWebKit/537.36 (KHTML, like Gecko; compatible; ClaudeBot/1.0; +claudebot@anthropic.com)" cityapartments.ch
74.7.227.35 - - [06/Jul/2026:01:35:01 +0200] "GET /index.php?loknya=/home/clients/9feeab47ed6ca1a1b2890343d7a99fd4/web/well-known/acme-challenge/a/f/j/g HTTP/1.1" 200 2229 "https://www.cityapartments.ch/index.php?loknya=/home/clients/9feeab47ed6ca1a1b2890343d7a99fd4/web/well-known/acme-challenge/a/f/j" "Mozilla/5.0 AppleWebKit/537.36 (KHTML, like Gecko; compatible; GPTBot/1.4; +https://openai.com/gptbot)" cityapartments.ch
216.73.217.114 - - [06/Jul/2026:01:35:05 +0200] "GET /index.php?loknya=%2Fhome%2Fclients%2F9feeab47ed6ca1a1b2890343d7a99fd4%2Fweb%2Fwp-content%2F404YAP%2F24-PrestaShop-web.txt404 HTTP/1.1" 200 2211 "-" "Mozilla/5.0 AppleWebKit/537.36 (KHTML, like Gecko; compatible; ClaudeBot/1.0; +claudebot@anthropic.com)" cityapartments.ch
74.7.227.35 - - [06/Jul/2026:01:35:04 +0200] "GET /index.php?loknya=/home/clients/9feeab47ed6ca1a1b2890343d7a99fd4/web/well-known/acme-challenge/a/f/j/c HTTP/1.1" 200 2236 "https://www.cityapartments.ch/index.php?loknya=/home/clients/9feeab47ed6ca1a1b2890343d7a99fd4/web/well-known/acme-challenge/a/f/j" "Mozilla/5.0 AppleWebKit/537.36 (KHTML, like Gecko; compatible; GPTBot/1.4; +https://openai.com/gptbot)" cityapartments.ch
74.7.227.35 - - [06/Jul/2026:01:35:07 +0200] "GET /index.php?loknya=/home/clients/9feeab47ed6ca1a1b2890343d7a99fd4/web/well-known/acme-challenge/a/f/j/a HTTP/1.1" 200 2238 "https://www.cityapartments.ch/index.php?loknya=/home/clients/9feeab47ed6ca1a1b2890343d7a99fd4/web/well-known/acme-challenge/a/f/j" "Mozilla/5.0 AppleWebKit/537.36 (KHTML, like Gecko; compatible; GPTBot/1.4; +https://openai.com/gptbot)" cityapartments.ch
216.73.217.114 - - [06/Jul/2026:01:35:08 +0200] "GET /index.php?loknya=%2Fhome%2Fclients%2F9feeab47ed6ca1a1b2890343d7a99fd4%2Fweb%2Fwp-content%2F404YAP%2F33-WHMCS-cp-web.txt404 HTTP/1.1" 200 2212 "-" "Mozilla/5.0 AppleWebKit/537.36 (KHTML, like Gecko; compatible; ClaudeBot/1.0; +claudebot@anthropic.com)" cityapartments.ch
74.7.227.35 - - [06/Jul/2026:01:35:10 +0200] "GET /index.php?loknya=/home/clients/9feeab47ed6ca1a1b2890343d7a99fd4/web/well-known/acme-challenge/a/f/j/j HTTP/1.1" 200 2198 "https://www.cityapartments.ch/index.php?loknya=/home/clients/9feeab47ed6ca1a1b2890343d7a99fd4/web/well-known/acme-challenge/a/f/j" "Mozilla/5.0 AppleWebKit/537.36 (KHTML, like Gecko; compatible; GPTBot/1.4; +https://openai.com/gptbot)" cityapartments.ch
216.73.217.114 - - [06/Jul/2026:01:35:11 +0200] "GET /index.php?loknya=%2Fhome%2Fclients%2F9feeab47ed6ca1a1b2890343d7a99fd4%2Fweb%2Fwp-content%2F404YAP%2F14-PrestaShop-web.txt404 HTTP/1.1" 200 2211 "-" "Mozilla/5.0 AppleWebKit/537.36 (KHTML, like Gecko; compatible; ClaudeBot/1.0; +claudebot@anthropic.com)" cityapartments.ch
74.7.227.35 - - [06/Jul/2026:01:35:13 +0200] "GET /index.php?loknya=/home/clients/9feeab47ed6ca1a1b2890343d7a99fd4/web/well-known/acme-challenge/a/f/j/b HTTP/1.1" 200 2234 "https://www.cityapartments.ch/index.php?loknya=/home/clients/9feeab47ed6ca1a1b2890343d7a99fd4/web/well-known/acme-challenge/a/f/j" "Mozilla/5.0 AppleWebKit/537.36 (KHTML, like Gecko; compatible; GPTBot/1.4; +https://openai.com/gptbot)" cityapartments.ch
216.73.217.114 - - [06/Jul/2026:01:35:14 +0200] "GET /index.php?loknya=%2Fhome%2Fclients%2F9feeab47ed6ca1a1b2890343d7a99fd4%2Fweb%2Fwp-content%2F404YAP%2F16-OpenCart-old-web.txt404 HTTP/1.1" 200 2212 "-" "Mozilla/5.0 AppleWebKit/537.36 (KHTML, like Gecko; compatible; ClaudeBot/1.0; +claudebot@anthropic.com)" cityapartments.ch
74.7.227.35 - - [06/Jul/2026:01:35:16 +0200] "GET /index.php?loknya=/home/clients/9feeab47ed6ca1a1b2890343d7a99fd4/web/well-known/acme-challenge/a/f/j/f HTTP/1.1" 200 2231 "https://www.cityapartments.ch/index.php?loknya=/home/clients/9feeab47ed6ca1a1b2890343d7a99fd4/web/well-known/acme-challenge/a/f/j" "Mozilla/5.0 AppleWebKit/537.36 (KHTML, like Gecko; compatible; GPTBot/1.4; +https://openai.com/gptbot)" cityapartments.ch
216.73.217.114 - - [06/Jul/2026:01:35:17 +0200] "GET /index.php?loknya=%2Fhome%2Fclients%2F9feeab47ed6ca1a1b2890343d7a99fd4%2Fweb%2Fwp-content%2F404YAP%2F28-OpenCart-oc-web.txt404 HTTP/1.1" 200 2212 "-" "Mozilla/5.0 AppleWebKit/537.36 (KHTML, like Gecko; compatible; ClaudeBot/1.0; +claudebot@anthropic.com)" cityapartments.ch
74.7.227.35 - - [06/Jul/2026:01:35:19 +0200] "GET /index.php?loknya=/ome/clients/9eeab47ed6ca1a1b2890343d7a99d4/web/well-known/acme-callenge/j/ HTTP/1.1" 200 2009 "https://www.cityapartments.ch/index.php?loknya=/ome/clients/9feeab47ed6ca1a1b2890343d7a99fd4/web/well-known/acme-callenge/j/f/" "Mozilla/5.0 AppleWebKit/537.36 (KHTML, like Gecko; compatible; GPTBot/1.4; +https://openai.com/gptbot)" cityapartments.ch
216.73.217.114 - - [06/Jul/2026:01:35:20 +0200] "GET /index.php?loknya=%2Fhome%2Fclients%2F9feeab47ed6ca1a1b2890343d7a99fd4%2Fweb%2Fwp-content%2F404YAP%2F16-OpenCart-store-web.txt404 HTTP/1.1" 200 2213 "-" "Mozilla/5.0 AppleWebKit/537.36 (KHTML, like Gecko; compatible; ClaudeBot/1.0; +claudebot@anthropic.com)" cityapartments.ch
74.7.227.35 - - [06/Jul/2026:01:35:23 +0200] "GET /index.php?loknya=/home/clients/9feeab47ed6ca1a1b2890343d7a99fd4/web/well-known/acme-challenge/a/f/j/e HTTP/1.1" 200 2246 "https://www.cityapartments.ch/index.php?loknya=/home/clients/9feeab47ed6ca1a1b2890343d7a99fd4/web/well-known/acme-challenge/a/f/j" "Mozilla/5.0 AppleWebKit/537.36 (KHTML, like Gecko; compatible; GPTBot/1.4; +https://openai.com/gptbot)" cityapartments.ch
216.73.217.114 - - [06/Jul/2026:01:35:23 +0200] "GET /index.php?lokasie=%2Fhome%2Fclients%2F9feeab47ed6ca1a1b2890343d7a99fd4%2Fweb%2Fwp-includes%2F%2Fclass-wp-block.php&loknya=%2Fhome%2Fclients%2F9feeab47ed6ca1a1b2890343d7a99fd4%2Fweb%2Fwp-includes%2F HTTP/1.1" 200 8386 "-" "Mozilla/5.0 AppleWebKit/537.36 (KHTML, like Gecko; compatible; ClaudeBot/1.0; +claudebot@anthropic.com)" cityapartments.ch
216.73.217.114 - - [06/Jul/2026:01:35:26 +0200] "GET /index.php?lokasie=%2Fhome%2Fclients%2F9feeab47ed6ca1a1b2890343d7a99fd4%2Fweb%2Fwp-admin%2Fms-users.php&loknya=%2Fhome%2Fclients%2F9feeab47ed6ca1a1b2890343d7a99fd4%2Fweb%2Fwp-admin HTTP/1.1" 200 1881 "-" "Mozilla/5.0 AppleWebKit/537.36 (KHTML, like Gecko; compatible; ClaudeBot/1.0; +claudebot@anthropic.com)" cityapartments.ch
74.7.227.35 - - [06/Jul/2026:01:35:26 +0200] "GET /index.php?loknya=/home/clients/9feeab47ed6ca1a1b2890343d7a99fd4/web/well-known/acme-challenge/a/f/j/k HTTP/1.1" 200 2229 "https://www.cityapartments.ch/index.php?loknya=/home/clients/9feeab47ed6ca1a1b2890343d7a99fd4/web/well-known/acme-challenge/a/f/j" "Mozilla/5.0 AppleWebKit/537.36 (KHTML, like Gecko; compatible; GPTBot/1.4; +https://openai.com/gptbot)" cityapartments.ch
216.73.217.114 - - [06/Jul/2026:01:35:29 +0200] "GET /index.php?loknya=%2Fhome%2Fclients%2F9feeab47ed6ca1a1b2890343d7a99fd4%2Fweb%2Fwp-content%2F404YAP%2F25-OpenCart-old-web.txt404 HTTP/1.1" 200 2212 "-" "Mozilla/5.0 AppleWebKit/537.36 (KHTML, like Gecko; compatible; ClaudeBot/1.0; +claudebot@anthropic.com)" cityapartments.ch
74.7.227.35 - - [06/Jul/2026:01:35:29 +0200] "GET /index.php?loknya=/home/clients/9feeab47ed6ca1a1b2890343d7a99fd4/web/well-known/acme-challenge/a/f/j/d HTTP/1.1" 200 2234 "https://www.cityapartments.ch/index.php?loknya=/home/clients/9feeab47ed6ca1a1b2890343d7a99fd4/web/well-known/acme-challenge/a/f/j" "Mozilla/5.0 AppleWebKit/537.36 (KHTML, like Gecko; compatible; GPTBot/1.4; +https://openai.com/gptbot)" cityapartments.ch
216.73.217.114 - - [06/Jul/2026:01:35:32 +0200] "GET /index.php?loknya=%2Fhome%2Fclients%2F9feeab47ed6ca1a1b2890343d7a99fd4%2Fweb%2Fwp-content%2F404YAP%2F25-OpenCart-store-web.txt404 HTTP/1.1" 200 2213 "-" "Mozilla/5.0 AppleWebKit/537.36 (KHTML, like Gecko; compatible; ClaudeBot/1.0; +claudebot@anthropic.com)" cityapartments.ch
74.7.227.35 - - [06/Jul/2026:01:35:32 +0200] "GET /index.php?loknya=/ome/clients/9feeab47ed6ca1a1b2890343d7a99fd4/web/well-known/acme-callenge/a/f/j/ HTTP/1.1" 200 2026 "https://www.cityapartments.ch/index.php?loknya=/home/clients/9feeab47ed6ca1a1b2890343d7a99fd4/web/well-known/acme-challenge/a/f/j/h" "Mozilla/5.0 AppleWebKit/537.36 (KHTML, like Gecko; compatible; GPTBot/1.4; +https://openai.com/gptbot)" cityapartments.ch
216.73.217.114 - - [06/Jul/2026:01:35:35 +0200] "GET /index.php?loknya=%2Fhome%2Fclients%2F9feeab47ed6ca1a1b2890343d7a99fd4%2Fweb%2Fwp-content%2F404YAP%2F7-WHMCS-customers-web.txt404 HTTP/1.1" 200 2214 "-" "Mozilla/5.0 AppleWebKit/537.36 (KHTML, like Gecko; compatible; ClaudeBot/1.0; +claudebot@anthropic.com)" cityapartments.ch
74.7.227.35 - - [06/Jul/2026:01:35:35 +0200] "GET /index.php?loknya=/home/clients/9feeab47ed6ca1a1b2890343d7a99fd4/web/well-known/acme-challene/a/f/j/ HTTP/1.1" 200 2027 "https://www.cityapartments.ch/index.php?loknya=/home/clients/9feeab47ed6ca1a1b2890343d7a99fd4/web/well-known/acme-challenge/a/f/j/g" "Mozilla/5.0 AppleWebKit/537.36 (KHTML, like Gecko; compatible; GPTBot/1.4; +https://openai.com/gptbot)" cityapartments.ch
216.73.217.114 - - [06/Jul/2026:01:35:38 +0200] "GET /index.php?loknya=%2Fhome%2Fclients%2F9feeab47ed6ca1a1b2890343d7a99fd4%2Fweb%2Fwp-content%2F404YAP%2F26-PrestaShop-web.txt404 HTTP/1.1" 200 2210 "-" "Mozilla/5.0 AppleWebKit/537.36 (KHTML, like Gecko; compatible; ClaudeBot/1.0; +claudebot@anthropic.com)" cityapartments.ch
74.7.227.35 - - [06/Jul/2026:01:35:38 +0200] "GET /index.php?loknya=/home/lients/9feeab47ed6a1a1b2890343d7a99fd4/web/well-known/ame-hallenge/a/f/j/ HTTP/1.1" 200 2024 "https://www.cityapartments.ch/index.php?loknya=/home/clients/9feeab47ed6ca1a1b2890343d7a99fd4/web/well-known/acme-challenge/a/f/j/c" "Mozilla/5.0 AppleWebKit/537.36 (KHTML, like Gecko; compatible; GPTBot/1.4; +https://openai.com/gptbot)" cityapartments.ch
74.7.227.35 - - [06/Jul/2026:01:35:41 +0200] "GET /index.php?loknya=/home/clents/9feeab47ed6ca1a1b2890343d7a99fd4/web/well-known/acme-challenge/a/f/j/ HTTP/1.1" 200 2027 "https://www.cityapartments.ch/index.php?loknya=/home/clients/9feeab47ed6ca1a1b2890343d7a99fd4/web/well-known/acme-challenge/a/f/j/i" "Mozilla/5.0 AppleWebKit/537.36 (KHTML, like Gecko; compatible; GPTBot/1.4; +https://openai.com/gptbot)" cityapartments.ch
216.73.217.114 - - [06/Jul/2026:01:35:41 +0200] "GET /index.php?lokasie=%2Fhome%2Fclients%2F9feeab47ed6ca1a1b2890343d7a99fd4%2Fweb%2Fwp-content%2F404YAP%2F33-Drupal-web.txt404%2F.htaccess&loknya=%2Fhome%2Fclients%2F9feeab47ed6ca1a1b2890343d7a99fd4%2Fweb%2Fwp-content%2F404YAP%2F33-Drupal-web.txt404 HTTP/1.1" 200 1889 "-" "Mozilla/5.0 AppleWebKit/537.36 (KHTML, like Gecko; compatible; ClaudeBot/1.0; +claudebot@anthropic.com)" cityapartments.ch
216.73.217.114 - - [06/Jul/2026:01:35:44 +0200] "GET /index.php?loknya=%2Fhome%2Fclients%2F9feeab47ed6ca1a1b2890343d7a99fd4%2Fweb%2Fwp-content%2F404YAP%2F25-WHMCS-my-web.txt404 HTTP/1.1" 200 2210 "-" "Mozilla/5.0 AppleWebKit/537.36 (KHTML, like Gecko; compatible; ClaudeBot/1.0; +claudebot@anthropic.com)" cityapartments.ch
74.7.227.35 - - [06/Jul/2026:01:35:45 +0200] "GET /index.php?loknya=/home/clients/9eeab47ed6ca1a1b2890343d7a99d4/web/well-nown/acme-challenge/j/h/ HTTP/1.1" 200 2021 "https://www.cityapartments.ch/index.php?loknya=/home/clients/9feeab47ed6ca1a1b2890343d7a99fd4/web/well-nown/acme-challenge/j/h/f/" "Mozilla/5.0 AppleWebKit/537.36 (KHTML, like Gecko; compatible; GPTBot/1.4; +https://openai.com/gptbot)" cityapartments.ch
216.73.217.114 - - [06/Jul/2026:01:35:47 +0200] "GET /index.php?lokasie=%2Fhome%2Fclients%2F9feeab47ed6ca1a1b2890343d7a99fd4%2Fweb%2Fwp-includes%2Fjs%2Fthickbox%2FloadingAnimation.gif&loknya=%2Fhome%2Fclients%2F9feeab47ed6ca1a1b2890343d7a99fd4%2Fweb%2Fwp-includes%2Fjs%2Fthickbox HTTP/1.1" 200 1778 "-" "Mozilla/5.0 AppleWebKit/537.36 (KHTML, like Gecko; compatible; ClaudeBot/1.0; +claudebot@anthropic.com)" cityapartments.ch
74.7.227.35 - - [06/Jul/2026:01:35:48 +0200] "GET /index.php?loknya=/home/clients/9feea47ed6ca1a12890343d7a99fd4/we/well-known/acme-challenge/a/f/j/ HTTP/1.1" 200 2026 "https://www.cityapartments.ch/index.php?loknya=/home/clients/9feeab47ed6ca1a1b2890343d7a99fd4/web/well-known/acme-challenge/a/f/j/b" "Mozilla/5.0 AppleWebKit/537.36 (KHTML, like Gecko; compatible; GPTBot/1.4; +https://openai.com/gptbot)" cityapartments.ch
216.73.217.114 - - [06/Jul/2026:01:35:50 +0200] "GET /index.php?lokasie=%2Fhome%2Fclients%2F9feeab47ed6ca1a1b2890343d7a99fd4%2Fweb%2Fwp-includes%2F%2Fms-deprecated.php&loknya=%2Fhome%2Fclients%2F9feeab47ed6ca1a1b2890343d7a99fd4%2Fweb%2Fwp-includes%2F HTTP/1.1" 200 8042 "-" "Mozilla/5.0 AppleWebKit/537.36 (KHTML, like Gecko; compatible; ClaudeBot/1.0; +claudebot@anthropic.com)" cityapartments.ch
74.7.227.35 - - [06/Jul/2026:01:35:51 +0200] "GET /index.php?loknya=/home/lients/9feeab47ed6a1a1b2890343d7a99fd4/web/well-known/ame-hallenge/j/h/f HTTP/1.1" 200 2028 "https://www.cityapartments.ch/index.php?loknya=/home/lients/9feeab47ed6a1a1b2890343d7a99fd4/web/well-known/ame-hallenge/j/h/f/" "Mozilla/5.0 AppleWebKit/537.36 (KHTML, like Gecko; compatible; GPTBot/1.4; +https://openai.com/gptbot)" cityapartments.ch
216.73.217.114 - - [06/Jul/2026:01:35:53 +0200] "GET /index.php?loknya=%2Fhome%2Fclients%2F9feeab47ed6ca1a1b2890343d7a99fd4%2Fweb%2Fwp-content%2F404YAP%2F44-Magento-store-web.txt404 HTTP/1.1" 200 2214 "-" "Mozilla/5.0 AppleWebKit/537.36 (KHTML, like Gecko; compatible; ClaudeBot/1.0; +claudebot@anthropic.com)" cityapartments.ch
74.7.227.35 - - [06/Jul/2026:01:35:54 +0200] "GET /index.php?loknya=/ome/clients/9eeab47ed6ca1a1b2890343d7a99d4/web/well-known/acme-callenge/j HTTP/1.1" 200 2006 "https://www.cityapartments.ch/index.php?loknya=/ome/clients/9eeab47ed6ca1a1b2890343d7a99d4/web/well-known/acme-callenge/j/" "Mozilla/5.0 AppleWebKit/537.36 (KHTML, like Gecko; compatible; GPTBot/1.4; +https://openai.com/gptbot)" cityapartments.ch
216.73.217.114 - - [06/Jul/2026:01:35:56 +0200] "GET /index.php?lokasie=%2Fhome%2Fclients%2F9feeab47ed6ca1a1b2890343d7a99fd4%2Fweb%2Fwp-includes%2F%2Ffeed.php&loknya=%2Fhome%2Fclients%2F9feeab47ed6ca1a1b2890343d7a99fd4%2Fweb%2Fwp-includes%2F HTTP/1.1" 200 8357 "-" "Mozilla/5.0 AppleWebKit/537.36 (KHTML, like Gecko; compatible; ClaudeBot/1.0; +claudebot@anthropic.com)" cityapartments.ch
74.7.227.35 - - [06/Jul/2026:01:35:57 +0200] "GET /index.php?loknya=/hom/clints/9fab47d6ca1a1b2890343d7a99fd4/wb/wll-known/acm-challng/a/f/j/ HTTP/1.1" 200 2019 "https://www.cityapartments.ch/index.php?loknya=/home/clients/9feeab47ed6ca1a1b2890343d7a99fd4/web/well-known/acme-challenge/a/f/j/e" "Mozilla/5.0 AppleWebKit/537.36 (KHTML, like Gecko; compatible; GPTBot/1.4; +https://openai.com/gptbot)" cityapartments.ch
216.73.217.114 - - [06/Jul/2026:01:35:59 +0200] "GET /index.php?loknya=%2Fhome%2Fclients%2F9feeab47ed6ca1a1b2890343d7a99fd4%2Fweb%2Fwp-content%2F404YAP%2F41-WHMCS-account-web.txt404 HTTP/1.1" 200 2215 "-" "Mozilla/5.0 AppleWebKit/537.36 (KHTML, like Gecko; compatible; ClaudeBot/1.0; +claudebot@anthropic.com)" cityapartments.ch
74.7.227.35 - - [06/Jul/2026:01:36:00 +0200] "GET /index.php?loknya=/home/clients/9feeab47ed6ca1a1b2890343d7a99fd4/web/well-nown/acme-challenge/a/f/j/ HTTP/1.1" 200 2027 "https://www.cityapartments.ch/index.php?loknya=/home/clients/9feeab47ed6ca1a1b2890343d7a99fd4/web/well-known/acme-challenge/a/f/j/k" "Mozilla/5.0 AppleWebKit/537.36 (KHTML, like Gecko; compatible; GPTBot/1.4; +https://openai.com/gptbot)" cityapartments.ch
74.7.227.35 - - [06/Jul/2026:01:36:03 +0200] "GET /index.php?loknya=/home/clients/9feeab47e6ca1a1b28903437a99f4/web/well-known/acme-challenge/a/f/j/ HTTP/1.1" 200 2025 "https://www.cityapartments.ch/index.php?loknya=/home/clients/9feeab47ed6ca1a1b2890343d7a99fd4/web/well-known/acme-challenge/a/f/j/d" "Mozilla/5.0 AppleWebKit/537.36 (KHTML, like Gecko; compatible; GPTBot/1.4; +https://openai.com/gptbot)" cityapartments.ch
216.73.217.114 - - [06/Jul/2026:01:36:04 +0200] "GET /index.php?loknya=%2Fhome%2Fclients%2F9feeab47ed6ca1a1b2890343d7a99fd4%2Fweb%2Fwp-content%2F404YAP%2F10-WHMCS-manage-web.txt404 HTTP/1.1" 200 2213 "-" "Mozilla/5.0 AppleWebKit/537.36 (KHTML, like Gecko; compatible; ClaudeBot/1.0; +claudebot@anthropic.com)" cityapartments.ch
74.7.227.35 - - [06/Jul/2026:01:36:07 +0200] "GET /index.php?loknya=/ome/clients/9feeab47ed6ca1a1b2890343d7a99fd4/web/well-known/acme-callenge/a/f/j HTTP/1.1" 200 2023 "https://www.cityapartments.ch/index.php?loknya=/ome/clients/9feeab47ed6ca1a1b2890343d7a99fd4/web/well-known/acme-callenge/a/f/j/" "Mozilla/5.0 AppleWebKit/537.36 (KHTML, like Gecko; compatible; GPTBot/1.4; +https://openai.com/gptbot)" cityapartments.ch
216.73.217.114 - - [06/Jul/2026:01:36:07 +0200] "GET /index.php?lokasie=%2Fhome%2Fclients%2F9feeab47ed6ca1a1b2890343d7a99fd4%2Fweb%2Fwp-includes%2Fdeprecated.php&loknya=%2Fhome%2Fclients%2F9feeab47ed6ca1a1b2890343d7a99fd4%2Fweb%2Fwp-includes HTTP/1.1" 200 45030 "-" "Mozilla/5.0 AppleWebKit/537.36 (KHTML, like Gecko; compatible; ClaudeBot/1.0; +claudebot@anthropic.com)" cityapartments.ch
74.7.227.35 - - [06/Jul/2026:01:36:10 +0200] "GET /index.php?loknya=/home/clients/9feeb47ed6c11b2890343d799fd4/web/well-known/cme-chllenge/j/h/f HTTP/1.1" 200 2025 "https://www.cityapartments.ch/index.php?loknya=/home/clients/9feeb47ed6c11b2890343d799fd4/web/well-known/cme-chllenge/j/h/f/" "Mozilla/5.0 AppleWebKit/537.36 (KHTML, like Gecko; compatible; GPTBot/1.4; +https://openai.com/gptbot)" cityapartments.ch
