74.7.227.35 - - [06/Jul/2026:02:06:10 +0200] "GET /index.php?loknya=/home/clients/9feeab47ed6ca1a1b2890343d7a99fd4/web/well-known/acme-challenge/h/k/d HTTP/1.1" 200 2551 "https://www.cityapartments.ch/index.php?loknya=/home/clients/9feeab47ed6ca1a1b2890343d7a99fd4/web/well-known/acme-challenge/h/k/" "Mozilla/5.0 AppleWebKit/537.36 (KHTML, like Gecko; compatible; GPTBot/1.4; +https://openai.com/gptbot)" cityapartments.ch
52.167.144.25 - - [06/Jul/2026:02:06:10 +0200] "GET /m/enemy40112347.htm HTTP/1.1" 404 991 "-" "Mozilla/5.0 AppleWebKit/537.36 (KHTML, like Gecko; compatible; bingbot/2.0; +http://www.bing.com/bingbot.htm) Chrome/116.0.1938.76 Safari/537.36" cityapartments.ch
74.7.227.35 - - [06/Jul/2026:02:06:13 +0200] "GET /index.php?loknya=/home/clients/9feeab47ed6ca1a1b2890343d7a99fd4/web/well-known/acme-challenge/h/k/h/e HTTP/1.1" 200 2244 "https://www.cityapartments.ch/index.php?loknya=/home/clients/9feeab47ed6ca1a1b2890343d7a99fd4/web/well-known/acme-challenge/h/k/h" "Mozilla/5.0 AppleWebKit/537.36 (KHTML, like Gecko; compatible; GPTBot/1.4; +https://openai.com/gptbot)" cityapartments.ch
74.7.227.35 - - [06/Jul/2026:02:06:16 +0200] "GET /index.php?loknya=/home/clients/9feeab47ed6ca1a1b2890343d7a99fd4/web/well-known/acme-challenge/h/k/c/j HTTP/1.1" 200 2202 "https://www.cityapartments.ch/index.php?loknya=/home/clients/9feeab47ed6ca1a1b2890343d7a99fd4/web/well-known/acme-challenge/h/k/c" "Mozilla/5.0 AppleWebKit/537.36 (KHTML, like Gecko; compatible; GPTBot/1.4; +https://openai.com/gptbot)" cityapartments.ch
74.7.227.35 - - [06/Jul/2026:02:06:19 +0200] "GET /index.php?loknya=/home/clients/9feeab47ed6ca1a1b2890343d7a99fd4/web/well-known/acme-challenge/h/k/h/d HTTP/1.1" 200 2232 "https://www.cityapartments.ch/index.php?loknya=/home/clients/9feeab47ed6ca1a1b2890343d7a99fd4/web/well-known/acme-challenge/h/k/h" "Mozilla/5.0 AppleWebKit/537.36 (KHTML, like Gecko; compatible; GPTBot/1.4; +https://openai.com/gptbot)" cityapartments.ch
74.7.227.35 - - [06/Jul/2026:02:06:22 +0200] "GET /index.php?loknya=/home/clients/9feeab47ed6ca1a1b2890343d7a99fd4/web/well-known/acme-challenge/h/k/c/e HTTP/1.1" 200 2245 "https://www.cityapartments.ch/index.php?loknya=/home/clients/9feeab47ed6ca1a1b2890343d7a99fd4/web/well-known/acme-challenge/h/k/c" "Mozilla/5.0 AppleWebKit/537.36 (KHTML, like Gecko; compatible; GPTBot/1.4; +https://openai.com/gptbot)" cityapartments.ch
74.7.227.35 - - [06/Jul/2026:02:06:26 +0200] "GET /index.php?loknya=/home/clients/9feeab47ed6ca1a1b2890343d7a99fd4/web/well-known/acme-challenge/h/k/c/h HTTP/1.1" 200 2232 "https://www.cityapartments.ch/index.php?loknya=/home/clients/9feeab47ed6ca1a1b2890343d7a99fd4/web/well-known/acme-challenge/h/k/c" "Mozilla/5.0 AppleWebKit/537.36 (KHTML, like Gecko; compatible; GPTBot/1.4; +https://openai.com/gptbot)" cityapartments.ch
74.7.227.35 - - [06/Jul/2026:02:06:29 +0200] "GET /index.php?loknya=/home/clients/9feeab47ed6ca1a1b2890343d7a99fd4/web/well-known/acme-challenge/h/k/h/g HTTP/1.1" 200 2226 "https://www.cityapartments.ch/index.php?loknya=/home/clients/9feeab47ed6ca1a1b2890343d7a99fd4/web/well-known/acme-challenge/h/k/h" "Mozilla/5.0 AppleWebKit/537.36 (KHTML, like Gecko; compatible; GPTBot/1.4; +https://openai.com/gptbot)" cityapartments.ch
74.7.227.35 - - [06/Jul/2026:02:06:32 +0200] "GET /index.php?loknya=/home/clients/9feeab47ed6ca1a1b2890343d7a99fd4/web/well-known/acme-challenge/h/k/h/c HTTP/1.1" 200 2234 "https://www.cityapartments.ch/index.php?loknya=/home/clients/9feeab47ed6ca1a1b2890343d7a99fd4/web/well-known/acme-challenge/h/k/h" "Mozilla/5.0 AppleWebKit/537.36 (KHTML, like Gecko; compatible; GPTBot/1.4; +https://openai.com/gptbot)" cityapartments.ch
74.7.227.35 - - [06/Jul/2026:02:06:35 +0200] "GET /index.php?loknya=/home/clients/9feeab47ed6ca1a1b2890343d7a99fd4/web/well-known/acme-challenge/h/k/f/i HTTP/1.1" 200 2229 "https://www.cityapartments.ch/index.php?loknya=/home/clients/9feeab47ed6ca1a1b2890343d7a99fd4/web/well-known/acme-challenge/h/k/f" "Mozilla/5.0 AppleWebKit/537.36 (KHTML, like Gecko; compatible; GPTBot/1.4; +https://openai.com/gptbot)" cityapartments.ch
74.7.227.35 - - [06/Jul/2026:02:06:38 +0200] "GET /index.php?loknya=/home/clients/9feeab47ed6ca1a1b2890343d7a99fd4/web/well-known/acme-challenge/h/k/f/g HTTP/1.1" 200 2228 "https://www.cityapartments.ch/index.php?loknya=/home/clients/9feeab47ed6ca1a1b2890343d7a99fd4/web/well-known/acme-challenge/h/k/f" "Mozilla/5.0 AppleWebKit/537.36 (KHTML, like Gecko; compatible; GPTBot/1.4; +https://openai.com/gptbot)" cityapartments.ch
74.7.227.35 - - [06/Jul/2026:02:06:41 +0200] "GET /index.php?loknya=/home/clients/9feeab47ed6ca1a1b2890343d7a99fd4/web/well-known/acme-challenge/h/k/h/h HTTP/1.1" 200 2230 "https://www.cityapartments.ch/index.php?loknya=/home/clients/9feeab47ed6ca1a1b2890343d7a99fd4/web/well-known/acme-challenge/h/k/h" "Mozilla/5.0 AppleWebKit/537.36 (KHTML, like Gecko; compatible; GPTBot/1.4; +https://openai.com/gptbot)" cityapartments.ch
74.7.227.35 - - [06/Jul/2026:02:06:45 +0200] "GET /index.php?loknya=/home/clients/9feeab47ed6ca1a1b2890343d7a99fd4/web/well-known/acme-challenge/h/k/d/e HTTP/1.1" 200 2245 "https://www.cityapartments.ch/index.php?loknya=/home/clients/9feeab47ed6ca1a1b2890343d7a99fd4/web/well-known/acme-challenge/h/k/d" "Mozilla/5.0 AppleWebKit/537.36 (KHTML, like Gecko; compatible; GPTBot/1.4; +https://openai.com/gptbot)" cityapartments.ch
52.167.144.25 - - [06/Jul/2026:02:06:46 +0200] "GET /m/scan11247456.htm HTTP/1.1" 404 991 "-" "Mozilla/5.0 AppleWebKit/537.36 (KHTML, like Gecko; compatible; bingbot/2.0; +http://www.bing.com/bingbot.htm) Chrome/116.0.1938.76 Safari/537.36" cityapartments.ch
74.7.227.35 - - [06/Jul/2026:02:06:48 +0200] "GET /index.php?loknya=/hom/clints/9fab47d6ca1a1b2890343d7a99fd4/wb/wll-known/acm-challng/h/k/h/ HTTP/1.1" 200 2022 "https://www.cityapartments.ch/index.php?loknya=/home/clients/9feeab47ed6ca1a1b2890343d7a99fd4/web/well-known/acme-challenge/h/k/h/e" "Mozilla/5.0 AppleWebKit/537.36 (KHTML, like Gecko; compatible; GPTBot/1.4; +https://openai.com/gptbot)" cityapartments.ch
74.7.227.35 - - [06/Jul/2026:02:06:51 +0200] "GET /index.php?loknya=/home/clients/9feeab47ed6ca1a1b2890343d7a99fd4/web/well-known/acme-challenge/h/k/c/ HTTP/1.1" 200 2554 "https://www.cityapartments.ch/index.php?loknya=/home/clients/9feeab47ed6ca1a1b2890343d7a99fd4/web/well-known/acme-challenge/h/k/c/j" "Mozilla/5.0 AppleWebKit/537.36 (KHTML, like Gecko; compatible; GPTBot/1.4; +https://openai.com/gptbot)" cityapartments.ch
114.119.144.179 - - [06/Jul/2026:02:06:54 +0200] "GET /wp-login.php?loknya=/home/clients/9feeab47ed6ca1a1b2890343d7a99fd4/web/well-known/acme-challenge/k/k/g HTTP/1.1" 200 2547 "http://cityapartments.ch/wp-login.php?loknya=/home/clients/9feeab47ed6ca1a1b2890343d7a99fd4/web/well-known/acme-challenge/k/k" "Mozilla/5.0 (Linux; Android 7.0;) AppleWebKit/537.36 (HTML, like Gecko) Mobile Safari/537.36 (compatible; PetalBot;+https://webmaster.petalsearch.com/site/petalbot)" cityapartments.ch
74.7.227.35 - - [06/Jul/2026:02:06:54 +0200] "GET /index.php?loknya=/home/clients/9feeab47e6ca1a1b28903437a99f4/web/well-known/acme-challenge/h/k/h/ HTTP/1.1" 200 2025 "https://www.cityapartments.ch/index.php?loknya=/home/clients/9feeab47ed6ca1a1b2890343d7a99fd4/web/well-known/acme-challenge/h/k/h/d" "Mozilla/5.0 AppleWebKit/537.36 (KHTML, like Gecko; compatible; GPTBot/1.4; +https://openai.com/gptbot)" cityapartments.ch
74.7.227.35 - - [06/Jul/2026:02:06:57 +0200] "GET /index.php?loknya=/hom/clints/9fab47d6ca1a1b2890343d7a99fd4/wb/wll-known/acm-challng/h/k/c/ HTTP/1.1" 200 2029 "https://www.cityapartments.ch/index.php?loknya=/home/clients/9feeab47ed6ca1a1b2890343d7a99fd4/web/well-known/acme-challenge/h/k/c/e" "Mozilla/5.0 AppleWebKit/537.36 (KHTML, like Gecko; compatible; GPTBot/1.4; +https://openai.com/gptbot)" cityapartments.ch
52.167.144.25 - - [06/Jul/2026:02:06:58 +0200] "GET /m/vibra22879289.htm HTTP/1.1" 404 991 "-" "Mozilla/5.0 AppleWebKit/537.36 (KHTML, like Gecko; compatible; bingbot/2.0; +http://www.bing.com/bingbot.htm) Chrome/116.0.1938.76 Safari/537.36" cityapartments.ch
74.7.227.35 - - [06/Jul/2026:02:07:00 +0200] "GET /index.php?loknya=/home/clients/9feeab47ed6ca1a1b2890343d7a99fd4/web/well-known/acme-challenge/h/k/f/a HTTP/1.1" 200 2240 "https://www.cityapartments.ch/index.php?loknya=/home/clients/9feeab47ed6ca1a1b2890343d7a99fd4/web/well-known/acme-challenge/h/k/f" "Mozilla/5.0 AppleWebKit/537.36 (KHTML, like Gecko; compatible; GPTBot/1.4; +https://openai.com/gptbot)" cityapartments.ch
74.7.227.35 - - [06/Jul/2026:02:07:03 +0200] "GET /index.php?loknya=/home/clients/9feeab47ed6ca1a1b2890343d7a99fd4/web/well-known/acme-challene/h/k/h/ HTTP/1.1" 200 2026 "https://www.cityapartments.ch/index.php?loknya=/home/clients/9feeab47ed6ca1a1b2890343d7a99fd4/web/well-known/acme-challenge/h/k/h/g" "Mozilla/5.0 AppleWebKit/537.36 (KHTML, like Gecko; compatible; GPTBot/1.4; +https://openai.com/gptbot)" cityapartments.ch
40.77.167.58 - - [06/Jul/2026:02:07:05 +0200] "GET /m/profi50834060.htm HTTP/1.1" 404 991 "-" "Mozilla/5.0 AppleWebKit/537.36 (KHTML, like Gecko; compatible; bingbot/2.0; +http://www.bing.com/bingbot.htm) Chrome/116.0.1938.76 Safari/537.36" cityapartments.ch
74.7.227.35 - - [06/Jul/2026:02:07:06 +0200] "GET /index.php?loknya=/home/lients/9feeab47ed6a1a1b2890343d7a99fd4/web/well-known/ame-hallenge/h/k/h/ HTTP/1.1" 200 2027 "https://www.cityapartments.ch/index.php?loknya=/home/clients/9feeab47ed6ca1a1b2890343d7a99fd4/web/well-known/acme-challenge/h/k/h/c" "Mozilla/5.0 AppleWebKit/537.36 (KHTML, like Gecko; compatible; GPTBot/1.4; +https://openai.com/gptbot)" cityapartments.ch
52.167.144.25 - - [06/Jul/2026:02:07:10 +0200] "GET /m/tooth70724318.htm HTTP/1.1" 404 991 "-" "Mozilla/5.0 AppleWebKit/537.36 (KHTML, like Gecko; compatible; bingbot/2.0; +http://www.bing.com/bingbot.htm) Chrome/116.0.1938.76 Safari/537.36" cityapartments.ch
74.7.227.35 - - [06/Jul/2026:02:07:09 +0200] "GET /index.php?loknya=/home/clients/9feeab47ed6ca1a1b2890343d7a99fd4/web/well-known/acme-challenge/h/k/c/b HTTP/1.1" 200 2234 "https://www.cityapartments.ch/index.php?loknya=/home/clients/9feeab47ed6ca1a1b2890343d7a99fd4/web/well-known/acme-challenge/h/k/c" "Mozilla/5.0 AppleWebKit/537.36 (KHTML, like Gecko; compatible; GPTBot/1.4; +https://openai.com/gptbot)" cityapartments.ch
74.7.227.35 - - [06/Jul/2026:02:07:12 +0200] "GET /index.php?loknya=/home/clients/9feeab47ed6ca1a1b2890343d7a99fd4/web/well-known/acme-challene/h/k/f/ HTTP/1.1" 200 2032 "https://www.cityapartments.ch/index.php?loknya=/home/clients/9feeab47ed6ca1a1b2890343d7a99fd4/web/well-known/acme-challenge/h/k/f/g" "Mozilla/5.0 AppleWebKit/537.36 (KHTML, like Gecko; compatible; GPTBot/1.4; +https://openai.com/gptbot)" cityapartments.ch
74.7.227.35 - - [06/Jul/2026:02:07:16 +0200] "GET /index.php?loknya=/home/clients/9feeab47ed6ca1a1b2890343d7a99fd4/web/well-known/acme-challenge/h/k/d/a HTTP/1.1" 200 2240 "https://www.cityapartments.ch/index.php?loknya=/home/clients/9feeab47ed6ca1a1b2890343d7a99fd4/web/well-known/acme-challenge/h/k/d" "Mozilla/5.0 AppleWebKit/537.36 (KHTML, like Gecko; compatible; GPTBot/1.4; +https://openai.com/gptbot)" cityapartments.ch
74.7.227.35 - - [06/Jul/2026:02:07:19 +0200] "GET /index.php?loknya=/hom/clints/9fab47d6ca1a1b2890343d7a99fd4/wb/wll-known/acm-challng/h/k/d/ HTTP/1.1" 200 2028 "https://www.cityapartments.ch/index.php?loknya=/home/clients/9feeab47ed6ca1a1b2890343d7a99fd4/web/well-known/acme-challenge/h/k/d/e" "Mozilla/5.0 AppleWebKit/537.36 (KHTML, like Gecko; compatible; GPTBot/1.4; +https://openai.com/gptbot)" cityapartments.ch
74.7.227.35 - - [06/Jul/2026:02:07:22 +0200] "GET /index.php?loknya=/hom/clints/9fab47d6ca1a1b2890343d7a99fd4/wb/wll-known/acm-challng/h/k/h HTTP/1.1" 200 2019 "https://www.cityapartments.ch/index.php?loknya=/hom/clints/9fab47d6ca1a1b2890343d7a99fd4/wb/wll-known/acm-challng/h/k/h/" "Mozilla/5.0 AppleWebKit/537.36 (KHTML, like Gecko; compatible; GPTBot/1.4; +https://openai.com/gptbot)" cityapartments.ch
74.7.227.35 - - [06/Jul/2026:02:07:25 +0200] "GET /index.php?loknya=/home/clients/9feeab47ed6ca1a1b2890343d7a99fd4/web/well-known/acme-challenge/h/k/f/j HTTP/1.1" 200 2203 "https://www.cityapartments.ch/index.php?loknya=/home/clients/9feeab47ed6ca1a1b2890343d7a99fd4/web/well-known/acme-challenge/h/k/f" "Mozilla/5.0 AppleWebKit/537.36 (KHTML, like Gecko; compatible; GPTBot/1.4; +https://openai.com/gptbot)" cityapartments.ch
74.7.227.35 - - [06/Jul/2026:02:07:28 +0200] "GET /index.php?loknya=/home/clients/9feeab47ed6ca1a1b2890343d7a99fd4/web/well-known/acme-challenge/h/k/f/h HTTP/1.1" 200 2233 "https://www.cityapartments.ch/index.php?loknya=/home/clients/9feeab47ed6ca1a1b2890343d7a99fd4/web/well-known/acme-challenge/h/k/f" "Mozilla/5.0 AppleWebKit/537.36 (KHTML, like Gecko; compatible; GPTBot/1.4; +https://openai.com/gptbot)" cityapartments.ch
74.7.227.35 - - [06/Jul/2026:02:07:31 +0200] "GET /index.php?loknya=/hom/clints/9fab47d6ca1a1b2890343d7a99fd4/wb/wll-known/acm-challng/h/k/c HTTP/1.1" 200 2027 "https://www.cityapartments.ch/index.php?loknya=/hom/clints/9fab47d6ca1a1b2890343d7a99fd4/wb/wll-known/acm-challng/h/k/c/" "Mozilla/5.0 AppleWebKit/537.36 (KHTML, like Gecko; compatible; GPTBot/1.4; +https://openai.com/gptbot)" cityapartments.ch
74.7.227.35 - - [06/Jul/2026:02:07:34 +0200] "GET /index.php?loknya=/home/clients/9feeab47ed6ca1a1b2890343d7a99fd4/web/well-known/acme-challenge/h/k/d/f HTTP/1.1" 200 2232 "https://www.cityapartments.ch/index.php?loknya=/home/clients/9feeab47ed6ca1a1b2890343d7a99fd4/web/well-known/acme-challenge/h/k/d" "Mozilla/5.0 AppleWebKit/537.36 (KHTML, like Gecko; compatible; GPTBot/1.4; +https://openai.com/gptbot)" cityapartments.ch
74.7.227.35 - - [06/Jul/2026:02:07:38 +0200] "GET /index.php?loknya=/home/clients/9feeab47ed6ca1a1b2890343d7a99fd4/web/well-known/acme-challenge/h/k/d/g HTTP/1.1" 200 2228 "https://www.cityapartments.ch/index.php?loknya=/home/clients/9feeab47ed6ca1a1b2890343d7a99fd4/web/well-known/acme-challenge/h/k/d" "Mozilla/5.0 AppleWebKit/537.36 (KHTML, like Gecko; compatible; GPTBot/1.4; +https://openai.com/gptbot)" cityapartments.ch
74.7.227.35 - - [06/Jul/2026:02:07:41 +0200] "GET /index.php?loknya=/home/clients/9feeab47ed6ca1a1b2890343d7a99fd4/web/well-known/acme-challenge/h/k/d/h HTTP/1.1" 200 2232 "https://www.cityapartments.ch/index.php?loknya=/home/clients/9feeab47ed6ca1a1b2890343d7a99fd4/web/well-known/acme-challenge/h/k/d" "Mozilla/5.0 AppleWebKit/537.36 (KHTML, like Gecko; compatible; GPTBot/1.4; +https://openai.com/gptbot)" cityapartments.ch
74.7.227.35 - - [06/Jul/2026:02:07:44 +0200] "GET /index.php?loknya=/home/clients/9feea47ed6ca1a12890343d7a99fd4/we/well-known/acme-challenge/h/k/c/ HTTP/1.1" 200 2036 "https://www.cityapartments.ch/index.php?loknya=/home/clients/9feeab47ed6ca1a1b2890343d7a99fd4/web/well-known/acme-challenge/h/k/c/b" "Mozilla/5.0 AppleWebKit/537.36 (KHTML, like Gecko; compatible; GPTBot/1.4; +https://openai.com/gptbot)" cityapartments.ch
74.7.227.35 - - [06/Jul/2026:02:07:47 +0200] "GET /index.php?loknya=/home/clients/9feeab47ed6ca1a1b2890343d7a99fd4/web/well-known/acme-challenge/h/k/f/d HTTP/1.1" 200 2234 "https://www.cityapartments.ch/index.php?loknya=/home/clients/9feeab47ed6ca1a1b2890343d7a99fd4/web/well-known/acme-challenge/h/k/f" "Mozilla/5.0 AppleWebKit/537.36 (KHTML, like Gecko; compatible; GPTBot/1.4; +https://openai.com/gptbot)" cityapartments.ch
74.7.227.35 - - [06/Jul/2026:02:07:50 +0200] "GET /index.php?loknya=/home/clients/9feeab47ed6ca1a1b2890343d7a99fd4/web/well-known/acme-challenge/h/k/f/k HTTP/1.1" 200 2227 "https://www.cityapartments.ch/index.php?loknya=/home/clients/9feeab47ed6ca1a1b2890343d7a99fd4/web/well-known/acme-challenge/h/k/f" "Mozilla/5.0 AppleWebKit/537.36 (KHTML, like Gecko; compatible; GPTBot/1.4; +https://openai.com/gptbot)" cityapartments.ch
74.7.227.35 - - [06/Jul/2026:02:07:53 +0200] "GET /index.php?loknya=/hom/clints/9fab47d6ca1a1b2890343d7a99fd4/wb/wll-known/acm-challng/h/k/d HTTP/1.1" 200 2025 "https://www.cityapartments.ch/index.php?loknya=/hom/clints/9fab47d6ca1a1b2890343d7a99fd4/wb/wll-known/acm-challng/h/k/d/" "Mozilla/5.0 AppleWebKit/537.36 (KHTML, like Gecko; compatible; GPTBot/1.4; +https://openai.com/gptbot)" cityapartments.ch
54.152.163.42 - - [06/Jul/2026:02:07:54 +0200] "GET /wp-admin/admin-ajax.php?loknya=/home/clients/9feeab47ed6ca1a1b2890343d7a99fd4/ik-logs HTTP/1.1" 200 3884 "-" "Mozilla/5.0 AppleWebKit/537.36 (KHTML, like Gecko; compatible; Amazonbot/0.1; +https://developer.amazon.com/support/amazonbot) Chrome/119.0.6045.214 Safari/537.36" cityapartments.ch
74.7.227.35 - - [06/Jul/2026:02:07:56 +0200] "GET /index.php?loknya=/home/clients/9feeab47ed6ca1a1b2890343d7a99fd4/web/well-known/acme-challenge/h/k/h/f HTTP/1.1" 200 2230 "https://www.cityapartments.ch/index.php?loknya=/home/clients/9feeab47ed6ca1a1b2890343d7a99fd4/web/well-known/acme-challenge/h/k/h" "Mozilla/5.0 AppleWebKit/537.36 (KHTML, like Gecko; compatible; GPTBot/1.4; +https://openai.com/gptbot)" cityapartments.ch
74.7.227.35 - - [06/Jul/2026:02:07:59 +0200] "GET /index.php?loknya=/home/clients/9feeab47ed6ca1a1b2890343d7a99fd4/web/well-known/acme-challenge/h/k/f/ HTTP/1.1" 200 2550 "https://www.cityapartments.ch/index.php?loknya=/home/clients/9feeab47ed6ca1a1b2890343d7a99fd4/web/well-known/acme-challenge/h/k/f/j" "Mozilla/5.0 AppleWebKit/537.36 (KHTML, like Gecko; compatible; GPTBot/1.4; +https://openai.com/gptbot)" cityapartments.ch
74.7.227.35 - - [06/Jul/2026:02:08:02 +0200] "GET /index.php?loknya=/home/clients/9feeab47ed6ca1a1b2890343d7a99fd4/web/well-known/acme-challenge/h/k/d/i HTTP/1.1" 200 2228 "https://www.cityapartments.ch/index.php?loknya=/home/clients/9feeab47ed6ca1a1b2890343d7a99fd4/web/well-known/acme-challenge/h/k/d" "Mozilla/5.0 AppleWebKit/537.36 (KHTML, like Gecko; compatible; GPTBot/1.4; +https://openai.com/gptbot)" cityapartments.ch
52.167.144.192 - - [06/Jul/2026:02:08:05 +0200] "GET /m/moder22096065.htm HTTP/1.1" 404 995 "-" "Mozilla/5.0 AppleWebKit/537.36 (KHTML, like Gecko; compatible; bingbot/2.0; +http://www.bing.com/bingbot.htm) Chrome/116.0.1938.76 Safari/537.36" cityapartments.ch
192.42.116.20 - - [06/Jul/2026:02:08:05 +0200] "GET / HTTP/1.1" 200 3240 "https://www.google.com" "Mozilla/5.0 (Windows; U; Windows NT 6.0; hu-HU) AppleWebKit/533.19.4 (KHTML, like Gecko) Version/5.0.3 Safari/533.19.4" cityapartments.ch
74.7.227.35 - - [06/Jul/2026:02:08:06 +0200] "GET /index.php?loknya=/home/clients/9feeab47ed6ca1a1b2890343d7a99fd4/web/well-known/acme-challenge/h/k/c/a HTTP/1.1" 200 2239 "https://www.cityapartments.ch/index.php?loknya=/home/clients/9feeab47ed6ca1a1b2890343d7a99fd4/web/well-known/acme-challenge/h/k/c" "Mozilla/5.0 AppleWebKit/537.36 (KHTML, like Gecko; compatible; GPTBot/1.4; +https://openai.com/gptbot)" cityapartments.ch
74.7.227.35 - - [06/Jul/2026:02:08:09 +0200] "GET /index.php?loknya=/home/clients/9eeab47ed6ca1a1b2890343d7a99d4/web/well-known/acme-challenge/h/k/d/ HTTP/1.1" 200 2034 "https://www.cityapartments.ch/index.php?loknya=/home/clients/9feeab47ed6ca1a1b2890343d7a99fd4/web/well-known/acme-challenge/h/k/d/f" "Mozilla/5.0 AppleWebKit/537.36 (KHTML, like Gecko; compatible; GPTBot/1.4; +https://openai.com/gptbot)" cityapartments.ch
74.7.227.35 - - [06/Jul/2026:02:08:12 +0200] "GET /index.php?loknya=/home/clients/9feeab47ed6ca1a1b2890343d7a99fd4/web/well-known/acme-challene/h/k/d/ HTTP/1.1" 200 2036 "https://www.cityapartments.ch/index.php?loknya=/home/clients/9feeab47ed6ca1a1b2890343d7a99fd4/web/well-known/acme-challenge/h/k/d/g" "Mozilla/5.0 AppleWebKit/537.36 (KHTML, like Gecko; compatible; GPTBot/1.4; +https://openai.com/gptbot)" cityapartments.ch
74.7.227.35 - - [06/Jul/2026:02:08:15 +0200] "GET /index.php?loknya=/home/clients/9feeab47ed6ca1a1b2890343d7a99fd4/web/well-known/acme-challenge/h/k/f/e HTTP/1.1" 200 2246 "https://www.cityapartments.ch/index.php?loknya=/home/clients/9feeab47ed6ca1a1b2890343d7a99fd4/web/well-known/acme-challenge/h/k/f" "Mozilla/5.0 AppleWebKit/537.36 (KHTML, like Gecko; compatible; GPTBot/1.4; +https://openai.com/gptbot)" cityapartments.ch
40.77.167.154 - - [06/Jul/2026:02:08:17 +0200] "GET /m/lot21860497.htm HTTP/1.1" 404 995 "-" "Mozilla/5.0 AppleWebKit/537.36 (KHTML, like Gecko; compatible; bingbot/2.0; +http://www.bing.com/bingbot.htm) Chrome/116.0.1938.76 Safari/537.36" cityapartments.ch
74.7.227.35 - - [06/Jul/2026:02:08:18 +0200] "GET /index.php?loknya=/home/clients/9feeab47ed6ca1a1b2890343d7a99fd4/web/well-known/acme-challenge/h/k/d/d HTTP/1.1" 200 2231 "https://www.cityapartments.ch/index.php?loknya=/home/clients/9feeab47ed6ca1a1b2890343d7a99fd4/web/well-known/acme-challenge/h/k/d" "Mozilla/5.0 AppleWebKit/537.36 (KHTML, like Gecko; compatible; GPTBot/1.4; +https://openai.com/gptbot)" cityapartments.ch
74.7.227.35 - - [06/Jul/2026:02:08:22 +0200] "GET /index.php?loknya=/home/clients/9feeab47e6ca1a1b28903437a99f4/web/well-known/acme-challenge/h/k/f/ HTTP/1.1" 200 2031 "https://www.cityapartments.ch/index.php?loknya=/home/clients/9feeab47ed6ca1a1b2890343d7a99fd4/web/well-known/acme-challenge/h/k/f/d" "Mozilla/5.0 AppleWebKit/537.36 (KHTML, like Gecko; compatible; GPTBot/1.4; +https://openai.com/gptbot)" cityapartments.ch
114.119.133.237 - - [06/Jul/2026:02:08:18 +0200] "GET /wp-login.php?loknya=/home/clients/9feeab47ed6ca1a1b2890343d7a99fd4/web/well-known/acme-challenge/k/k/b HTTP/1.1" 200 2551 "http://cityapartments.ch/wp-login.php?loknya=/home/clients/9feeab47ed6ca1a1b2890343d7a99fd4/web/well-known/acme-challenge/k/k" "Mozilla/5.0 (Linux; Android 7.0;) AppleWebKit/537.36 (HTML, like Gecko) Mobile Safari/537.36 (compatible; PetalBot;+https://webmaster.petalsearch.com/site/petalbot)" cityapartments.ch
74.7.227.35 - - [06/Jul/2026:02:08:25 +0200] "GET /index.php?loknya=/home/clients/9feeab47ed6ca1a1b2890343d7a99fd4/web/well-known/acme-challenge/h/k/h/b HTTP/1.1" 200 2232 "https://www.cityapartments.ch/index.php?loknya=/home/clients/9feeab47ed6ca1a1b2890343d7a99fd4/web/well-known/acme-challenge/h/k/h" "Mozilla/5.0 AppleWebKit/537.36 (KHTML, like Gecko; compatible; GPTBot/1.4; +https://openai.com/gptbot)" cityapartments.ch
74.7.227.35 - - [06/Jul/2026:02:08:28 +0200] "GET /index.php?loknya=/home/clients/9feeab47ed6ca1a1b2890343d7a99fd4/web/well-known/acme-challenge/h/k/h/a HTTP/1.1" 200 2238 "https://www.cityapartments.ch/index.php?loknya=/home/clients/9feeab47ed6ca1a1b2890343d7a99fd4/web/well-known/acme-challenge/h/k/h" "Mozilla/5.0 AppleWebKit/537.36 (KHTML, like Gecko; compatible; GPTBot/1.4; +https://openai.com/gptbot)" cityapartments.ch
74.7.227.35 - - [06/Jul/2026:02:08:31 +0200] "GET /index.php?loknya=/home/clients/9eeab47ed6ca1a1b2890343d7a99d4/web/well-known/acme-challenge/h/k/h/ HTTP/1.1" 200 2029 "https://www.cityapartments.ch/index.php?loknya=/home/clients/9feeab47ed6ca1a1b2890343d7a99fd4/web/well-known/acme-challenge/h/k/h/f" "Mozilla/5.0 AppleWebKit/537.36 (KHTML, like Gecko; compatible; GPTBot/1.4; +https://openai.com/gptbot)" cityapartments.ch
74.7.227.35 - - [06/Jul/2026:02:08:35 +0200] "GET /index.php?loknya=/home/clients/9feeab47ed6ca1a1b2890343d7a99fd4/web/well-known/acme-challenge/h/k/d/k HTTP/1.1" 200 2227 "https://www.cityapartments.ch/index.php?loknya=/home/clients/9feeab47ed6ca1a1b2890343d7a99fd4/web/well-known/acme-challenge/h/k/d" "Mozilla/5.0 AppleWebKit/537.36 (KHTML, like Gecko; compatible; GPTBot/1.4; +https://openai.com/gptbot)" cityapartments.ch
74.7.227.35 - - [06/Jul/2026:02:08:38 +0200] "GET /index.php?loknya=/home/clients/9feeab47ed6ca1a1b2890343d7a99fd4/web/well-known/acme-challenge/h/k/d/c HTTP/1.1" 200 2236 "https://www.cityapartments.ch/index.php?loknya=/home/clients/9feeab47ed6ca1a1b2890343d7a99fd4/web/well-known/acme-challenge/h/k/d" "Mozilla/5.0 AppleWebKit/537.36 (KHTML, like Gecko; compatible; GPTBot/1.4; +https://openai.com/gptbot)" cityapartments.ch
74.7.227.35 - - [06/Jul/2026:02:08:41 +0200] "GET /index.php?loknya=/home/clients/9feeab47ed6ca1a1b2890343d7a99fd4/web/well-known/acme-challenge/h/k/c/i HTTP/1.1" 200 2228 "https://www.cityapartments.ch/index.php?loknya=/home/clients/9feeab47ed6ca1a1b2890343d7a99fd4/web/well-known/acme-challenge/h/k/c" "Mozilla/5.0 AppleWebKit/537.36 (KHTML, like Gecko; compatible; GPTBot/1.4; +https://openai.com/gptbot)" cityapartments.ch
74.7.227.35 - - [06/Jul/2026:02:08:44 +0200] "GET /index.php?loknya=/home/clients/9feeab47ed6ca1a1b2890343d7a99fd4/web/well-known/acme-challenge/h/k/c/g HTTP/1.1" 200 2228 "https://www.cityapartments.ch/index.php?loknya=/home/clients/9feeab47ed6ca1a1b2890343d7a99fd4/web/well-known/acme-challenge/h/k/c" "Mozilla/5.0 AppleWebKit/537.36 (KHTML, like Gecko; compatible; GPTBot/1.4; +https://openai.com/gptbot)" cityapartments.ch
74.7.227.35 - - [06/Jul/2026:02:08:47 +0200] "GET /index.php?loknya=/home/clients/9feeab47ed6ca1a1b2890343d7a99fd4/web/well-known/acme-challenge/h/k/c/c HTTP/1.1" 200 2233 "https://www.cityapartments.ch/index.php?loknya=/home/clients/9feeab47ed6ca1a1b2890343d7a99fd4/web/well-known/acme-challenge/h/k/c" "Mozilla/5.0 AppleWebKit/537.36 (KHTML, like Gecko; compatible; GPTBot/1.4; +https://openai.com/gptbot)" cityapartments.ch
74.7.227.35 - - [06/Jul/2026:02:08:50 +0200] "GET /index.php?loknya=/hom/clints/9fab47d6ca1a1b2890343d7a99fd4/wb/wll-known/acm-challng/h/k/f/ HTTP/1.1" 200 2024 "https://www.cityapartments.ch/index.php?loknya=/home/clients/9feeab47ed6ca1a1b2890343d7a99fd4/web/well-known/acme-challenge/h/k/f/e" "Mozilla/5.0 AppleWebKit/537.36 (KHTML, like Gecko; compatible; GPTBot/1.4; +https://openai.com/gptbot)" cityapartments.ch
74.7.227.35 - - [06/Jul/2026:02:08:53 +0200] "GET /index.php?loknya=/home/clients/9feeab47ed6ca1a1b2890343d7a99fd4/web/well-known/acme-challenge/h/k/c/d HTTP/1.1" 200 2234 "https://www.cityapartments.ch/index.php?loknya=/home/clients/9feeab47ed6ca1a1b2890343d7a99fd4/web/well-known/acme-challenge/h/k/c" "Mozilla/5.0 AppleWebKit/537.36 (KHTML, like Gecko; compatible; GPTBot/1.4; +https://openai.com/gptbot)" cityapartments.ch
74.7.227.35 - - [06/Jul/2026:02:08:56 +0200] "GET /index.php?loknya=/home/clients/9feeab47ed6ca1a1b2890343d7a99fd4/web/well-known/acme-challenge/h/k/f/c HTTP/1.1" 200 2236 "https://www.cityapartments.ch/index.php?loknya=/home/clients/9feeab47ed6ca1a1b2890343d7a99fd4/web/well-known/acme-challenge/h/k/f" "Mozilla/5.0 AppleWebKit/537.36 (KHTML, like Gecko; compatible; GPTBot/1.4; +https://openai.com/gptbot)" cityapartments.ch
74.7.227.35 - - [06/Jul/2026:02:08:59 +0200] "GET /index.php?loknya=/home/clients/9feea47ed6ca1a12890343d7a99fd4/we/well-known/acme-challenge/h/k/h/ HTTP/1.1" 200 2029 "https://www.cityapartments.ch/index.php?loknya=/home/clients/9feeab47ed6ca1a1b2890343d7a99fd4/web/well-known/acme-challenge/h/k/h/b" "Mozilla/5.0 AppleWebKit/537.36 (KHTML, like Gecko; compatible; GPTBot/1.4; +https://openai.com/gptbot)" cityapartments.ch
74.7.227.35 - - [06/Jul/2026:02:09:02 +0200] "GET /index.php?loknya=/home/clients/9feeab47ed6ca1a1b2890343d7a99fd4/web/well-known/acme-challenge/h/k/f/f HTTP/1.1" 200 2229 "https://www.cityapartments.ch/index.php?loknya=/home/clients/9feeab47ed6ca1a1b2890343d7a99fd4/web/well-known/acme-challenge/h/k/f" "Mozilla/5.0 AppleWebKit/537.36 (KHTML, like Gecko; compatible; GPTBot/1.4; +https://openai.com/gptbot)" cityapartments.ch
74.7.227.35 - - [06/Jul/2026:02:09:06 +0200] "GET /index.php?loknya=/home/clients/9feeab47ed6ca1a1b2890343d7a99fd4/web/well-known/acme-challenge/h/k/h/j HTTP/1.1" 200 2200 "https://www.cityapartments.ch/index.php?loknya=/home/clients/9feeab47ed6ca1a1b2890343d7a99fd4/web/well-known/acme-challenge/h/k/h" "Mozilla/5.0 AppleWebKit/537.36 (KHTML, like Gecko; compatible; GPTBot/1.4; +https://openai.com/gptbot)" cityapartments.ch
74.7.227.35 - - [06/Jul/2026:02:09:09 +0200] "GET /index.php?loknya=/home/clients/9feeab47ed6ca1a1b2890343d7a99fd4/web/well-known/acme-challenge/h/k/f/b HTTP/1.1" 200 2234 "https://www.cityapartments.ch/index.php?loknya=/home/clients/9feeab47ed6ca1a1b2890343d7a99fd4/web/well-known/acme-challenge/h/k/f" "Mozilla/5.0 AppleWebKit/537.36 (KHTML, like Gecko; compatible; GPTBot/1.4; +https://openai.com/gptbot)" cityapartments.ch
74.7.227.35 - - [06/Jul/2026:02:09:12 +0200] "GET /index.php?loknya=/home/lients/9feeab47ed6a1a1b2890343d7a99fd4/web/well-known/ame-hallenge/h/k/d/ HTTP/1.1" 200 2030 "https://www.cityapartments.ch/index.php?loknya=/home/clients/9feeab47ed6ca1a1b2890343d7a99fd4/web/well-known/acme-challenge/h/k/d/c" "Mozilla/5.0 AppleWebKit/537.36 (KHTML, like Gecko; compatible; GPTBot/1.4; +https://openai.com/gptbot)" cityapartments.ch
74.7.227.35 - - [06/Jul/2026:02:09:15 +0200] "GET /index.php?loknya=/home/clients/9feeab47ed6ca1a1b2890343d7a99fd4/web/well-known/acme-challenge/h/k/h/i HTTP/1.1" 200 2227 "https://www.cityapartments.ch/index.php?loknya=/home/clients/9feeab47ed6ca1a1b2890343d7a99fd4/web/well-known/acme-challenge/h/k/h" "Mozilla/5.0 AppleWebKit/537.36 (KHTML, like Gecko; compatible; GPTBot/1.4; +https://openai.com/gptbot)" cityapartments.ch
74.7.227.35 - - [06/Jul/2026:02:09:18 +0200] "GET /index.php?loknya=/home/clients/9feeab47ed6ca1a1b2890343d7a99fd4/web/well-known/acme-challene/h/k/c/ HTTP/1.1" 200 2036 "https://www.cityapartments.ch/index.php?loknya=/home/clients/9feeab47ed6ca1a1b2890343d7a99fd4/web/well-known/acme-challenge/h/k/c/g" "Mozilla/5.0 AppleWebKit/537.36 (KHTML, like Gecko; compatible; GPTBot/1.4; +https://openai.com/gptbot)" cityapartments.ch
74.7.227.35 - - [06/Jul/2026:02:09:21 +0200] "GET /index.php?loknya=/home/clients/9feeab47ed6ca1a1b2890343d7a99fd4/web/well-known/acme-challenge/h/k/c/k HTTP/1.1" 200 2227 "https://www.cityapartments.ch/index.php?loknya=/home/clients/9feeab47ed6ca1a1b2890343d7a99fd4/web/well-known/acme-challenge/h/k/c" "Mozilla/5.0 AppleWebKit/537.36 (KHTML, like Gecko; compatible; GPTBot/1.4; +https://openai.com/gptbot)" cityapartments.ch
74.7.227.35 - - [06/Jul/2026:02:09:25 +0200] "GET /index.php?loknya=/hom/clints/9fab47d6ca1a1b2890343d7a99fd4/wb/wll-known/acm-challng/h/k/f HTTP/1.1" 200 2021 "https://www.cityapartments.ch/index.php?loknya=/hom/clints/9fab47d6ca1a1b2890343d7a99fd4/wb/wll-known/acm-challng/h/k/f/" "Mozilla/5.0 AppleWebKit/537.36 (KHTML, like Gecko; compatible; GPTBot/1.4; +https://openai.com/gptbot)" cityapartments.ch
74.7.227.35 - - [06/Jul/2026:02:09:28 +0200] "GET /index.php?loknya=/home/clients/9feeab47e6ca1a1b28903437a99f4/web/well-known/acme-challenge/h/k/c/ HTTP/1.1" 200 2035 "https://www.cityapartments.ch/index.php?loknya=/home/clients/9feeab47ed6ca1a1b2890343d7a99fd4/web/well-known/acme-challenge/h/k/c/d" "Mozilla/5.0 AppleWebKit/537.36 (KHTML, like Gecko; compatible; GPTBot/1.4; +https://openai.com/gptbot)" cityapartments.ch
74.7.227.35 - - [06/Jul/2026:02:09:31 +0200] "GET /index.php?loknya=/home/lients/9feeab47ed6a1a1b2890343d7a99fd4/web/well-known/ame-hallenge/h/k/f/ HTTP/1.1" 200 2029 "https://www.cityapartments.ch/index.php?loknya=/home/clients/9feeab47ed6ca1a1b2890343d7a99fd4/web/well-known/acme-challenge/h/k/f/c" "Mozilla/5.0 AppleWebKit/537.36 (KHTML, like Gecko; compatible; GPTBot/1.4; +https://openai.com/gptbot)" cityapartments.ch
74.7.227.35 - - [06/Jul/2026:02:09:34 +0200] "GET /index.php?loknya=/home/clients/9feeab47ed6ca1a1b2890343d7a99fd4/web/well-known/acme-challenge/h/k/c/f HTTP/1.1" 200 2232 "https://www.cityapartments.ch/index.php?loknya=/home/clients/9feeab47ed6ca1a1b2890343d7a99fd4/web/well-known/acme-challenge/h/k/c" "Mozilla/5.0 AppleWebKit/537.36 (KHTML, like Gecko; compatible; GPTBot/1.4; +https://openai.com/gptbot)" cityapartments.ch
74.7.227.35 - - [06/Jul/2026:02:09:37 +0200] "GET /index.php?loknya=/home/clients/9feeab47ed6ca1a1b2890343d7a99fd4/web/well-known/acme-challenge/h/k/d/j HTTP/1.1" 200 2202 "https://www.cityapartments.ch/index.php?loknya=/home/clients/9feeab47ed6ca1a1b2890343d7a99fd4/web/well-known/acme-challenge/h/k/d" "Mozilla/5.0 AppleWebKit/537.36 (KHTML, like Gecko; compatible; GPTBot/1.4; +https://openai.com/gptbot)" cityapartments.ch
74.7.227.35 - - [06/Jul/2026:02:09:40 +0200] "GET /index.php?loknya=/home/clients/9feeab47ed6ca1a1b2890343d7a99fd4/web/well-known/acme-challenge/h/k/h/ HTTP/1.1" 200 2550 "https://www.cityapartments.ch/index.php?loknya=/home/clients/9feeab47ed6ca1a1b2890343d7a99fd4/web/well-known/acme-challenge/h/k/h/j" "Mozilla/5.0 AppleWebKit/537.36 (KHTML, like Gecko; compatible; GPTBot/1.4; +https://openai.com/gptbot)" cityapartments.ch
114.119.144.179 - - [06/Jul/2026:02:09:41 +0200] "GET /wp-login.php?loknya=/home/clients/9feeab47ed6ca1a1b2890343d7a99fd4/web/well-known/acme-challenge/k/j/i HTTP/1.1" 200 2551 "http://cityapartments.ch/wp-login.php?loknya=/home/clients/9feeab47ed6ca1a1b2890343d7a99fd4/web/well-known/acme-challenge/k/j" "Mozilla/5.0 (Linux; Android 7.0;) AppleWebKit/537.36 (HTML, like Gecko) Mobile Safari/537.36 (compatible; PetalBot;+https://webmaster.petalsearch.com/site/petalbot)" cityapartments.ch
74.7.227.35 - - [06/Jul/2026:02:09:44 +0200] "GET /index.php?loknya=/home/clients/9feea47ed6ca1a12890343d7a99fd4/we/well-known/acme-challenge/h/k/f/ HTTP/1.1" 200 2032 "https://www.cityapartments.ch/index.php?loknya=/home/clients/9feeab47ed6ca1a1b2890343d7a99fd4/web/well-known/acme-challenge/h/k/f/b" "Mozilla/5.0 AppleWebKit/537.36 (KHTML, like Gecko; compatible; GPTBot/1.4; +https://openai.com/gptbot)" cityapartments.ch
74.7.227.35 - - [06/Jul/2026:02:09:47 +0200] "GET /index.php?loknya=/home/clients/9feeab47ed6ca1a1b2890343d7a99fd4/web/well-known/acme-challenge/h/k/d/b HTTP/1.1" 200 2234 "https://www.cityapartments.ch/index.php?loknya=/home/clients/9feeab47ed6ca1a1b2890343d7a99fd4/web/well-known/acme-challenge/h/k/d" "Mozilla/5.0 AppleWebKit/537.36 (KHTML, like Gecko; compatible; GPTBot/1.4; +https://openai.com/gptbot)" cityapartments.ch
74.7.227.35 - - [06/Jul/2026:02:09:50 +0200] "GET /index.php?loknya=/home/clents/9feeab47ed6ca1a1b2890343d7a99fd4/web/well-known/acme-challenge/h/k/h/ HTTP/1.1" 200 2029 "https://www.cityapartments.ch/index.php?loknya=/home/clients/9feeab47ed6ca1a1b2890343d7a99fd4/web/well-known/acme-challenge/h/k/h/i" "Mozilla/5.0 AppleWebKit/537.36 (KHTML, like Gecko; compatible; GPTBot/1.4; +https://openai.com/gptbot)" cityapartments.ch
74.7.227.35 - - [06/Jul/2026:02:09:53 +0200] "GET /index.php?loknya=/home/clents/9feeab47ed6ca1a1b2890343d7a99fd4/web/well-known/acme-challenge/h/k/d/ HTTP/1.1" 200 2033 "https://www.cityapartments.ch/index.php?loknya=/home/clients/9feeab47ed6ca1a1b2890343d7a99fd4/web/well-known/acme-challenge/h/k/d/i" "Mozilla/5.0 AppleWebKit/537.36 (KHTML, like Gecko; compatible; GPTBot/1.4; +https://openai.com/gptbot)" cityapartments.ch
74.7.227.35 - - [06/Jul/2026:02:09:56 +0200] "GET /index.php?loknya=/home/clents/9feeab47ed6ca1a1b2890343d7a99fd4/web/well-known/acme-challenge/h/k/f/ HTTP/1.1" 200 2032 "https://www.cityapartments.ch/index.php?loknya=/home/clients/9feeab47ed6ca1a1b2890343d7a99fd4/web/well-known/acme-challenge/h/k/f/i" "Mozilla/5.0 AppleWebKit/537.36 (KHTML, like Gecko; compatible; GPTBot/1.4; +https://openai.com/gptbot)" cityapartments.ch
74.7.227.35 - - [06/Jul/2026:02:09:59 +0200] "GET /index.php?loknya=/home/clents/9feeab47ed6ca1a1b2890343d7a99fd4/web/well-known/acme-challenge/h/k/c/ HTTP/1.1" 200 2036 "https://www.cityapartments.ch/index.php?loknya=/home/clients/9feeab47ed6ca1a1b2890343d7a99fd4/web/well-known/acme-challenge/h/k/c/i" "Mozilla/5.0 AppleWebKit/537.36 (KHTML, like Gecko; compatible; GPTBot/1.4; +https://openai.com/gptbot)" cityapartments.ch
74.7.227.35 - - [06/Jul/2026:02:10:03 +0200] "GET /index.php?loknya=/home/lients/9feeab47e6a1a1b28903437a99f4/web/well-known/ame-hallenge/h/k/ HTTP/1.1" 200 2016 "https://www.cityapartments.ch/index.php?loknya=/home/lients/9feeab47ed6a1a1b2890343d7a99fd4/web/well-known/ame-hallenge/h/k/d/" "Mozilla/5.0 AppleWebKit/537.36 (KHTML, like Gecko; compatible; GPTBot/1.4; +https://openai.com/gptbot)" cityapartments.ch
40.77.167.58 - - [06/Jul/2026:02:10:05 +0200] "GET /m/watch61484357.htm HTTP/1.1" 404 991 "-" "Mozilla/5.0 AppleWebKit/537.36 (KHTML, like Gecko; compatible; bingbot/2.0; +http://www.bing.com/bingbot.htm) Chrome/116.0.1938.76 Safari/537.36" cityapartments.ch
74.7.227.35 - - [06/Jul/2026:02:10:06 +0200] "GET /index.php?loknya=/home/lients/9feeab47ed6a1a1b2890343d7a99fd4/web/well-known/ame-hallenge/h/k/h HTTP/1.1" 200 2024 "https://www.cityapartments.ch/index.php?loknya=/home/lients/9feeab47ed6a1a1b2890343d7a99fd4/web/well-known/ame-hallenge/h/k/h/" "Mozilla/5.0 AppleWebKit/537.36 (KHTML, like Gecko; compatible; GPTBot/1.4; +https://openai.com/gptbot)" cityapartments.ch
40.77.167.58 - - [06/Jul/2026:02:10:07 +0200] "GET /m/bid61582093.htm HTTP/1.1" 404 991 "-" "Mozilla/5.0 AppleWebKit/537.36 (KHTML, like Gecko; compatible; bingbot/2.0; +http://www.bing.com/bingbot.htm) Chrome/116.0.1938.76 Safari/537.36" cityapartments.ch
74.7.227.35 - - [06/Jul/2026:02:10:09 +0200] "GET /index.php?loknya=/home/clients/9eeab47ed6ca1a1b2890343d7a99d4/web/well-known/acme-challenge/h/k/c/ HTTP/1.1" 200 2035 "https://www.cityapartments.ch/index.php?loknya=/home/clients/9feeab47ed6ca1a1b2890343d7a99fd4/web/well-known/acme-challenge/h/k/c/f" "Mozilla/5.0 AppleWebKit/537.36 (KHTML, like Gecko; compatible; GPTBot/1.4; +https://openai.com/gptbot)" cityapartments.ch
52.167.144.212 - - [06/Jul/2026:02:10:10 +0200] "GET /m/clash20291785.htm HTTP/1.1" 404 991 "-" "Mozilla/5.0 AppleWebKit/537.36 (KHTML, like Gecko; compatible; bingbot/2.0; +http://www.bing.com/bingbot.htm) Chrome/116.0.1938.76 Safari/537.36" cityapartments.ch
74.7.227.35 - - [06/Jul/2026:02:10:12 +0200] "GET /index.php?loknya=/home/clients/9feeab47ed6ca1a1b2890343d7a99fd4/web/well-known/acme-challenge/h/k/d/ HTTP/1.1" 200 2552 "https://www.cityapartments.ch/index.php?loknya=/home/clients/9feeab47ed6ca1a1b2890343d7a99fd4/web/well-known/acme-challenge/h/k/d/j" "Mozilla/5.0 AppleWebKit/537.36 (KHTML, like Gecko; compatible; GPTBot/1.4; +https://openai.com/gptbot)" cityapartments.ch
52.167.144.212 - - [06/Jul/2026:02:10:13 +0200] "GET /m/check21884025.htm HTTP/1.1" 404 991 "-" "Mozilla/5.0 AppleWebKit/537.36 (KHTML, like Gecko; compatible; bingbot/2.0; +http://www.bing.com/bingbot.htm) Chrome/116.0.1938.76 Safari/537.36" cityapartments.ch
74.7.227.35 - - [06/Jul/2026:02:10:16 +0200] "GET /index.php?loknya=/home/lients/9feeab47ed6a1a1b2890343d7a99fd4/web/well-known/ame-hallenge/h/k/f HTTP/1.1" 200 2026 "https://www.cityapartments.ch/index.php?loknya=/home/lients/9feeab47ed6a1a1b2890343d7a99fd4/web/well-known/ame-hallenge/h/k/f/" "Mozilla/5.0 AppleWebKit/537.36 (KHTML, like Gecko; compatible; GPTBot/1.4; +https://openai.com/gptbot)" cityapartments.ch
74.7.227.35 - - [06/Jul/2026:02:10:19 +0200] "GET /index.php?loknya=/home/lients/9feeab47ed6a1a1b2890343d7a99fd4/web/well-known/ame-hallenge/h/k/d HTTP/1.1" 200 2028 "https://www.cityapartments.ch/index.php?loknya=/home/lients/9feeab47ed6a1a1b2890343d7a99fd4/web/well-known/ame-hallenge/h/k/d/" "Mozilla/5.0 AppleWebKit/537.36 (KHTML, like Gecko; compatible; GPTBot/1.4; +https://openai.com/gptbot)" cityapartments.ch
74.7.227.35 - - [06/Jul/2026:02:10:22 +0200] "GET /index.php?loknya=/home/clients/9feea47ed6ca1a12890343d7a99fd4/we/well-known/acme-challenge/h/k/d/ HTTP/1.1" 200 2035 "https://www.cityapartments.ch/index.php?loknya=/home/clients/9feeab47ed6ca1a1b2890343d7a99fd4/web/well-known/acme-challenge/h/k/d/b" "Mozilla/5.0 AppleWebKit/537.36 (KHTML, like Gecko; compatible; GPTBot/1.4; +https://openai.com/gptbot)" cityapartments.ch
74.7.227.35 - - [06/Jul/2026:02:10:25 +0200] "GET /index.php?loknya=/home/clients/9eeab47e6ca1a1b28903437a994/web/well-known/acme-challenge/h/k/ HTTP/1.1" 200 2017 "https://www.cityapartments.ch/index.php?loknya=/home/clients/9eeab47ed6ca1a1b2890343d7a99d4/web/well-known/acme-challenge/h/k/d/" "Mozilla/5.0 AppleWebKit/537.36 (KHTML, like Gecko; compatible; GPTBot/1.4; +https://openai.com/gptbot)" cityapartments.ch
74.7.227.35 - - [06/Jul/2026:02:10:28 +0200] "GET /index.php?loknya=/home/clents/9feeab47e6ca1a1b28903437a99f4/web/well-known/acme-challenge/h/k/ HTTP/1.1" 200 2018 "https://www.cityapartments.ch/index.php?loknya=/home/clents/9feeab47ed6ca1a1b2890343d7a99fd4/web/well-known/acme-challenge/h/k/d/" "Mozilla/5.0 AppleWebKit/537.36 (KHTML, like Gecko; compatible; GPTBot/1.4; +https://openai.com/gptbot)" cityapartments.ch
74.7.227.35 - - [06/Jul/2026:02:10:32 +0200] "GET /index.php?loknya=/home/clents/9eeab47ed6ca1a1b2890343d7a99d4/web/well-known/acme-challenge/h/k/ HTTP/1.1" 200 2018 "https://www.cityapartments.ch/index.php?loknya=/home/clents/9feeab47ed6ca1a1b2890343d7a99fd4/web/well-known/acme-challenge/h/k/f/" "Mozilla/5.0 AppleWebKit/537.36 (KHTML, like Gecko; compatible; GPTBot/1.4; +https://openai.com/gptbot)" cityapartments.ch
74.7.227.35 - - [06/Jul/2026:02:10:35 +0200] "GET /index.php?loknya=/home/lents/9feeab47ed6a1a1b2890343d7a99fd4/web/well-known/ame-hallenge/h/k/ HTTP/1.1" 200 2016 "https://www.cityapartments.ch/index.php?loknya=/home/clents/9feeab47ed6ca1a1b2890343d7a99fd4/web/well-known/acme-challenge/h/k/c/" "Mozilla/5.0 AppleWebKit/537.36 (KHTML, like Gecko; compatible; GPTBot/1.4; +https://openai.com/gptbot)" cityapartments.ch
74.7.227.35 - - [06/Jul/2026:02:10:38 +0200] "GET /index.php?loknya=/home/clients/9feeab47ed6ca1a1b2890343d7a99fd4/web/well-known/acme-challenge/h/k/h/k HTTP/1.1" 200 2224 "https://www.cityapartments.ch/index.php?loknya=/home/clients/9feeab47ed6ca1a1b2890343d7a99fd4/web/well-known/acme-challenge/h/k/h" "Mozilla/5.0 AppleWebKit/537.36 (KHTML, like Gecko; compatible; GPTBot/1.4; +https://openai.com/gptbot)" cityapartments.ch
74.7.227.35 - - [06/Jul/2026:02:10:41 +0200] "GET /index.php?loknya=/home/clients/9feeb47ed6c11b2890343d799fd4/web/well-known/cme-chllenge/h/k/d/ HTTP/1.1" 200 2031 "https://www.cityapartments.ch/index.php?loknya=/home/clients/9feeab47ed6ca1a1b2890343d7a99fd4/web/well-known/acme-challenge/h/k/d/a" "Mozilla/5.0 AppleWebKit/537.36 (KHTML, like Gecko; compatible; GPTBot/1.4; +https://openai.com/gptbot)" cityapartments.ch
74.7.227.35 - - [06/Jul/2026:02:10:44 +0200] "GET /index.php?loknya=/home/clients/9feeb47ed6c11b2890343d799fd4/web/well-known/cme-chllenge/h/k/h/ HTTP/1.1" 200 2022 "https://www.cityapartments.ch/index.php?loknya=/home/clients/9feeab47ed6ca1a1b2890343d7a99fd4/web/well-known/acme-challenge/h/k/h/a" "Mozilla/5.0 AppleWebKit/537.36 (KHTML, like Gecko; compatible; GPTBot/1.4; +https://openai.com/gptbot)" cityapartments.ch
74.7.227.35 - - [06/Jul/2026:02:10:47 +0200] "GET /index.php?loknya=/home/clients/9feeb47ed6c11b2890343d799fd4/web/well-known/cme-chllenge/h/k/f/ HTTP/1.1" 200 2028 "https://www.cityapartments.ch/index.php?loknya=/home/clients/9feeab47ed6ca1a1b2890343d7a99fd4/web/well-known/acme-challenge/h/k/f/a" "Mozilla/5.0 AppleWebKit/537.36 (KHTML, like Gecko; compatible; GPTBot/1.4; +https://openai.com/gptbot)" cityapartments.ch
74.7.227.35 - - [06/Jul/2026:02:10:50 +0200] "GET /index.php?loknya=/home/clients/9feeb47ed6c11b2890343d799fd4/web/well-known/cme-chllenge/h/k/c/ HTTP/1.1" 200 2032 "https://www.cityapartments.ch/index.php?loknya=/home/clients/9feeab47ed6ca1a1b2890343d7a99fd4/web/well-known/acme-challenge/h/k/c/a" "Mozilla/5.0 AppleWebKit/537.36 (KHTML, like Gecko; compatible; GPTBot/1.4; +https://openai.com/gptbot)" cityapartments.ch
74.7.227.35 - - [06/Jul/2026:02:10:54 +0200] "GET /index.php?loknya=/home/clients/9feea47ed6ca1a12890343d7a99fd4/we/well-known/acme-challenge/h/k/f HTTP/1.1" 200 2029 "https://www.cityapartments.ch/index.php?loknya=/home/clients/9feea47ed6ca1a12890343d7a99fd4/we/well-known/acme-challenge/h/k/f/" "Mozilla/5.0 AppleWebKit/537.36 (KHTML, like Gecko; compatible; GPTBot/1.4; +https://openai.com/gptbot)" cityapartments.ch
74.7.227.35 - - [06/Jul/2026:02:10:57 +0200] "GET /index.php?loknya=/home/clients/9feea47ed6ca1a12890343d7a99fd4/we/well-known/acme-challenge/h/k/d HTTP/1.1" 200 2032 "https://www.cityapartments.ch/index.php?loknya=/home/clients/9feea47ed6ca1a12890343d7a99fd4/we/well-known/acme-challenge/h/k/d/" "Mozilla/5.0 AppleWebKit/537.36 (KHTML, like Gecko; compatible; GPTBot/1.4; +https://openai.com/gptbot)" cityapartments.ch
74.7.227.35 - - [06/Jul/2026:02:11:00 +0200] "GET /index.php?loknya=/home/clients/9feea47ed6ca1a12890343d7a99fd4/we/well-known/acme-challenge/h/k/c HTTP/1.1" 200 2033 "https://www.cityapartments.ch/index.php?loknya=/home/clients/9feea47ed6ca1a12890343d7a99fd4/we/well-known/acme-challenge/h/k/c/" "Mozilla/5.0 AppleWebKit/537.36 (KHTML, like Gecko; compatible; GPTBot/1.4; +https://openai.com/gptbot)" cityapartments.ch
74.7.227.35 - - [06/Jul/2026:02:11:03 +0200] "GET /index.php?loknya=/home/clients/9feea47ed6ca1a12890343d7a99fd4/we/well-known/acme-challenge/h/k/h HTTP/1.1" 200 2027 "https://www.cityapartments.ch/index.php?loknya=/home/clients/9feea47ed6ca1a12890343d7a99fd4/we/well-known/acme-challenge/h/k/h/" "Mozilla/5.0 AppleWebKit/537.36 (KHTML, like Gecko; compatible; GPTBot/1.4; +https://openai.com/gptbot)" cityapartments.ch
114.119.133.237 - - [06/Jul/2026:02:11:04 +0200] "GET /wp-login.php?loknya=/home/clients/9feeab47ed6ca1a1b2890343d7a99fd4/web/well-known/acme-challenge/k/j/c HTTP/1.1" 200 2557 "http://cityapartments.ch/wp-login.php?loknya=/home/clients/9feeab47ed6ca1a1b2890343d7a99fd4/web/well-known/acme-challenge/k/j" "Mozilla/5.0 (Linux; Android 7.0;) AppleWebKit/537.36 (HTML, like Gecko) Mobile Safari/537.36 (compatible; PetalBot;+https://webmaster.petalsearch.com/site/petalbot)" cityapartments.ch
74.7.227.35 - - [06/Jul/2026:02:11:06 +0200] "GET /index.php?loknya=/home/clients/9feeab47ed6ca1a1b2890343d7a99fd4/web/well-known/acme-challene/h/k/f HTTP/1.1" 200 2029 "https://www.cityapartments.ch/index.php?loknya=/home/clients/9feeab47ed6ca1a1b2890343d7a99fd4/web/well-known/acme-challene/h/k/f/" "Mozilla/5.0 AppleWebKit/537.36 (KHTML, like Gecko; compatible; GPTBot/1.4; +https://openai.com/gptbot)" cityapartments.ch
74.7.227.35 - - [06/Jul/2026:02:11:09 +0200] "GET /index.php?loknya=/home/clients/9feeab47ed6ca1a1b2890343d7a99fd4/web/well-known/acme-challene/h/k/d HTTP/1.1" 200 2032 "https://www.cityapartments.ch/index.php?loknya=/home/clients/9feeab47ed6ca1a1b2890343d7a99fd4/web/well-known/acme-challene/h/k/d/" "Mozilla/5.0 AppleWebKit/537.36 (KHTML, like Gecko; compatible; GPTBot/1.4; +https://openai.com/gptbot)" cityapartments.ch
74.7.227.35 - - [06/Jul/2026:02:11:13 +0200] "GET /index.php?loknya=/home/clients/9feeab47ed6ca1a1b2890343d7a99fd4/web/well-known/acme-challene/h/k/c HTTP/1.1" 200 2033 "https://www.cityapartments.ch/index.php?loknya=/home/clients/9feeab47ed6ca1a1b2890343d7a99fd4/web/well-known/acme-challene/h/k/c/" "Mozilla/5.0 AppleWebKit/537.36 (KHTML, like Gecko; compatible; GPTBot/1.4; +https://openai.com/gptbot)" cityapartments.ch
184.181.36.192 - - [06/Jul/2026:02:11:11 +0200] "POST /xmlrpc.php HTTP/1.1" 403 981 "-" "Mozilla/5.0 (Linux; Android 10; x64) AppleWebKit/537.36 (KHTML, like Gecko) Chrome/106.0.0.0 Safari/537.36" cityapartments.ch
74.7.227.35 - - [06/Jul/2026:02:11:16 +0200] "GET /index.php?loknya=/home/clients/9feeb47ed6c11b2890343d799fd4/web/well-known/cme-chllenge/h/k/d HTTP/1.1" 200 2028 "https://www.cityapartments.ch/index.php?loknya=/home/clients/9feeb47ed6c11b2890343d799fd4/web/well-known/cme-chllenge/h/k/d/" "Mozilla/5.0 AppleWebKit/537.36 (KHTML, like Gecko; compatible; GPTBot/1.4; +https://openai.com/gptbot)" cityapartments.ch
74.7.227.35 - - [06/Jul/2026:02:11:19 +0200] "GET /index.php?loknya=/home/clients/9feeb47ed6c11b2890343d799fd4/web/well-known/cme-chllenge/h/k/h HTTP/1.1" 200 2023 "https://www.cityapartments.ch/index.php?loknya=/home/clients/9feeb47ed6c11b2890343d799fd4/web/well-known/cme-chllenge/h/k/h/" "Mozilla/5.0 AppleWebKit/537.36 (KHTML, like Gecko; compatible; GPTBot/1.4; +https://openai.com/gptbot)" cityapartments.ch
74.7.227.35 - - [06/Jul/2026:02:11:22 +0200] "GET /index.php?loknya=/home/clients/9feeb47ed6c11b2890343d799fd4/web/well-known/cme-chllenge/h/k/f HTTP/1.1" 200 2025 "https://www.cityapartments.ch/index.php?loknya=/home/clients/9feeb47ed6c11b2890343d799fd4/web/well-known/cme-chllenge/h/k/f/" "Mozilla/5.0 AppleWebKit/537.36 (KHTML, like Gecko; compatible; GPTBot/1.4; +https://openai.com/gptbot)" cityapartments.ch
74.7.227.35 - - [06/Jul/2026:02:11:25 +0200] "GET /index.php?loknya=/home/clients/9feeb47ed6c11b2890343d799fd4/web/well-known/cme-chllenge/h/k/c HTTP/1.1" 200 2029 "https://www.cityapartments.ch/index.php?loknya=/home/clients/9feeb47ed6c11b2890343d799fd4/web/well-known/cme-chllenge/h/k/c/" "Mozilla/5.0 AppleWebKit/537.36 (KHTML, like Gecko; compatible; GPTBot/1.4; +https://openai.com/gptbot)" cityapartments.ch
74.7.227.35 - - [06/Jul/2026:02:11:28 +0200] "GET /index.php?loknya=/home/clients/9feeab47e6ca1a1b28903437a99f4/web/well-known/acme-challenge/h/k/c HTTP/1.1" 200 2031 "https://www.cityapartments.ch/index.php?loknya=/home/clients/9feeab47e6ca1a1b28903437a99f4/web/well-known/acme-challenge/h/k/c/" "Mozilla/5.0 AppleWebKit/537.36 (KHTML, like Gecko; compatible; GPTBot/1.4; +https://openai.com/gptbot)" cityapartments.ch
74.7.227.35 - - [06/Jul/2026:02:11:31 +0200] "GET /index.php?loknya=/home/clients/9eeab47ed6ca1a1b2890343d7a99d4/web/well-known/acme-challenge/h/k/ HTTP/1.1" 200 2020 "https://www.cityapartments.ch/index.php?loknya=/home/clients/9feeab47ed6ca1a1b2890343d7a99fd4/web/well-known/acme-challenge/h/k/f" "Mozilla/5.0 AppleWebKit/537.36 (KHTML, like Gecko; compatible; GPTBot/1.4; +https://openai.com/gptbot)" cityapartments.ch
74.7.227.35 - - [06/Jul/2026:02:11:35 +0200] "GET /index.php?loknya=/home/clients/9eeab47ed6ca1a1b2890343d7a99d4/web/well-known/acme-challenge/h/k/c HTTP/1.1" 200 2032 "https://www.cityapartments.ch/index.php?loknya=/home/clients/9eeab47ed6ca1a1b2890343d7a99d4/web/well-known/acme-challenge/h/k/c/" "Mozilla/5.0 AppleWebKit/537.36 (KHTML, like Gecko; compatible; GPTBot/1.4; +https://openai.com/gptbot)" cityapartments.ch
