74.7.227.35 - - [06/Jul/2026:00:49:15 +0200] "GET /index.php?loknya=/ome/clients/9feeab47e6ca1a1b28903437a99f4/web/well-nown/acme-callenge/j/ HTTP/1.1" 200 2007 "https://www.cityapartments.ch/index.php?loknya=/home/clients/9feeab47e6ca1a1b28903437a99f4/web/well-nown/acme-challenge/j/h/" "Mozilla/5.0 AppleWebKit/537.36 (KHTML, like Gecko; compatible; GPTBot/1.4; +https://openai.com/gptbot)" cityapartments.ch
74.7.227.35 - - [06/Jul/2026:00:49:18 +0200] "GET /index.php?loknya=/home/clients/9eeab47e6ca1a1b28903437a994/web/well-known/acme-challenge/j/h HTTP/1.1" 200 2016 "https://www.cityapartments.ch/index.php?loknya=/home/clients/9eeab47e6ca1a1b28903437a994/web/well-known/acme-challenge/j/h/" "Mozilla/5.0 AppleWebKit/537.36 (KHTML, like Gecko; compatible; GPTBot/1.4; +https://openai.com/gptbot)" cityapartments.ch
74.7.227.35 - - [06/Jul/2026:00:49:21 +0200] "GET /index.php?loknya=/ome/clients/9eeab47e6ca1a1b28903437a994/web/well-known/acme-callenge/j/ HTTP/1.1" 200 2002 "https://www.cityapartments.ch/index.php?loknya=/home/clients/9eeab47e6ca1a1b28903437a994/web/well-known/acme-challenge/j/h/" "Mozilla/5.0 AppleWebKit/537.36 (KHTML, like Gecko; compatible; GPTBot/1.4; +https://openai.com/gptbot)" cityapartments.ch
74.7.227.35 - - [06/Jul/2026:00:49:24 +0200] "GET /index.php?loknya=/home/clients/9feeab47e6ca1a1b28903437a99f4/web/well-known/acme-challenge/j/h/c/ HTTP/1.1" 200 2034 "https://www.cityapartments.ch/index.php?loknya=/home/clients/9feeab47ed6ca1a1b2890343d7a99fd4/web/well-known/acme-challenge/j/h/c/d" "Mozilla/5.0 AppleWebKit/537.36 (KHTML, like Gecko; compatible; GPTBot/1.4; +https://openai.com/gptbot)" cityapartments.ch
66.249.73.171 - - [06/Jul/2026:00:49:25 +0200] "GET /m/equal31002082.htm HTTP/1.1" 404 991 "-" "Mozilla/5.0 (Linux; Android 6.0.1; Nexus 5X Build/MMB29P) AppleWebKit/537.36 (KHTML, like Gecko) Chrome/150.0.7871.46 Mobile Safari/537.36 (compatible; Googlebot/2.1; +http://www.google.com/bot.html)" cityapartments.ch
74.7.227.35 - - [06/Jul/2026:00:49:27 +0200] "GET /index.php?loknya=/home/clients/9feeab47ed6ca1a1b2890343d7a99fd4/web/well-known/acme-challenge/j/h/c/e HTTP/1.1" 200 2246 "https://www.cityapartments.ch/index.php?loknya=/home/clients/9feeab47ed6ca1a1b2890343d7a99fd4/web/well-known/acme-challenge/j/h/c" "Mozilla/5.0 AppleWebKit/537.36 (KHTML, like Gecko; compatible; GPTBot/1.4; +https://openai.com/gptbot)" cityapartments.ch
40.77.167.48 - - [06/Jul/2026:00:49:30 +0200] "GET /m/assoc50885516.htm HTTP/1.1" 404 991 "-" "Mozilla/5.0 AppleWebKit/537.36 (KHTML, like Gecko; compatible; bingbot/2.0; +http://www.bing.com/bingbot.htm) Chrome/116.0.1938.76 Safari/537.36" cityapartments.ch
74.7.227.35 - - [06/Jul/2026:00:49:31 +0200] "GET /index.php?loknya=/ome/lients/9feeab47e6a1a1b28903437a99f4/web/well-known/ame-allenge/ HTTP/1.1" 200 1997 "https://www.cityapartments.ch/index.php?loknya=/ome/lients/9feeab47e6a1a1b28903437a99f4/web/well-known/ame-allenge/j/" "Mozilla/5.0 AppleWebKit/537.36 (KHTML, like Gecko; compatible; GPTBot/1.4; +https://openai.com/gptbot)" cityapartments.ch
74.7.227.35 - - [06/Jul/2026:00:49:34 +0200] "GET /index.php?loknya=/ome/lients/9feeab47e6a1a1b28903437a99f4/web/well-known/ame-allenge/j HTTP/1.1" 200 2001 "https://www.cityapartments.ch/index.php?loknya=/ome/lients/9feeab47e6a1a1b28903437a99f4/web/well-known/ame-allenge/j/" "Mozilla/5.0 AppleWebKit/537.36 (KHTML, like Gecko; compatible; GPTBot/1.4; +https://openai.com/gptbot)" cityapartments.ch
40.77.167.48 - - [06/Jul/2026:00:49:32 +0200] "GET /m/metal21644969.htm HTTP/1.1" 404 991 "-" "Mozilla/5.0 AppleWebKit/537.36 (KHTML, like Gecko; compatible; bingbot/2.0; +http://www.bing.com/bingbot.htm) Chrome/116.0.1938.76 Safari/537.36" cityapartments.ch
40.77.167.48 - - [06/Jul/2026:00:49:36 +0200] "GET /m/lord60559317.htm HTTP/1.1" 404 991 "-" "Mozilla/5.0 AppleWebKit/537.36 (KHTML, like Gecko; compatible; bingbot/2.0; +http://www.bing.com/bingbot.htm) Chrome/116.0.1938.76 Safari/537.36" cityapartments.ch
74.7.227.35 - - [06/Jul/2026:00:49:37 +0200] "GET /index.php?loknya=/home/clients/9eeab47ed6ca1a1b2890343d7a99d4/web/well-known/acme-challenge/j/h/c/ HTTP/1.1" 200 2035 "https://www.cityapartments.ch/index.php?loknya=/home/clients/9feeab47ed6ca1a1b2890343d7a99fd4/web/well-known/acme-challenge/j/h/c/f" "Mozilla/5.0 AppleWebKit/537.36 (KHTML, like Gecko; compatible; GPTBot/1.4; +https://openai.com/gptbot)" cityapartments.ch
74.7.227.35 - - [06/Jul/2026:00:49:40 +0200] "GET /index.php?loknya=/home/clients/9feeab47ed6ca1a1b2890343d7a99fd4/web/well-known/acme-challenge/j/h/c/h HTTP/1.1" 200 2232 "https://www.cityapartments.ch/index.php?loknya=/home/clients/9feeab47ed6ca1a1b2890343d7a99fd4/web/well-known/acme-challenge/j/h/c" "Mozilla/5.0 AppleWebKit/537.36 (KHTML, like Gecko; compatible; GPTBot/1.4; +https://openai.com/gptbot)" cityapartments.ch
74.7.227.35 - - [06/Jul/2026:00:49:43 +0200] "GET /index.php?loknya=/home/clients/9feeab47ed6ca1a1b2890343d7a99fd4/web/well-known/acme-challene/j/h/c/ HTTP/1.1" 200 2036 "https://www.cityapartments.ch/index.php?loknya=/home/clients/9feeab47ed6ca1a1b2890343d7a99fd4/web/well-known/acme-challenge/j/h/c/g" "Mozilla/5.0 AppleWebKit/537.36 (KHTML, like Gecko; compatible; GPTBot/1.4; +https://openai.com/gptbot)" cityapartments.ch
66.249.73.170 - - [06/Jul/2026:00:49:43 +0200] "GET /m/surge52783428.htm HTTP/1.1" 404 991 "-" "Mozilla/5.0 (Linux; Android 6.0.1; Nexus 5X Build/MMB29P) AppleWebKit/537.36 (KHTML, like Gecko) Chrome/150.0.7871.46 Mobile Safari/537.36 (compatible; Googlebot/2.1; +http://www.google.com/bot.html)" cityapartments.ch
74.7.227.35 - - [06/Jul/2026:00:49:46 +0200] "GET /index.php?loknya=/home/clients/9feeab47ed6ca1a1b2890343d7a99fd4/web/well-known/acme-challenge/j/h/c/j HTTP/1.1" 200 2205 "https://www.cityapartments.ch/index.php?loknya=/home/clients/9feeab47ed6ca1a1b2890343d7a99fd4/web/well-known/acme-challenge/j/h/c" "Mozilla/5.0 AppleWebKit/537.36 (KHTML, like Gecko; compatible; GPTBot/1.4; +https://openai.com/gptbot)" cityapartments.ch
66.249.76.167 - - [06/Jul/2026:00:49:48 +0200] "GET /m/seem30492618.htm HTTP/1.1" 404 991 "-" "Mozilla/5.0 (Linux; Android 6.0.1; Nexus 5X Build/MMB29P) AppleWebKit/537.36 (KHTML, like Gecko) Chrome/150.0.7871.46 Mobile Safari/537.36 (compatible; Googlebot/2.1; +http://www.google.com/bot.html)" cityapartments.ch
74.7.227.35 - - [06/Jul/2026:00:49:50 +0200] "GET /index.php?loknya=/home/clients/9feeab47ed6ca1a1b2890343d7a99fd4/web/well-known/acme-challenge/j/h/c/a HTTP/1.1" 200 2240 "https://www.cityapartments.ch/index.php?loknya=/home/clients/9feeab47ed6ca1a1b2890343d7a99fd4/web/well-known/acme-challenge/j/h/c" "Mozilla/5.0 AppleWebKit/537.36 (KHTML, like Gecko; compatible; GPTBot/1.4; +https://openai.com/gptbot)" cityapartments.ch
74.7.227.35 - - [06/Jul/2026:00:49:53 +0200] "GET /index.php?loknya=/home/clients/9feeab47ed6ca1a1b2890343d7a99fd4/web/well-known/acme-challenge/j/h/c/b HTTP/1.1" 200 2234 "https://www.cityapartments.ch/index.php?loknya=/home/clients/9feeab47ed6ca1a1b2890343d7a99fd4/web/well-known/acme-challenge/j/h/c" "Mozilla/5.0 AppleWebKit/537.36 (KHTML, like Gecko; compatible; GPTBot/1.4; +https://openai.com/gptbot)" cityapartments.ch
66.249.73.170 - - [06/Jul/2026:00:49:53 +0200] "GET /m/jungl72573654.htm HTTP/1.1" 404 991 "-" "Mozilla/5.0 (Linux; Android 6.0.1; Nexus 5X Build/MMB29P) AppleWebKit/537.36 (KHTML, like Gecko) Chrome/150.0.7871.46 Mobile Safari/537.36 (compatible; Googlebot/2.1; +http://www.google.com/bot.html)" cityapartments.ch
74.7.227.35 - - [06/Jul/2026:00:49:56 +0200] "GET /index.php?loknya=/home/clients/9feeab47ed6ca1a1b2890343d7a99fd4/web/well-known/acme-challenge/j/h/c/c HTTP/1.1" 200 2233 "https://www.cityapartments.ch/index.php?loknya=/home/clients/9feeab47ed6ca1a1b2890343d7a99fd4/web/well-known/acme-challenge/j/h/c" "Mozilla/5.0 AppleWebKit/537.36 (KHTML, like Gecko; compatible; GPTBot/1.4; +https://openai.com/gptbot)" cityapartments.ch
74.7.227.35 - - [06/Jul/2026:00:49:59 +0200] "GET /index.php?loknya=/home/clients/9feeab47ed6ca1a1b2890343d7a99fd4/web/well-known/acme-challenge/j/h/c/k HTTP/1.1" 200 2229 "https://www.cityapartments.ch/index.php?loknya=/home/clients/9feeab47ed6ca1a1b2890343d7a99fd4/web/well-known/acme-challenge/j/h/c" "Mozilla/5.0 AppleWebKit/537.36 (KHTML, like Gecko; compatible; GPTBot/1.4; +https://openai.com/gptbot)" cityapartments.ch
74.7.227.35 - - [06/Jul/2026:00:50:02 +0200] "GET /index.php?loknya=/hom/clints/9fab47d6ca1a1b2890343d7a99fd4/wb/wll-known/acm-challng/j/h/c/ HTTP/1.1" 200 2029 "https://www.cityapartments.ch/index.php?loknya=/home/clients/9feeab47ed6ca1a1b2890343d7a99fd4/web/well-known/acme-challenge/j/h/c/e" "Mozilla/5.0 AppleWebKit/537.36 (KHTML, like Gecko; compatible; GPTBot/1.4; +https://openai.com/gptbot)" cityapartments.ch
74.7.227.35 - - [06/Jul/2026:00:50:05 +0200] "GET /index.php?loknya=/home/clents/9feeab47ed6ca1a1b2890343d7a99fd4/web/well-known/acme-challenge/j/h/c/ HTTP/1.1" 200 2037 "https://www.cityapartments.ch/index.php?loknya=/home/clients/9feeab47ed6ca1a1b2890343d7a99fd4/web/well-known/acme-challenge/j/h/c/i" "Mozilla/5.0 AppleWebKit/537.36 (KHTML, like Gecko; compatible; GPTBot/1.4; +https://openai.com/gptbot)" cityapartments.ch
74.7.227.35 - - [06/Jul/2026:00:50:08 +0200] "GET /index.php?loknya=/home/lients/9feeab47ed6a1a1b2890343d7a99fd4/web/well-known/ame-hallenge/j/h/ HTTP/1.1" 200 2021 "https://www.cityapartments.ch/index.php?loknya=/home/clients/9feeab47ed6ca1a1b2890343d7a99fd4/web/well-known/acme-challenge/j/h/c" "Mozilla/5.0 AppleWebKit/537.36 (KHTML, like Gecko; compatible; GPTBot/1.4; +https://openai.com/gptbot)" cityapartments.ch
74.7.227.35 - - [06/Jul/2026:00:50:11 +0200] "GET /index.php?loknya=/home/clents/9feeab47ed6ca1a1b2890343d7a99fd4/web/well-known/acme-challenge/d/a/f HTTP/1.1" 200 2029 "https://www.cityapartments.ch/index.php?loknya=/home/clents/9feeab47ed6ca1a1b2890343d7a99fd4/web/well-known/acme-challenge/d/a/f/" "Mozilla/5.0 AppleWebKit/537.36 (KHTML, like Gecko; compatible; GPTBot/1.4; +https://openai.com/gptbot)" cityapartments.ch
74.7.227.35 - - [06/Jul/2026:00:50:15 +0200] "GET /index.php?loknya=/ome/clients/9feeab47ed6ca1a1b2890343d7a99fd4/web/well-known/acme-callenge/j/c/ HTTP/1.1" 200 2027 "https://www.cityapartments.ch/index.php?loknya=/home/clients/9feeab47ed6ca1a1b2890343d7a99fd4/web/well-known/acme-challenge/j/h/c/h" "Mozilla/5.0 AppleWebKit/537.36 (KHTML, like Gecko; compatible; GPTBot/1.4; +https://openai.com/gptbot)" cityapartments.ch
74.7.227.35 - - [06/Jul/2026:00:50:18 +0200] "GET /index.php?loknya=/home/lients/9feeab47ed6a1a1b2890343d7a99fd4/web/well-known/ame-hallene/j/h/ HTTP/1.1" 200 2020 "https://www.cityapartments.ch/index.php?loknya=/home/clients/9feeab47ed6ca1a1b2890343d7a99fd4/web/well-known/acme-challene/j/h/c/" "Mozilla/5.0 AppleWebKit/537.36 (KHTML, like Gecko; compatible; GPTBot/1.4; +https://openai.com/gptbot)" cityapartments.ch
74.7.227.35 - - [06/Jul/2026:00:50:21 +0200] "GET /index.php?loknya=/home/clents/9feeab47ed6ca1a1b2890343d7a99fd4/web/well-known/acme-challenge/h/e/a HTTP/1.1" 200 2036 "https://www.cityapartments.ch/index.php?loknya=/home/clents/9feeab47ed6ca1a1b2890343d7a99fd4/web/well-known/acme-challenge/h/e/a/" "Mozilla/5.0 AppleWebKit/537.36 (KHTML, like Gecko; compatible; GPTBot/1.4; +https://openai.com/gptbot)" cityapartments.ch
74.7.227.35 - - [06/Jul/2026:00:50:24 +0200] "GET /index.php?loknya=/home/clients/9feeb47ed6c11b2890343d799fd4/web/well-known/cme-chllenge/j/h/c/ HTTP/1.1" 200 2032 "https://www.cityapartments.ch/index.php?loknya=/home/clients/9feeab47ed6ca1a1b2890343d7a99fd4/web/well-known/acme-challenge/j/h/c/a" "Mozilla/5.0 AppleWebKit/537.36 (KHTML, like Gecko; compatible; GPTBot/1.4; +https://openai.com/gptbot)" cityapartments.ch
74.7.227.35 - - [06/Jul/2026:00:50:27 +0200] "GET /index.php?loknya=/home/clients/9feea47ed6ca1a12890343d7a99fd4/we/well-known/acme-challenge/j/h/c/ HTTP/1.1" 200 2036 "https://www.cityapartments.ch/index.php?loknya=/home/clients/9feeab47ed6ca1a1b2890343d7a99fd4/web/well-known/acme-challenge/j/h/c/b" "Mozilla/5.0 AppleWebKit/537.36 (KHTML, like Gecko; compatible; GPTBot/1.4; +https://openai.com/gptbot)" cityapartments.ch
74.7.227.35 - - [06/Jul/2026:00:50:30 +0200] "GET /index.php?loknya=/home/clents/9feeab47ed6ca1a1b2890343d7a99fd4/web/well-known/acme-challenge/a/f/c HTTP/1.1" 200 2032 "https://www.cityapartments.ch/index.php?loknya=/home/clents/9feeab47ed6ca1a1b2890343d7a99fd4/web/well-known/acme-challenge/a/f/c/" "Mozilla/5.0 AppleWebKit/537.36 (KHTML, like Gecko; compatible; GPTBot/1.4; +https://openai.com/gptbot)" cityapartments.ch
74.7.227.35 - - [06/Jul/2026:00:50:33 +0200] "GET /index.php?loknya=/home/clients/9feeab47ed6ca1a1b2890343d7a99fd4/web/well-nown/acme-challenge/j/h/c/ HTTP/1.1" 200 2036 "https://www.cityapartments.ch/index.php?loknya=/home/clients/9feeab47ed6ca1a1b2890343d7a99fd4/web/well-known/acme-challenge/j/h/c/k" "Mozilla/5.0 AppleWebKit/537.36 (KHTML, like Gecko; compatible; GPTBot/1.4; +https://openai.com/gptbot)" cityapartments.ch
74.7.227.35 - - [06/Jul/2026:00:50:36 +0200] "GET /index.php?loknya=/hom/clints/9fab47d6ca1a1b2890343d7a99fd4/wb/wll-known/acm-challng/j/h/c HTTP/1.1" 200 2026 "https://www.cityapartments.ch/index.php?loknya=/hom/clints/9fab47d6ca1a1b2890343d7a99fd4/wb/wll-known/acm-challng/j/h/c/" "Mozilla/5.0 AppleWebKit/537.36 (KHTML, like Gecko; compatible; GPTBot/1.4; +https://openai.com/gptbot)" cityapartments.ch
66.249.73.172 - - [06/Jul/2026:00:50:38 +0200] "GET /m/toget30780986.htm HTTP/1.1" 404 991 "-" "Mozilla/5.0 (Linux; Android 6.0.1; Nexus 5X Build/MMB29P) AppleWebKit/537.36 (KHTML, like Gecko) Chrome/150.0.7871.46 Mobile Safari/537.36 (compatible; Googlebot/2.1; +http://www.google.com/bot.html)" cityapartments.ch
74.7.227.35 - - [06/Jul/2026:00:50:39 +0200] "GET /index.php?loknya=/home/lents/9feeab47ed6a1a1b2890343d7a99fd4/web/well-known/ame-hallenge/j/h/ HTTP/1.1" 200 2019 "https://www.cityapartments.ch/index.php?loknya=/home/clents/9feeab47ed6ca1a1b2890343d7a99fd4/web/well-known/acme-challenge/j/h/c/" "Mozilla/5.0 AppleWebKit/537.36 (KHTML, like Gecko; compatible; GPTBot/1.4; +https://openai.com/gptbot)" cityapartments.ch
74.7.227.35 - - [06/Jul/2026:00:50:42 +0200] "GET /index.php?loknya=/ome/lients/9feeab47ed6a1a1b2890343d7a99fd4/web/well-known/ame-allenge/j/ HTTP/1.1" 200 2006 "https://www.cityapartments.ch/index.php?loknya=/home/lients/9feeab47ed6a1a1b2890343d7a99fd4/web/well-known/ame-hallenge/j/h/" "Mozilla/5.0 AppleWebKit/537.36 (KHTML, like Gecko; compatible; GPTBot/1.4; +https://openai.com/gptbot)" cityapartments.ch
74.7.227.35 - - [06/Jul/2026:00:50:46 +0200] "GET /index.php?loknya=/home/clents/9feeab47ed6ca1a1b2890343d7a99fd4/web/well-known/acme-challenge/h/a/a HTTP/1.1" 200 2032 "https://www.cityapartments.ch/index.php?loknya=/home/clents/9feeab47ed6ca1a1b2890343d7a99fd4/web/well-known/acme-challenge/h/a/a/" "Mozilla/5.0 AppleWebKit/537.36 (KHTML, like Gecko; compatible; GPTBot/1.4; +https://openai.com/gptbot)" cityapartments.ch
74.7.227.35 - - [06/Jul/2026:00:50:49 +0200] "GET /index.php?loknya=/home/clents/9feeab47ed6ca1a1b2890343d7a99fd4/web/well-known/acme-challenge/h/e/d HTTP/1.1" 200 2031 "https://www.cityapartments.ch/index.php?loknya=/home/clents/9feeab47ed6ca1a1b2890343d7a99fd4/web/well-known/acme-challenge/h/e/d/" "Mozilla/5.0 AppleWebKit/537.36 (KHTML, like Gecko; compatible; GPTBot/1.4; +https://openai.com/gptbot)" cityapartments.ch
66.249.73.170 - - [06/Jul/2026:00:50:50 +0200] "GET /m/cream81585471.htm HTTP/1.1" 404 991 "-" "Mozilla/5.0 (Linux; Android 6.0.1; Nexus 5X Build/MMB29P) AppleWebKit/537.36 (KHTML, like Gecko) Chrome/150.0.7871.46 Mobile Safari/537.36 (compatible; Googlebot/2.1; +http://www.google.com/bot.html)" cityapartments.ch
74.7.227.35 - - [06/Jul/2026:00:50:52 +0200] "GET /index.php?loknya=/ome/lients/9feeab47ed6a1a1b2890343d7a99fd4/web/well-known/ame-allene/j/ HTTP/1.1" 200 2006 "https://www.cityapartments.ch/index.php?loknya=/home/lients/9feeab47ed6a1a1b2890343d7a99fd4/web/well-known/ame-hallene/j/h/" "Mozilla/5.0 AppleWebKit/537.36 (KHTML, like Gecko; compatible; GPTBot/1.4; +https://openai.com/gptbot)" cityapartments.ch
74.7.227.35 - - [06/Jul/2026:00:50:55 +0200] "GET /index.php?loknya=/home/clents/9feeab47ed6ca1a1b2890343d7a99fd4/web/well-known/acme-challenge/d/a/h HTTP/1.1" 200 2028 "https://www.cityapartments.ch/index.php?loknya=/home/clents/9feeab47ed6ca1a1b2890343d7a99fd4/web/well-known/acme-challenge/d/a/h/" "Mozilla/5.0 AppleWebKit/537.36 (KHTML, like Gecko; compatible; GPTBot/1.4; +https://openai.com/gptbot)" cityapartments.ch
74.7.227.35 - - [06/Jul/2026:00:50:58 +0200] "GET /index.php?loknya=/home/clients/9feeb47ed6c11b2890343d799fd4/web/well-known/cme-chllenge/j/h/c HTTP/1.1" 200 2029 "https://www.cityapartments.ch/index.php?loknya=/home/clients/9feeb47ed6c11b2890343d799fd4/web/well-known/cme-chllenge/j/h/c/" "Mozilla/5.0 AppleWebKit/537.36 (KHTML, like Gecko; compatible; GPTBot/1.4; +https://openai.com/gptbot)" cityapartments.ch
74.7.227.35 - - [06/Jul/2026:00:51:02 +0200] "GET /index.php?loknya=/home/clients/9feeab47ed6ca1a1b2890343d7a99fd4/web/well-nown/acme-challenge/h/b/h HTTP/1.1" 200 2028 "https://www.cityapartments.ch/index.php?loknya=/home/clients/9feeab47ed6ca1a1b2890343d7a99fd4/web/well-nown/acme-challenge/h/b/h/" "Mozilla/5.0 AppleWebKit/537.36 (KHTML, like Gecko; compatible; GPTBot/1.4; +https://openai.com/gptbot)" cityapartments.ch
74.7.227.35 - - [06/Jul/2026:00:51:05 +0200] "GET /index.php?loknya=/home/clients/9feeab47ed6ca1a1b2890343d7a99fd4/web/well-known/acme-challenge/h/d/ HTTP/1.1" 200 2550 "https://www.cityapartments.ch/index.php?loknya=/home/clients/9feeab47ed6ca1a1b2890343d7a99fd4/web/well-known/acme-challenge/j/h/d/j" "Mozilla/5.0 AppleWebKit/537.36 (KHTML, like Gecko; compatible; GPTBot/1.4; +https://openai.com/gptbot)" cityapartments.ch
74.7.227.35 - - [06/Jul/2026:00:51:08 +0200] "GET /index.php?loknya=/home/lients/9feeab47ed6a1a1b2890343d7a99fd4/web/well-nown/ame-hallenge/j/h/ HTTP/1.1" 200 2020 "https://www.cityapartments.ch/index.php?loknya=/home/clients/9feeab47ed6ca1a1b2890343d7a99fd4/web/well-nown/acme-challenge/j/h/c/" "Mozilla/5.0 AppleWebKit/537.36 (KHTML, like Gecko; compatible; GPTBot/1.4; +https://openai.com/gptbot)" cityapartments.ch
74.7.227.35 - - [06/Jul/2026:00:51:11 +0200] "GET /index.php?loknya=/home/clents/9feeab47ed6ca1a1b2890343d7a99fd4/web/well-known/acme-challenge/h/e/e HTTP/1.1" 200 2040 "https://www.cityapartments.ch/index.php?loknya=/home/clents/9feeab47ed6ca1a1b2890343d7a99fd4/web/well-known/acme-challenge/h/e/e/" "Mozilla/5.0 AppleWebKit/537.36 (KHTML, like Gecko; compatible; GPTBot/1.4; +https://openai.com/gptbot)" cityapartments.ch
74.7.227.35 - - [06/Jul/2026:00:51:14 +0200] "GET /index.php?loknya=/ome/lents/9feeab47ed6a1a1b2890343d7a99fd4/web/well-known/ame-allenge/j/ HTTP/1.1" 200 2005 "https://www.cityapartments.ch/index.php?loknya=/home/lents/9feeab47ed6a1a1b2890343d7a99fd4/web/well-known/ame-hallenge/j/h/" "Mozilla/5.0 AppleWebKit/537.36 (KHTML, like Gecko; compatible; GPTBot/1.4; +https://openai.com/gptbot)" cityapartments.ch
74.7.227.35 - - [06/Jul/2026:00:51:17 +0200] "GET /index.php?loknya=/home/clents/9feeab47ed6ca1a1b2890343d7a99fd4/web/well-nown/acme-challenge/h/a/ HTTP/1.1" 200 2028 "https://www.cityapartments.ch/index.php?loknya=/home/clients/9feeab47ed6ca1a1b2890343d7a99fd4/web/well-nown/acme-challenge/h/a/i/" "Mozilla/5.0 AppleWebKit/537.36 (KHTML, like Gecko; compatible; GPTBot/1.4; +https://openai.com/gptbot)" cityapartments.ch
74.7.227.35 - - [06/Jul/2026:00:51:21 +0200] "GET /index.php?loknya=/home/clients/9feeab47ed6ca1a1b2890343d7a99fd4/web/well-nown/acme-challenge/i/g/i HTTP/1.1" 200 2025 "https://www.cityapartments.ch/index.php?loknya=/home/clients/9feeab47ed6ca1a1b2890343d7a99fd4/web/well-nown/acme-challenge/i/g/i/" "Mozilla/5.0 AppleWebKit/537.36 (KHTML, like Gecko; compatible; GPTBot/1.4; +https://openai.com/gptbot)" cityapartments.ch
74.7.227.35 - - [06/Jul/2026:00:51:24 +0200] "GET /index.php?loknya=/home/clients/9feeab47ed6ca1a1b2890343d7a99fd4/web/well-known/acme-challenge/j/h/g HTTP/1.1" 200 2545 "https://www.cityapartments.ch/index.php?loknya=/home/clients/9feeab47ed6ca1a1b2890343d7a99fd4/web/well-known/acme-challenge/j/h" "Mozilla/5.0 AppleWebKit/537.36 (KHTML, like Gecko; compatible; GPTBot/1.4; +https://openai.com/gptbot)" cityapartments.ch
74.7.227.35 - - [06/Jul/2026:00:51:27 +0200] "GET /index.php?loknya=/home/clents/9feeab47ed6ca1a1b2890343d7a99fd4/web/well-known/acme-challenge/h/b/j HTTP/1.1" 200 2024 "https://www.cityapartments.ch/index.php?loknya=/home/clents/9feeab47ed6ca1a1b2890343d7a99fd4/web/well-known/acme-challenge/h/b/j/" "Mozilla/5.0 AppleWebKit/537.36 (KHTML, like Gecko; compatible; GPTBot/1.4; +https://openai.com/gptbot)" cityapartments.ch
74.7.227.35 - - [06/Jul/2026:00:51:30 +0200] "GET /index.php?loknya=/home/clients/9feeab47ed6ca1a1b2890343d7a99fd4/web/well-known/acme-challenge/j/h/i HTTP/1.1" 200 2545 "https://www.cityapartments.ch/index.php?loknya=/home/clients/9feeab47ed6ca1a1b2890343d7a99fd4/web/well-known/acme-challenge/j/h" "Mozilla/5.0 AppleWebKit/537.36 (KHTML, like Gecko; compatible; GPTBot/1.4; +https://openai.com/gptbot)" cityapartments.ch
74.7.227.35 - - [06/Jul/2026:00:51:33 +0200] "GET /index.php?loknya=/home/clents/9feeab47ed6ca1a1b2890343d7a99fd4/web/well-known/acme-challenge/g/a/ HTTP/1.1" 200 2030 "https://www.cityapartments.ch/index.php?loknya=/home/clients/9feeab47ed6ca1a1b2890343d7a99fd4/web/well-known/acme-challenge/i/g/a/i" "Mozilla/5.0 AppleWebKit/537.36 (KHTML, like Gecko; compatible; GPTBot/1.4; +https://openai.com/gptbot)" cityapartments.ch
66.249.73.172 - - [06/Jul/2026:00:51:34 +0200] "GET /m/monit71688030.htm HTTP/1.1" 404 991 "-" "Mozilla/5.0 (Linux; Android 6.0.1; Nexus 5X Build/MMB29P) AppleWebKit/537.36 (KHTML, like Gecko) Chrome/150.0.7871.46 Mobile Safari/537.36 (compatible; Googlebot/2.1; +http://www.google.com/bot.html)" cityapartments.ch
74.7.227.35 - - [06/Jul/2026:00:51:36 +0200] "GET /index.php?loknya=/home/clients/9feeab47ed6ca1a1b2890343d7a99fd4/web/well-nown/acme-challenge/a/f/c HTTP/1.1" 200 2033 "https://www.cityapartments.ch/index.php?loknya=/home/clients/9feeab47ed6ca1a1b2890343d7a99fd4/web/well-nown/acme-challenge/a/f/c/" "Mozilla/5.0 AppleWebKit/537.36 (KHTML, like Gecko; compatible; GPTBot/1.4; +https://openai.com/gptbot)" cityapartments.ch
74.7.227.35 - - [06/Jul/2026:00:51:39 +0200] "GET /index.php?loknya=/home/clients/9feeab47ed6ca1a1b2890343d7a99fd4/web/well-known/acme-challenge/h/d/d HTTP/1.1" 200 2548 "https://www.cityapartments.ch/index.php?loknya=/home/clients/9feeab47ed6ca1a1b2890343d7a99fd4/web/well-known/acme-challenge/h/d/" "Mozilla/5.0 AppleWebKit/537.36 (KHTML, like Gecko; compatible; GPTBot/1.4; +https://openai.com/gptbot)" cityapartments.ch
74.7.227.35 - - [06/Jul/2026:00:51:42 +0200] "GET /index.php?loknya=/ome/lients/9feeab47ed6a1a1b2890343d7a99fd4/web/well-nown/ame-allenge/j/ HTTP/1.1" 200 2006 "https://www.cityapartments.ch/index.php?loknya=/home/lients/9feeab47ed6a1a1b2890343d7a99fd4/web/well-nown/ame-hallenge/j/h/" "Mozilla/5.0 AppleWebKit/537.36 (KHTML, like Gecko; compatible; GPTBot/1.4; +https://openai.com/gptbot)" cityapartments.ch
74.7.227.35 - - [06/Jul/2026:00:51:46 +0200] "GET /index.php?loknya=/home/clients/9feeab47ed6ca1a1b2890343d7a99fd4/web/well-known/acme-challenge/h/d/e HTTP/1.1" 200 2563 "https://www.cityapartments.ch/index.php?loknya=/home/clients/9feeab47ed6ca1a1b2890343d7a99fd4/web/well-known/acme-challenge/h/d/" "Mozilla/5.0 AppleWebKit/537.36 (KHTML, like Gecko; compatible; GPTBot/1.4; +https://openai.com/gptbot)" cityapartments.ch
74.7.227.35 - - [06/Jul/2026:00:51:49 +0200] "GET /index.php?loknya=/home/clients/9feeab47ed6ca1a1b2890343d7a99fd4/web/well-known/acme-challenge/h/d/h HTTP/1.1" 200 2549 "https://www.cityapartments.ch/index.php?loknya=/home/clients/9feeab47ed6ca1a1b2890343d7a99fd4/web/well-known/acme-challenge/h/d/" "Mozilla/5.0 AppleWebKit/537.36 (KHTML, like Gecko; compatible; GPTBot/1.4; +https://openai.com/gptbot)" cityapartments.ch
52.167.144.19 - - [06/Jul/2026:00:51:50 +0200] "GET /m/diame42786731.htm HTTP/1.1" 404 991 "-" "Mozilla/5.0 AppleWebKit/537.36 (KHTML, like Gecko; compatible; bingbot/2.0; +http://www.bing.com/bingbot.htm) Chrome/116.0.1938.76 Safari/537.36" cityapartments.ch
74.7.227.35 - - [06/Jul/2026:00:51:52 +0200] "GET /index.php?loknya=/home/clents/9feeab47ed6ca1a1b2890343d7a99fd4/web/well-nown/acme-challenge/h HTTP/1.1" 200 2011 "https://www.cityapartments.ch/index.php?loknya=/home/clents/9feeab47ed6ca1a1b2890343d7a99fd4/web/well-nown/acme-challenge/h/a/" "Mozilla/5.0 AppleWebKit/537.36 (KHTML, like Gecko; compatible; GPTBot/1.4; +https://openai.com/gptbot)" cityapartments.ch
52.167.144.19 - - [06/Jul/2026:00:51:53 +0200] "GET /m/snow71493214.htm HTTP/1.1" 404 991 "-" "Mozilla/5.0 AppleWebKit/537.36 (KHTML, like Gecko; compatible; bingbot/2.0; +http://www.bing.com/bingbot.htm) Chrome/116.0.1938.76 Safari/537.36" cityapartments.ch
74.7.227.35 - - [06/Jul/2026:00:51:55 +0200] "GET /index.php?loknya=/home/clients/9feeab47ed6ca1a1b2890343d7a99fd4/web/well-known/acme-challenge/h/d/a HTTP/1.1" 200 2553 "https://www.cityapartments.ch/index.php?loknya=/home/clients/9feeab47ed6ca1a1b2890343d7a99fd4/web/well-known/acme-challenge/h/d/" "Mozilla/5.0 AppleWebKit/537.36 (KHTML, like Gecko; compatible; GPTBot/1.4; +https://openai.com/gptbot)" cityapartments.ch
52.167.144.19 - - [06/Jul/2026:00:51:56 +0200] "GET /m/belon12013496.htm HTTP/1.1" 404 991 "-" "Mozilla/5.0 AppleWebKit/537.36 (KHTML, like Gecko; compatible; bingbot/2.0; +http://www.bing.com/bingbot.htm) Chrome/116.0.1938.76 Safari/537.36" cityapartments.ch
74.7.227.35 - - [06/Jul/2026:00:51:58 +0200] "GET /index.php?loknya=/home/clients/9feeab47ed6ca1a1b2890343d7a99fd4/web/well-known/acme-challenge/j/h/g/e HTTP/1.1" 200 2247 "https://www.cityapartments.ch/index.php?loknya=/home/clients/9feeab47ed6ca1a1b2890343d7a99fd4/web/well-known/acme-challenge/j/h/g" "Mozilla/5.0 AppleWebKit/537.36 (KHTML, like Gecko; compatible; GPTBot/1.4; +https://openai.com/gptbot)" cityapartments.ch
74.7.227.35 - - [06/Jul/2026:00:52:01 +0200] "GET /index.php?loknya=/home/clients/9feeab47ed6ca1a1b2890343d7a99fd4/web/well-known/acme-challenge/j/h/g/j HTTP/1.1" 200 2206 "https://www.cityapartments.ch/index.php?loknya=/home/clients/9feeab47ed6ca1a1b2890343d7a99fd4/web/well-known/acme-challenge/j/h/g" "Mozilla/5.0 AppleWebKit/537.36 (KHTML, like Gecko; compatible; GPTBot/1.4; +https://openai.com/gptbot)" cityapartments.ch
74.7.227.35 - - [06/Jul/2026:00:52:04 +0200] "GET /index.php?loknya=/home/clients/9feeab47ed6ca1a1b2890343d7a99fd4/web/well-known/acme-challenge/j/h/i/c HTTP/1.1" 200 2236 "https://www.cityapartments.ch/index.php?loknya=/home/clients/9feeab47ed6ca1a1b2890343d7a99fd4/web/well-known/acme-challenge/j/h/i" "Mozilla/5.0 AppleWebKit/537.36 (KHTML, like Gecko; compatible; GPTBot/1.4; +https://openai.com/gptbot)" cityapartments.ch
74.7.227.35 - - [06/Jul/2026:00:52:08 +0200] "GET /index.php?loknya=/home/clents/9feeab47ed6ca1a1b2890343d7a99fd4/web/well-known/acme-challenge/g HTTP/1.1" 200 2009 "https://www.cityapartments.ch/index.php?loknya=/home/clents/9feeab47ed6ca1a1b2890343d7a99fd4/web/well-known/acme-challenge/g/a/" "Mozilla/5.0 AppleWebKit/537.36 (KHTML, like Gecko; compatible; GPTBot/1.4; +https://openai.com/gptbot)" cityapartments.ch
74.7.227.35 - - [06/Jul/2026:00:52:11 +0200] "GET /index.php?loknya=/home/clients/9feeab47ed6ca1a1b2890343d7a99fd4/web/well-known/acme-challenge/j/h/i/f HTTP/1.1" 200 2232 "https://www.cityapartments.ch/index.php?loknya=/home/clients/9feeab47ed6ca1a1b2890343d7a99fd4/web/well-known/acme-challenge/j/h/i" "Mozilla/5.0 AppleWebKit/537.36 (KHTML, like Gecko; compatible; GPTBot/1.4; +https://openai.com/gptbot)" cityapartments.ch
74.7.227.35 - - [06/Jul/2026:00:52:14 +0200] "GET /index.php?loknya=/home/clients/9feeab47ed6ca1a1b2890343d7a99fd4/web/well-known/acme-challenge/j/h/i/i HTTP/1.1" 200 2226 "https://www.cityapartments.ch/index.php?loknya=/home/clients/9feeab47ed6ca1a1b2890343d7a99fd4/web/well-known/acme-challenge/j/h/i" "Mozilla/5.0 AppleWebKit/537.36 (KHTML, like Gecko; compatible; GPTBot/1.4; +https://openai.com/gptbot)" cityapartments.ch
74.7.227.35 - - [06/Jul/2026:00:52:17 +0200] "GET /index.php?loknya=/home/clients/9feeab47ed6ca1a1b2890343d7a99fd4/web/well-known/acme-challenge/h/d/d/a HTTP/1.1" 200 2236 "https://www.cityapartments.ch/index.php?loknya=/home/clients/9feeab47ed6ca1a1b2890343d7a99fd4/web/well-known/acme-challenge/h/d/d" "Mozilla/5.0 AppleWebKit/537.36 (KHTML, like Gecko; compatible; GPTBot/1.4; +https://openai.com/gptbot)" cityapartments.ch
74.7.227.35 - - [06/Jul/2026:00:52:20 +0200] "GET /index.php?loknya=/home/clients/9feeab47ed6ca1a1b2890343d7a99fd4/web/well-known/acme-challenge/h/d/d/f HTTP/1.1" 200 2228 "https://www.cityapartments.ch/index.php?loknya=/home/clients/9feeab47ed6ca1a1b2890343d7a99fd4/web/well-known/acme-challenge/h/d/d" "Mozilla/5.0 AppleWebKit/537.36 (KHTML, like Gecko; compatible; GPTBot/1.4; +https://openai.com/gptbot)" cityapartments.ch
74.7.227.35 - - [06/Jul/2026:00:52:24 +0200] "GET /index.php?loknya=/home/clients/9feeab47ed6ca1a1b2890343d7a99fd4/web/well-known/acme-challenge/h/d/h/g HTTP/1.1" 200 2226 "https://www.cityapartments.ch/index.php?loknya=/home/clients/9feeab47ed6ca1a1b2890343d7a99fd4/web/well-known/acme-challenge/h/d/h" "Mozilla/5.0 AppleWebKit/537.36 (KHTML, like Gecko; compatible; GPTBot/1.4; +https://openai.com/gptbot)" cityapartments.ch
74.7.227.35 - - [06/Jul/2026:00:52:27 +0200] "GET /index.php?loknya=/home/clients/9feeab47ed6ca1a1b2890343d7a99fd4/web/well-known/acme-challenge/h/d/h/h HTTP/1.1" 200 2230 "https://www.cityapartments.ch/index.php?loknya=/home/clients/9feeab47ed6ca1a1b2890343d7a99fd4/web/well-known/acme-challenge/h/d/h" "Mozilla/5.0 AppleWebKit/537.36 (KHTML, like Gecko; compatible; GPTBot/1.4; +https://openai.com/gptbot)" cityapartments.ch
74.7.227.35 - - [06/Jul/2026:00:52:30 +0200] "GET /index.php?loknya=/home/clients/9feeab47ed6ca1a1b2890343d7a99fd4/web/well-known/acme-challenge/h/d/a/a HTTP/1.1" 200 2235 "https://www.cityapartments.ch/index.php?loknya=/home/clients/9feeab47ed6ca1a1b2890343d7a99fd4/web/well-known/acme-challenge/h/d/a" "Mozilla/5.0 AppleWebKit/537.36 (KHTML, like Gecko; compatible; GPTBot/1.4; +https://openai.com/gptbot)" cityapartments.ch
74.7.227.35 - - [06/Jul/2026:00:52:33 +0200] "GET /index.php?loknya=/hom/clints/9fab47d6ca1a1b2890343d7a99fd4/wb/wll-known/acm-challng/j/h/g/ HTTP/1.1" 200 2020 "https://www.cityapartments.ch/index.php?loknya=/home/clients/9feeab47ed6ca1a1b2890343d7a99fd4/web/well-known/acme-challenge/j/h/g/e" "Mozilla/5.0 AppleWebKit/537.36 (KHTML, like Gecko; compatible; GPTBot/1.4; +https://openai.com/gptbot)" cityapartments.ch
74.7.227.35 - - [06/Jul/2026:00:52:36 +0200] "GET /index.php?loknya=/home/clients/9feeab47ed6ca1a1b2890343d7a99fd4/web/well-known/acme-challenge/j/h/i/h HTTP/1.1" 200 2232 "https://www.cityapartments.ch/index.php?loknya=/home/clients/9feeab47ed6ca1a1b2890343d7a99fd4/web/well-known/acme-challenge/j/h/i" "Mozilla/5.0 AppleWebKit/537.36 (KHTML, like Gecko; compatible; GPTBot/1.4; +https://openai.com/gptbot)" cityapartments.ch
74.7.227.35 - - [06/Jul/2026:00:52:39 +0200] "GET /index.php?loknya=/home/lients/9feeab47ed6a1a1b2890343d7a99fd4/web/well-known/ame-hallenge/j/h/i/ HTTP/1.1" 200 2026 "https://www.cityapartments.ch/index.php?loknya=/home/clients/9feeab47ed6ca1a1b2890343d7a99fd4/web/well-known/acme-challenge/j/h/i/c" "Mozilla/5.0 AppleWebKit/537.36 (KHTML, like Gecko; compatible; GPTBot/1.4; +https://openai.com/gptbot)" cityapartments.ch
74.7.227.35 - - [06/Jul/2026:00:52:42 +0200] "GET /index.php?loknya=/home/clients/9feeab47ed6ca1a1b2890343d7a99fd4/web/well-known/acme-challenge/h/d/d/g HTTP/1.1" 200 2224 "https://www.cityapartments.ch/index.php?loknya=/home/clients/9feeab47ed6ca1a1b2890343d7a99fd4/web/well-known/acme-challenge/h/d/d" "Mozilla/5.0 AppleWebKit/537.36 (KHTML, like Gecko; compatible; GPTBot/1.4; +https://openai.com/gptbot)" cityapartments.ch
66.249.76.169 - - [06/Jul/2026:00:52:43 +0200] "GET /m/fun12544248.htm HTTP/1.1" 404 991 "-" "Mozilla/5.0 (Linux; Android 6.0.1; Nexus 5X Build/MMB29P) AppleWebKit/537.36 (KHTML, like Gecko) Chrome/150.0.7871.46 Mobile Safari/537.36 (compatible; Googlebot/2.1; +http://www.google.com/bot.html)" cityapartments.ch
74.7.227.35 - - [06/Jul/2026:00:52:45 +0200] "GET /index.php?loknya=/home/clients/9eeab47ed6ca1a1b2890343d7a99d4/web/well-known/acme-challenge/j/h/i/ HTTP/1.1" 200 2029 "https://www.cityapartments.ch/index.php?loknya=/home/clients/9feeab47ed6ca1a1b2890343d7a99fd4/web/well-known/acme-challenge/j/h/i/f" "Mozilla/5.0 AppleWebKit/537.36 (KHTML, like Gecko; compatible; GPTBot/1.4; +https://openai.com/gptbot)" cityapartments.ch
74.7.227.35 - - [06/Jul/2026:00:52:48 +0200] "GET /index.php?loknya=/home/clients/9feeab47ed6ca1a1b2890343d7a99fd4/web/well-known/acme-challenge/h/d/e/i HTTP/1.1" 200 2229 "https://www.cityapartments.ch/index.php?loknya=/home/clients/9feeab47ed6ca1a1b2890343d7a99fd4/web/well-known/acme-challenge/h/d/e" "Mozilla/5.0 AppleWebKit/537.36 (KHTML, like Gecko; compatible; GPTBot/1.4; +https://openai.com/gptbot)" cityapartments.ch
74.7.227.35 - - [06/Jul/2026:00:52:51 +0200] "GET /index.php?loknya=/home/clients/9feeab47ed6ca1a1b2890343d7a99fd4/web/well-known/acme-challenge/h/d/d/k HTTP/1.1" 200 2225 "https://www.cityapartments.ch/index.php?loknya=/home/clients/9feeab47ed6ca1a1b2890343d7a99fd4/web/well-known/acme-challenge/h/d/d" "Mozilla/5.0 AppleWebKit/537.36 (KHTML, like Gecko; compatible; GPTBot/1.4; +https://openai.com/gptbot)" cityapartments.ch
74.7.227.35 - - [06/Jul/2026:00:52:54 +0200] "GET /index.php?loknya=/home/clients/9eeab47ed6ca1a1b2890343d7a99d4/web/well-known/acme-challenge/h/d/d/ HTTP/1.1" 200 2031 "https://www.cityapartments.ch/index.php?loknya=/home/clients/9feeab47ed6ca1a1b2890343d7a99fd4/web/well-known/acme-challenge/h/d/d/f" "Mozilla/5.0 AppleWebKit/537.36 (KHTML, like Gecko; compatible; GPTBot/1.4; +https://openai.com/gptbot)" cityapartments.ch
74.7.227.35 - - [06/Jul/2026:00:52:58 +0200] "GET /index.php?loknya=/home/clients/9feeab47ed6ca1a1b2890343d7a99fd4/web/well-known/acme-challene/h/d/h/ HTTP/1.1" 200 2026 "https://www.cityapartments.ch/index.php?loknya=/home/clients/9feeab47ed6ca1a1b2890343d7a99fd4/web/well-known/acme-challenge/h/d/h/g" "Mozilla/5.0 AppleWebKit/537.36 (KHTML, like Gecko; compatible; GPTBot/1.4; +https://openai.com/gptbot)" cityapartments.ch
74.7.227.35 - - [06/Jul/2026:00:53:01 +0200] "GET /index.php?loknya=/home/clients/9feeab47ed6ca1a1b2890343d7a99fd4/web/well-known/acme-challenge/h/d/h/i HTTP/1.1" 200 2226 "https://www.cityapartments.ch/index.php?loknya=/home/clients/9feeab47ed6ca1a1b2890343d7a99fd4/web/well-known/acme-challenge/h/d/h" "Mozilla/5.0 AppleWebKit/537.36 (KHTML, like Gecko; compatible; GPTBot/1.4; +https://openai.com/gptbot)" cityapartments.ch
74.7.227.35 - - [06/Jul/2026:00:53:04 +0200] "GET /index.php?loknya=/home/clients/9feeab47ed6ca1a1b2890343d7a99fd4/web/well-known/acme-challenge/h/d/e/j HTTP/1.1" 200 2203 "https://www.cityapartments.ch/index.php?loknya=/home/clients/9feeab47ed6ca1a1b2890343d7a99fd4/web/well-known/acme-challenge/h/d/e" "Mozilla/5.0 AppleWebKit/537.36 (KHTML, like Gecko; compatible; GPTBot/1.4; +https://openai.com/gptbot)" cityapartments.ch
74.7.227.35 - - [06/Jul/2026:00:53:07 +0200] "GET /index.php?loknya=/hom/clints/9fab47d6ca1a1b2890343d7a99fd4/wb/wll-known/acm-challng/j/h/g HTTP/1.1" 200 2017 "https://www.cityapartments.ch/index.php?loknya=/hom/clints/9fab47d6ca1a1b2890343d7a99fd4/wb/wll-known/acm-challng/j/h/g/" "Mozilla/5.0 AppleWebKit/537.36 (KHTML, like Gecko; compatible; GPTBot/1.4; +https://openai.com/gptbot)" cityapartments.ch
74.7.227.35 - - [06/Jul/2026:00:53:10 +0200] "GET /index.php?loknya=/ome/clients/9feeab47ed6ca1a1b2890343d7a99fd4/web/well-known/acme-callenge/j/i/ HTTP/1.1" 200 2021 "https://www.cityapartments.ch/index.php?loknya=/home/clients/9feeab47ed6ca1a1b2890343d7a99fd4/web/well-known/acme-challenge/j/h/i/h" "Mozilla/5.0 AppleWebKit/537.36 (KHTML, like Gecko; compatible; GPTBot/1.4; +https://openai.com/gptbot)" cityapartments.ch
74.7.227.35 - - [06/Jul/2026:00:53:13 +0200] "GET /index.php?loknya=/home/clients/9feeab47ed6ca1a1b2890343d7a99fd4/web/well-known/acme-challenge/h/d/h/k HTTP/1.1" 200 2227 "https://www.cityapartments.ch/index.php?loknya=/home/clients/9feeab47ed6ca1a1b2890343d7a99fd4/web/well-known/acme-challenge/h/d/h" "Mozilla/5.0 AppleWebKit/537.36 (KHTML, like Gecko; compatible; GPTBot/1.4; +https://openai.com/gptbot)" cityapartments.ch
74.7.227.35 - - [06/Jul/2026:00:53:16 +0200] "GET /index.php?loknya=/home/clients/9feeab47ed6ca1a1b2890343d7a99fd4/web/well-known/acme-challene/h/d/d/ HTTP/1.1" 200 2033 "https://www.cityapartments.ch/index.php?loknya=/home/clients/9feeab47ed6ca1a1b2890343d7a99fd4/web/well-known/acme-challenge/h/d/d/g" "Mozilla/5.0 AppleWebKit/537.36 (KHTML, like Gecko; compatible; GPTBot/1.4; +https://openai.com/gptbot)" cityapartments.ch
74.7.227.35 - - [06/Jul/2026:00:53:20 +0200] "GET /index.php?loknya=/home/clients/9feeab47ed6ca1a1b2890343d7a99fd4/web/well-known/acme-challenge/j/h/g/d HTTP/1.1" 200 2235 "https://www.cityapartments.ch/index.php?loknya=/home/clients/9feeab47ed6ca1a1b2890343d7a99fd4/web/well-known/acme-challenge/j/h/g" "Mozilla/5.0 AppleWebKit/537.36 (KHTML, like Gecko; compatible; GPTBot/1.4; +https://openai.com/gptbot)" cityapartments.ch
74.7.227.35 - - [06/Jul/2026:00:53:23 +0200] "GET /index.php?loknya=/home/clients/9feeab47ed6ca1a1b2890343d7a99fd4/web/well-known/acme-challenge/h/d/a/f HTTP/1.1" 200 2232 "https://www.cityapartments.ch/index.php?loknya=/home/clients/9feeab47ed6ca1a1b2890343d7a99fd4/web/well-known/acme-challenge/h/d/a" "Mozilla/5.0 AppleWebKit/537.36 (KHTML, like Gecko; compatible; GPTBot/1.4; +https://openai.com/gptbot)" cityapartments.ch
74.7.227.35 - - [06/Jul/2026:00:53:26 +0200] "GET /index.php?loknya=/home/clients/9feeab47ed6ca1a1b2890343d7a99fd4/web/well-nown/acme-challenge/h/d/d/ HTTP/1.1" 200 2031 "https://www.cityapartments.ch/index.php?loknya=/home/clients/9feeab47ed6ca1a1b2890343d7a99fd4/web/well-known/acme-challenge/h/d/d/k" "Mozilla/5.0 AppleWebKit/537.36 (KHTML, like Gecko; compatible; GPTBot/1.4; +https://openai.com/gptbot)" cityapartments.ch
74.7.227.35 - - [06/Jul/2026:00:53:29 +0200] "GET /index.php?loknya=/home/clients/9feeab47ed6ca1a1b2890343d7a99fd4/web/well-known/acme-challenge/h/d/a/j HTTP/1.1" 200 2202 "https://www.cityapartments.ch/index.php?loknya=/home/clients/9feeab47ed6ca1a1b2890343d7a99fd4/web/well-known/acme-challenge/h/d/a" "Mozilla/5.0 AppleWebKit/537.36 (KHTML, like Gecko; compatible; GPTBot/1.4; +https://openai.com/gptbot)" cityapartments.ch
74.7.227.35 - - [06/Jul/2026:00:53:32 +0200] "GET /index.php?loknya=/home/clients/9feeab47ed6ca1a1b2890343d7a99fd4/web/well-known/acme-challene/h/d HTTP/1.1" 200 2024 "https://www.cityapartments.ch/index.php?loknya=/home/clients/9feeab47ed6ca1a1b2890343d7a99fd4/web/well-known/acme-challene/h/d/h/" "Mozilla/5.0 AppleWebKit/537.36 (KHTML, like Gecko; compatible; GPTBot/1.4; +https://openai.com/gptbot)" cityapartments.ch
66.249.73.172 - - [06/Jul/2026:00:53:32 +0200] "GET /m/angry60412445.htm HTTP/1.1" 404 991 "-" "Mozilla/5.0 (Linux; Android 6.0.1; Nexus 5X Build/MMB29P) AppleWebKit/537.36 (KHTML, like Gecko) Chrome/150.0.7871.46 Mobile Safari/537.36 (compatible; Googlebot/2.1; +http://www.google.com/bot.html)" cityapartments.ch
74.7.227.35 - - [06/Jul/2026:00:53:35 +0200] "GET /index.php?loknya=/ome/clients/9feeab47ed6ca1a1b2890343d7a99fd4/web/well-known/acme-callene/d/ HTTP/1.1" 200 2017 "https://www.cityapartments.ch/index.php?loknya=/home/clients/9feeab47ed6ca1a1b2890343d7a99fd4/web/well-known/acme-challene/h/d/h/" "Mozilla/5.0 AppleWebKit/537.36 (KHTML, like Gecko; compatible; GPTBot/1.4; +https://openai.com/gptbot)" cityapartments.ch
74.7.227.35 - - [06/Jul/2026:00:53:38 +0200] "GET /index.php?loknya=/home/clents/9feeab47ed6ca1a1b2890343d7a99fd4/web/well-known/acme-challenge/h/d/h/ HTTP/1.1" 200 2029 "https://www.cityapartments.ch/index.php?loknya=/home/clients/9feeab47ed6ca1a1b2890343d7a99fd4/web/well-known/acme-challenge/h/d/h/i" "Mozilla/5.0 AppleWebKit/537.36 (KHTML, like Gecko; compatible; GPTBot/1.4; +https://openai.com/gptbot)" cityapartments.ch
74.7.227.35 - - [06/Jul/2026:00:53:41 +0200] "GET /index.php?loknya=/home/clients/9feeab47ed6ca1a1b2890343d7a99fd4/web/well-known/acme-challenge/h/d/e/ HTTP/1.1" 200 2565 "https://www.cityapartments.ch/index.php?loknya=/home/clients/9feeab47ed6ca1a1b2890343d7a99fd4/web/well-known/acme-challenge/h/d/e/j" "Mozilla/5.0 AppleWebKit/537.36 (KHTML, like Gecko; compatible; GPTBot/1.4; +https://openai.com/gptbot)" cityapartments.ch
74.7.227.35 - - [06/Jul/2026:00:53:45 +0200] "GET /index.php?loknya=/ome/clents/9feeab47ed6ca1a1b2890343d7a99fd4/web/well-known/acme-callenge/j/ HTTP/1.1" 200 2008 "https://www.cityapartments.ch/index.php?loknya=/ome/clients/9feeab47ed6ca1a1b2890343d7a99fd4/web/well-known/acme-callenge/j/i/" "Mozilla/5.0 AppleWebKit/537.36 (KHTML, like Gecko; compatible; GPTBot/1.4; +https://openai.com/gptbot)" cityapartments.ch
74.7.227.35 - - [06/Jul/2026:00:53:48 +0200] "GET /index.php?loknya=/home/clients/9feeab47ed6ca1a1b2890343d7a99fd4/web/well-nown/acme-challenge/h/d/h/ HTTP/1.1" 200 2026 "https://www.cityapartments.ch/index.php?loknya=/home/clients/9feeab47ed6ca1a1b2890343d7a99fd4/web/well-known/acme-challenge/h/d/h/k" "Mozilla/5.0 AppleWebKit/537.36 (KHTML, like Gecko; compatible; GPTBot/1.4; +https://openai.com/gptbot)" cityapartments.ch
74.7.227.35 - - [06/Jul/2026:00:53:51 +0200] "GET /index.php?loknya=/home/clients/9feeab47ed6ca1a1b2890343d7a99fd4/web/well-known/acme-challenge/h/d/h/f HTTP/1.1" 200 2230 "https://www.cityapartments.ch/index.php?loknya=/home/clients/9feeab47ed6ca1a1b2890343d7a99fd4/web/well-known/acme-challenge/h/d/h" "Mozilla/5.0 AppleWebKit/537.36 (KHTML, like Gecko; compatible; GPTBot/1.4; +https://openai.com/gptbot)" cityapartments.ch
74.7.227.35 - - [06/Jul/2026:00:53:54 +0200] "GET /index.php?loknya=/home/clients/9feeab47e6ca1a1b28903437a99f4/web/well-known/acme-challenge/j/h/g/ HTTP/1.1" 200 2029 "https://www.cityapartments.ch/index.php?loknya=/home/clients/9feeab47ed6ca1a1b2890343d7a99fd4/web/well-known/acme-challenge/j/h/g/d" "Mozilla/5.0 AppleWebKit/537.36 (KHTML, like Gecko; compatible; GPTBot/1.4; +https://openai.com/gptbot)" cityapartments.ch
74.7.227.35 - - [06/Jul/2026:00:53:57 +0200] "GET /index.php?loknya=/home/clients/9eeab47ed6ca1a1b2890343d7a99d4/web/well-known/acme-challenge/h/d/a/ HTTP/1.1" 200 2038 "https://www.cityapartments.ch/index.php?loknya=/home/clients/9feeab47ed6ca1a1b2890343d7a99fd4/web/well-known/acme-challenge/h/d/a/f" "Mozilla/5.0 AppleWebKit/537.36 (KHTML, like Gecko; compatible; GPTBot/1.4; +https://openai.com/gptbot)" cityapartments.ch
74.7.227.35 - - [06/Jul/2026:00:54:00 +0200] "GET /index.php?loknya=/home/clients/9feeab47ed6ca1a1b2890343d7a99fd4/web/well-known/acme-challenge/h/d/d/b HTTP/1.1" 200 2230 "https://www.cityapartments.ch/index.php?loknya=/home/clients/9feeab47ed6ca1a1b2890343d7a99fd4/web/well-known/acme-challenge/h/d/d" "Mozilla/5.0 AppleWebKit/537.36 (KHTML, like Gecko; compatible; GPTBot/1.4; +https://openai.com/gptbot)" cityapartments.ch
74.7.227.35 - - [06/Jul/2026:00:54:04 +0200] "GET /index.php?loknya=/home/clients/9feeab47ed6ca1a1b2890343d7a99fd4/web/well-known/acme-challenge/h/d/a/ HTTP/1.1" 200 2557 "https://www.cityapartments.ch/index.php?loknya=/home/clients/9feeab47ed6ca1a1b2890343d7a99fd4/web/well-known/acme-challenge/h/d/a/j" "Mozilla/5.0 AppleWebKit/537.36 (KHTML, like Gecko; compatible; GPTBot/1.4; +https://openai.com/gptbot)" cityapartments.ch
74.7.227.35 - - [06/Jul/2026:00:54:07 +0200] "GET /index.php?loknya=/home/clients/9feeab47ed6ca1a1b2890343d7a99fd4/web/well-known/acme-challenge/h/d/h/a HTTP/1.1" 200 2237 "https://www.cityapartments.ch/index.php?loknya=/home/clients/9feeab47ed6ca1a1b2890343d7a99fd4/web/well-known/acme-challenge/h/d/h" "Mozilla/5.0 AppleWebKit/537.36 (KHTML, like Gecko; compatible; GPTBot/1.4; +https://openai.com/gptbot)" cityapartments.ch
74.7.227.35 - - [06/Jul/2026:00:54:10 +0200] "GET /index.php?loknya=/home/clients/9feeab47ed6ca1a1b2890343d7a99fd4/web/well-known/acme-challenge/h/d/a/i HTTP/1.1" 200 2228 "https://www.cityapartments.ch/index.php?loknya=/home/clients/9feeab47ed6ca1a1b2890343d7a99fd4/web/well-known/acme-challenge/h/d/a" "Mozilla/5.0 AppleWebKit/537.36 (KHTML, like Gecko; compatible; GPTBot/1.4; +https://openai.com/gptbot)" cityapartments.ch
74.7.227.35 - - [06/Jul/2026:00:54:13 +0200] "GET /index.php?loknya=/ome/clents/9feeab47ed6ca1a1b2890343d7a99fd4/web/well-known/acme-callenge/d/ HTTP/1.1" 200 2015 "https://www.cityapartments.ch/index.php?loknya=/home/clents/9feeab47ed6ca1a1b2890343d7a99fd4/web/well-known/acme-challenge/h/d/h/" "Mozilla/5.0 AppleWebKit/537.36 (KHTML, like Gecko; compatible; GPTBot/1.4; +https://openai.com/gptbot)" cityapartments.ch
74.7.227.35 - - [06/Jul/2026:00:54:16 +0200] "GET /index.php?loknya=/home/clients/9feeab47ed6ca1a1b2890343d7a99fd4/web/well-known/acme-challenge/j/h/g/c HTTP/1.1" 200 2237 "https://www.cityapartments.ch/index.php?loknya=/home/clients/9feeab47ed6ca1a1b2890343d7a99fd4/web/well-known/acme-challenge/j/h/g" "Mozilla/5.0 AppleWebKit/537.36 (KHTML, like Gecko; compatible; GPTBot/1.4; +https://openai.com/gptbot)" cityapartments.ch
74.7.227.35 - - [06/Jul/2026:00:54:20 +0200] "GET /index.php?loknya=/ome/clents/9feeab47ed6ca1a1b2890343d7a99fd4/web/well-known/acme-callenge/j HTTP/1.1" 200 2005 "https://www.cityapartments.ch/index.php?loknya=/ome/clents/9feeab47ed6ca1a1b2890343d7a99fd4/web/well-known/acme-callenge/j/" "Mozilla/5.0 AppleWebKit/537.36 (KHTML, like Gecko; compatible; GPTBot/1.4; +https://openai.com/gptbot)" cityapartments.ch
74.7.227.35 - - [06/Jul/2026:00:54:23 +0200] "GET /index.php?loknya=/home/clients/9feeab47ed6ca1a1b2890343d7a99fd4/web/well-known/acme-challenge/h/d/a/c HTTP/1.1" 200 2235 "https://www.cityapartments.ch/index.php?loknya=/home/clients/9feeab47ed6ca1a1b2890343d7a99fd4/web/well-known/acme-challenge/h/d/a" "Mozilla/5.0 AppleWebKit/537.36 (KHTML, like Gecko; compatible; GPTBot/1.4; +https://openai.com/gptbot)" cityapartments.ch
74.7.227.35 - - [06/Jul/2026:00:54:26 +0200] "GET /index.php?loknya=/home/clients/9eeab47ed6ca1a1b2890343d7a99d4/web/well-known/acme-challenge/h/d/h/ HTTP/1.1" 200 2028 "https://www.cityapartments.ch/index.php?loknya=/home/clients/9feeab47ed6ca1a1b2890343d7a99fd4/web/well-known/acme-challenge/h/d/h/f" "Mozilla/5.0 AppleWebKit/537.36 (KHTML, like Gecko; compatible; GPTBot/1.4; +https://openai.com/gptbot)" cityapartments.ch
74.7.227.35 - - [06/Jul/2026:00:54:29 +0200] "GET /index.php?loknya=/home/clients/9feeab47ed6ca1a1b2890343d7a99fd4/web/well-known/acme-challenge/h/d/e/f HTTP/1.1" 200 2233 "https://www.cityapartments.ch/index.php?loknya=/home/clients/9feeab47ed6ca1a1b2890343d7a99fd4/web/well-known/acme-challenge/h/d/e" "Mozilla/5.0 AppleWebKit/537.36 (KHTML, like Gecko; compatible; GPTBot/1.4; +https://openai.com/gptbot)" cityapartments.ch
74.7.227.35 - - [06/Jul/2026:00:54:32 +0200] "GET /index.php?loknya=/home/clients/9feeab47ed6ca1a1b2890343d7a99fd4/web/well-known/acme-challenge/h/d/e/k HTTP/1.1" 200 2230 "https://www.cityapartments.ch/index.php?loknya=/home/clients/9feeab47ed6ca1a1b2890343d7a99fd4/web/well-known/acme-challenge/h/d/e" "Mozilla/5.0 AppleWebKit/537.36 (KHTML, like Gecko; compatible; GPTBot/1.4; +https://openai.com/gptbot)" cityapartments.ch
66.249.76.167 - - [06/Jul/2026:00:54:34 +0200] "GET /m/ban20038209.htm HTTP/1.1" 404 991 "-" "Mozilla/5.0 (Linux; Android 6.0.1; Nexus 5X Build/MMB29P) AppleWebKit/537.36 (KHTML, like Gecko) Chrome/150.0.7871.46 Mobile Safari/537.36 (compatible; Googlebot/2.1; +http://www.google.com/bot.html)" cityapartments.ch
74.7.227.35 - - [06/Jul/2026:00:54:35 +0200] "GET /index.php?loknya=/home/clients/9feea47ed6ca1a12890343d7a99fd4/we/well-known/acme-challenge/h/d/d/ HTTP/1.1" 200 2032 "https://www.cityapartments.ch/index.php?loknya=/home/clients/9feeab47ed6ca1a1b2890343d7a99fd4/web/well-known/acme-challenge/h/d/d/b" "Mozilla/5.0 AppleWebKit/537.36 (KHTML, like Gecko; compatible; GPTBot/1.4; +https://openai.com/gptbot)" cityapartments.ch
74.7.227.35 - - [06/Jul/2026:00:54:38 +0200] "GET /index.php?loknya=/home/clients/9feeab47ed6ca1a1b2890343d7a99fd4/web/well-known/acme-challenge/j/h/i/j HTTP/1.1" 200 2205 "https://www.cityapartments.ch/index.php?loknya=/home/clients/9feeab47ed6ca1a1b2890343d7a99fd4/web/well-known/acme-challenge/j/h/i" "Mozilla/5.0 AppleWebKit/537.36 (KHTML, like Gecko; compatible; GPTBot/1.4; +https://openai.com/gptbot)" cityapartments.ch
74.7.227.35 - - [06/Jul/2026:00:54:42 +0200] "GET /index.php?loknya=/home/clients/9feeab47ed6ca1a1b2890343d7a99fd4/web/well-known/acme-challenge/h/d/e/g HTTP/1.1" 200 2229 "https://www.cityapartments.ch/index.php?loknya=/home/clients/9feeab47ed6ca1a1b2890343d7a99fd4/web/well-known/acme-challenge/h/d/e" "Mozilla/5.0 AppleWebKit/537.36 (KHTML, like Gecko; compatible; GPTBot/1.4; +https://openai.com/gptbot)" cityapartments.ch
74.7.227.35 - - [06/Jul/2026:00:54:45 +0200] "GET /index.php?loknya=/home/clients/9feeab47ed6ca1a1b2890343d7a99fd4/web/well-known/acme-challenge/j/h/i/b HTTP/1.1" 200 2234 "https://www.cityapartments.ch/index.php?loknya=/home/clients/9feeab47ed6ca1a1b2890343d7a99fd4/web/well-known/acme-challenge/j/h/i" "Mozilla/5.0 AppleWebKit/537.36 (KHTML, like Gecko; compatible; GPTBot/1.4; +https://openai.com/gptbot)" cityapartments.ch
74.7.227.35 - - [06/Jul/2026:00:54:48 +0200] "GET /index.php?loknya=/home/clients/9feeab47ed6ca1a1b2890343d7a99fd4/web/well-known/acme-challenge/h/d/d/e HTTP/1.1" 200 2242 "https://www.cityapartments.ch/index.php?loknya=/home/clients/9feeab47ed6ca1a1b2890343d7a99fd4/web/well-known/acme-challenge/h/d/d" "Mozilla/5.0 AppleWebKit/537.36 (KHTML, like Gecko; compatible; GPTBot/1.4; +https://openai.com/gptbot)" cityapartments.ch
