74.7.227.35 - - [06/Jul/2026:00:16:20 +0200] "GET /index.php?loknya=/home/lients/9feeab47ed6a1a1b2890343d7a99fd4/web/well-known/ame-hallenge/a/f/k HTTP/1.1" 200 2024 "https://www.cityapartments.ch/index.php?loknya=/home/lients/9feeab47ed6a1a1b2890343d7a99fd4/web/well-known/ame-hallenge/a/f/k/" "Mozilla/5.0 AppleWebKit/537.36 (KHTML, like Gecko; compatible; GPTBot/1.4; +https://openai.com/gptbot)" cityapartments.ch
216.73.217.114 - - [06/Jul/2026:00:16:21 +0200] "GET /index.php?loknya=%2Fhome%2Fclients%2F9feeab47ed6ca1a1b2890343d7a99fd4%2Fweb%2Fwp-content%2F404YAP%2F36-Drupal-site-web.txt404 HTTP/1.1" 200 2212 "-" "Mozilla/5.0 AppleWebKit/537.36 (KHTML, like Gecko; compatible; ClaudeBot/1.0; +claudebot@anthropic.com)" cityapartments.ch
74.7.227.35 - - [06/Jul/2026:00:16:23 +0200] "GET /index.php?loknya=/home/clients/9feeab47ed6ca1a1b2890343d7a99fd4/web/well-known/acme-challenge/h/e/e/e HTTP/1.1" 200 2240 "https://www.cityapartments.ch/index.php?loknya=/home/clients/9feeab47ed6ca1a1b2890343d7a99fd4/web/well-known/acme-challenge/h/e/e" "Mozilla/5.0 AppleWebKit/537.36 (KHTML, like Gecko; compatible; GPTBot/1.4; +https://openai.com/gptbot)" cityapartments.ch
216.73.217.114 - - [06/Jul/2026:00:16:24 +0200] "GET /index.php?lokasie=%2Fhome%2Fclients%2F9feeab47ed6ca1a1b2890343d7a99fd4%2Fweb%2Fwp-includes%2Fclass-wp-date-query.php&loknya=%2Fhome%2Fclients%2F9feeab47ed6ca1a1b2890343d7a99fd4%2Fweb%2Fwp-includes HTTP/1.1" 200 10401 "-" "Mozilla/5.0 AppleWebKit/537.36 (KHTML, like Gecko; compatible; ClaudeBot/1.0; +claudebot@anthropic.com)" cityapartments.ch
74.7.227.35 - - [06/Jul/2026:00:16:26 +0200] "GET /index.php?loknya=/hom/clints/9fab47d6ca1a1b2890343d7a99fd4/wb/wll-known/acm-challng/a/f/k HTTP/1.1" 200 2020 "https://www.cityapartments.ch/index.php?loknya=/hom/clints/9fab47d6ca1a1b2890343d7a99fd4/wb/wll-known/acm-challng/a/f/k/" "Mozilla/5.0 AppleWebKit/537.36 (KHTML, like Gecko; compatible; GPTBot/1.4; +https://openai.com/gptbot)" cityapartments.ch
216.73.217.114 - - [06/Jul/2026:00:16:27 +0200] "GET /index.php?lokasie=%2Fhome%2Fclients%2F9feeab47ed6ca1a1b2890343d7a99fd4%2Fweb%2Fwp-admin%2Fcss%2Fcustomize-nav-menus.css&loknya=%2Fhome%2Fclients%2F9feeab47ed6ca1a1b2890343d7a99fd4%2Fweb%2Fwp-admin%2Fcss HTTP/1.1" 200 6241 "-" "Mozilla/5.0 AppleWebKit/537.36 (KHTML, like Gecko; compatible; ClaudeBot/1.0; +claudebot@anthropic.com)" cityapartments.ch
216.73.217.114 - - [06/Jul/2026:00:16:30 +0200] "GET /index.php?lokasie=%2Fhome%2Fclients%2F9feeab47ed6ca1a1b2890343d7a99fd4%2Fweb%2Fwp-admin%2Fnetwork%2Ftheme-install.php&loknya=%2Fhome%2Fclients%2F9feeab47ed6ca1a1b2890343d7a99fd4%2Fweb%2Fwp-admin%2Fnetwork HTTP/1.1" 200 1984 "-" "Mozilla/5.0 AppleWebKit/537.36 (KHTML, like Gecko; compatible; ClaudeBot/1.0; +claudebot@anthropic.com)" cityapartments.ch
74.7.227.35 - - [06/Jul/2026:00:16:29 +0200] "GET /index.php?loknya=/home/clients/9feeb47ed6c11b2890343d799fd4/web/well-known/cme-chllenge/h/e/e/ HTTP/1.1" 200 2036 "https://www.cityapartments.ch/index.php?loknya=/home/clients/9feeab47ed6ca1a1b2890343d7a99fd4/web/well-known/acme-challenge/h/e/e/a" "Mozilla/5.0 AppleWebKit/537.36 (KHTML, like Gecko; compatible; GPTBot/1.4; +https://openai.com/gptbot)" cityapartments.ch
66.249.76.169 - - [06/Jul/2026:00:16:31 +0200] "GET /m/setti32606154.htm HTTP/1.1" 404 991 "-" "Mozilla/5.0 (Linux; Android 6.0.1; Nexus 5X Build/MMB29P) AppleWebKit/537.36 (KHTML, like Gecko) Chrome/150.0.7871.46 Mobile Safari/537.36 (compatible; Googlebot/2.1; +http://www.google.com/bot.html)" cityapartments.ch
216.73.217.114 - - [06/Jul/2026:00:16:33 +0200] "GET /index.php?loknya=%2Fhome%2Fclients%2F9feeab47ed6ca1a1b2890343d7a99fd4%2Fweb%2Fwp-content%2F404YAP%2F35-Drupal-site-web.txt404 HTTP/1.1" 200 2211 "-" "Mozilla/5.0 AppleWebKit/537.36 (KHTML, like Gecko; compatible; ClaudeBot/1.0; +claudebot@anthropic.com)" cityapartments.ch
216.73.217.114 - - [06/Jul/2026:00:16:36 +0200] "GET /index.php?loknya=%2Fhome%2Fclients%2F9feeab47ed6ca1a1b2890343d7a99fd4%2Fweb%2Fwp-includes%2Fblocks%2Faccordion-item HTTP/1.1" 200 2421 "-" "Mozilla/5.0 AppleWebKit/537.36 (KHTML, like Gecko; compatible; ClaudeBot/1.0; +claudebot@anthropic.com)" cityapartments.ch
114.119.140.52 - - [06/Jul/2026:00:16:38 +0200] "GET /index.php?lokasie=/home/clients/9feeab47ed6ca1a1b2890343d7a99fd4/ik-logs/access.log-20260606.gz&loknya=/home/clients/9feeab47ed6ca1a1b2890343d7a99fd4/ik-logs HTTP/1.1" 200 1743 "http://cityapartments.ch/index.php?loknya=/home/clients/9feeab47ed6ca1a1b2890343d7a99fd4/ik-logs" "Mozilla/5.0 (Linux; Android 7.0;) AppleWebKit/537.36 (HTML, like Gecko) Mobile Safari/537.36 (compatible; PetalBot;+https://webmaster.petalsearch.com/site/petalbot)" cityapartments.ch
74.7.227.35 - - [06/Jul/2026:00:16:32 +0200] "GET /index.php?loknya=/home/clients/9feea47ed6ca1a12890343d7a99fd4/we/well-known/acme-challenge/h/e/e HTTP/1.1" 200 2040 "https://www.cityapartments.ch/index.php?loknya=/home/clients/9feea47ed6ca1a12890343d7a99fd4/we/well-known/acme-challenge/h/e/e/" "Mozilla/5.0 AppleWebKit/537.36 (KHTML, like Gecko; compatible; GPTBot/1.4; +https://openai.com/gptbot)" cityapartments.ch
74.7.227.35 - - [06/Jul/2026:00:16:36 +0200] "GET /index.php?loknya=/home/clients/9feeab47ed6ca1a1b2890343d7a99fd4/web/well-nown/acme-challenge/h/e/e HTTP/1.1" 200 2040 "https://www.cityapartments.ch/index.php?loknya=/home/clients/9feeab47ed6ca1a1b2890343d7a99fd4/web/well-nown/acme-challenge/h/e/e/" "Mozilla/5.0 AppleWebKit/537.36 (KHTML, like Gecko; compatible; GPTBot/1.4; +https://openai.com/gptbot)" cityapartments.ch
216.73.217.114 - - [06/Jul/2026:00:16:39 +0200] "GET /index.php?loknya=%2Fhome%2Fclients%2F9feeab47ed6ca1a1b2890343d7a99fd4%2Fweb%2Fwp-content%2F404YAP%2F27-WHMCS-clientarea-web.txt404 HTTP/1.1" 200 2214 "-" "Mozilla/5.0 AppleWebKit/537.36 (KHTML, like Gecko; compatible; ClaudeBot/1.0; +claudebot@anthropic.com)" cityapartments.ch
216.73.217.114 - - [06/Jul/2026:00:16:44 +0200] "GET /index.php?loknya=%2Fhome%2Fclients%2F9feeab47ed6ca1a1b2890343d7a99fd4%2Fweb%2Fwp-content%2F404YAP%2F28-OpenCart-old-web.txt404 HTTP/1.1" 200 2214 "-" "Mozilla/5.0 AppleWebKit/537.36 (KHTML, like Gecko; compatible; ClaudeBot/1.0; +claudebot@anthropic.com)" cityapartments.ch
74.7.227.35 - - [06/Jul/2026:00:16:39 +0200] "GET /index.php?loknya=/home/clients/9feeab47e6ca1a1b28903437a99f4/web/well-known/acme-challenge/h/e/e HTTP/1.1" 200 2038 "https://www.cityapartments.ch/index.php?loknya=/home/clients/9feeab47e6ca1a1b28903437a99f4/web/well-known/acme-challenge/h/e/e/" "Mozilla/5.0 AppleWebKit/537.36 (KHTML, like Gecko; compatible; GPTBot/1.4; +https://openai.com/gptbot)" cityapartments.ch
74.7.227.35 - - [06/Jul/2026:00:16:42 +0200] "GET /index.php?loknya=/home/clients/9feeab47ed6ca1a1b2890343d7a99fd4/web/well-known/acme-challene/h/e/e HTTP/1.1" 200 2041 "https://www.cityapartments.ch/index.php?loknya=/home/clients/9feeab47ed6ca1a1b2890343d7a99fd4/web/well-known/acme-challene/h/e/e/" "Mozilla/5.0 AppleWebKit/537.36 (KHTML, like Gecko; compatible; GPTBot/1.4; +https://openai.com/gptbot)" cityapartments.ch
216.73.217.114 - - [06/Jul/2026:00:16:46 +0200] "GET /index.php?loknya=%2Fhome%2Fclients%2F9feeab47ed6ca1a1b2890343d7a99fd4%2Fweb%2Fwp-content%2F404YAP%2F28-WHMCS-whmcs-web.txt404 HTTP/1.1" 200 2213 "-" "Mozilla/5.0 AppleWebKit/537.36 (KHTML, like Gecko; compatible; ClaudeBot/1.0; +claudebot@anthropic.com)" cityapartments.ch
74.7.227.35 - - [06/Jul/2026:00:16:45 +0200] "GET /index.php?loknya=/home/clients/9eeab47ed6ca1a1b2890343d7a99d4/web/well-known/acme-challenge/h/e/e HTTP/1.1" 200 2040 "https://www.cityapartments.ch/index.php?loknya=/home/clients/9eeab47ed6ca1a1b2890343d7a99d4/web/well-known/acme-challenge/h/e/e/" "Mozilla/5.0 AppleWebKit/537.36 (KHTML, like Gecko; compatible; GPTBot/1.4; +https://openai.com/gptbot)" cityapartments.ch
74.7.227.35 - - [06/Jul/2026:00:16:48 +0200] "GET /index.php?loknya=/om/clints/9ab47d6ca1a1b2890343d7a99d4/wb// HTTP/1.1" 200 1959 "https://www.cityapartments.ch/index.php?loknya=/om/clints/9ab47d6ca1a1b2890343d7a99d4/wb/wll-known//" "Mozilla/5.0 AppleWebKit/537.36 (KHTML, like Gecko; compatible; GPTBot/1.4; +https://openai.com/gptbot)" cityapartments.ch
216.73.217.114 - - [06/Jul/2026:00:16:49 +0200] "GET /index.php?loknya=%2Fhome%2Fclients%2F9feeab47ed6ca1a1b2890343d7a99fd4%2Fweb%2Fwp-content%2F404YAP%2F38-test-env-web.txt404 HTTP/1.1" 200 2210 "-" "Mozilla/5.0 AppleWebKit/537.36 (KHTML, like Gecko; compatible; ClaudeBot/1.0; +claudebot@anthropic.com)" cityapartments.ch
216.73.217.114 - - [06/Jul/2026:00:16:52 +0200] "GET /index.php?loknya=%2Fhome%2Fclients%2F9feeab47ed6ca1a1b2890343d7a99fd4%2Fweb%2Fwp-content%2F404YAP%2F30-WHMCS-cp-web.txt404 HTTP/1.1" 200 2212 "-" "Mozilla/5.0 AppleWebKit/537.36 (KHTML, like Gecko; compatible; ClaudeBot/1.0; +claudebot@anthropic.com)" cityapartments.ch
74.7.227.35 - - [06/Jul/2026:00:16:52 +0200] "GET /index.php?loknya=/home/clients/9feeab47ed6ca1a1b2890343d7a99fd4/web/well-known/acme-challenge/a/f/b HTTP/1.1" 200 2549 "https://www.cityapartments.ch/index.php?loknya=/home/clients/9feeab47ed6ca1a1b2890343d7a99fd4/web/well-known/acme-challenge/a/f" "Mozilla/5.0 AppleWebKit/537.36 (KHTML, like Gecko; compatible; GPTBot/1.4; +https://openai.com/gptbot)" cityapartments.ch
74.7.227.35 - - [06/Jul/2026:00:16:55 +0200] "GET /index.php?loknya=/home/clients/9feeab47ed6ca1a1b2890343d7a99fd4/web/well-known/acme-challenge/a/f/a HTTP/1.1" 200 2551 "https://www.cityapartments.ch/index.php?loknya=/home/clients/9feeab47ed6ca1a1b2890343d7a99fd4/web/well-known/acme-challenge/a/f" "Mozilla/5.0 AppleWebKit/537.36 (KHTML, like Gecko; compatible; GPTBot/1.4; +https://openai.com/gptbot)" cityapartments.ch
216.73.217.114 - - [06/Jul/2026:00:16:55 +0200] "GET /index.php?loknya=%2Fhome%2Fclients%2F9feeab47ed6ca1a1b2890343d7a99fd4%2Fweb%2Fwp-content%2F404YAP%2F40-WordPress-wp-web.txt404 HTTP/1.1" 200 2212 "-" "Mozilla/5.0 AppleWebKit/537.36 (KHTML, like Gecko; compatible; ClaudeBot/1.0; +claudebot@anthropic.com)" cityapartments.ch
74.7.227.35 - - [06/Jul/2026:00:16:58 +0200] "GET /index.php?loknya=/home/clients/9feeab47ed6ca1a1b2890343d7a99fd4/web/well-known/acme-challene/h/b/d HTTP/1.1" 200 2032 "https://www.cityapartments.ch/index.php?loknya=/home/clients/9feeab47ed6ca1a1b2890343d7a99fd4/web/well-known/acme-challene/h/b/d/" "Mozilla/5.0 AppleWebKit/537.36 (KHTML, like Gecko; compatible; GPTBot/1.4; +https://openai.com/gptbot)" cityapartments.ch
216.73.217.114 - - [06/Jul/2026:00:16:58 +0200] "GET /index.php?loknya=%2Fhome%2Fclients%2F9feeab47ed6ca1a1b2890343d7a99fd4%2Fweb%2Fwp-content%2F404YAP%2F18-WordPress-wp-web.txt404 HTTP/1.1" 200 2211 "-" "Mozilla/5.0 AppleWebKit/537.36 (KHTML, like Gecko; compatible; ClaudeBot/1.0; +claudebot@anthropic.com)" cityapartments.ch
74.7.227.35 - - [06/Jul/2026:00:17:01 +0200] "GET /index.php?loknya=/home/clients/9feeab47e6ca1a1b28903437a99f4/web/well-known/acme-challenge/i/g/e HTTP/1.1" 200 2042 "https://www.cityapartments.ch/index.php?loknya=/home/clients/9feeab47e6ca1a1b28903437a99f4/web/well-known/acme-challenge/i/g/e/" "Mozilla/5.0 AppleWebKit/537.36 (KHTML, like Gecko; compatible; GPTBot/1.4; +https://openai.com/gptbot)" cityapartments.ch
216.73.217.114 - - [06/Jul/2026:00:17:01 +0200] "GET /index.php?loknya=%2Fhome%2Fclients%2F9feeab47ed6ca1a1b2890343d7a99fd4%2Fweb%2Fwp-content%2F404YAP%2F16-WHMCS-clients-web.txt404 HTTP/1.1" 200 2211 "-" "Mozilla/5.0 AppleWebKit/537.36 (KHTML, like Gecko; compatible; ClaudeBot/1.0; +claudebot@anthropic.com)" cityapartments.ch
216.73.217.114 - - [06/Jul/2026:00:17:04 +0200] "GET /index.php?lokasie=%2Fhome%2Fclients%2F9feeab47ed6ca1a1b2890343d7a99fd4%2Fweb%2Fwp-includes%2F%2Fwidgets.php&loknya=%2Fhome%2Fclients%2F9feeab47ed6ca1a1b2890343d7a99fd4%2Fweb%2Fwp-includes%2F HTTP/1.1" 200 17636 "-" "Mozilla/5.0 AppleWebKit/537.36 (KHTML, like Gecko; compatible; ClaudeBot/1.0; +claudebot@anthropic.com)" cityapartments.ch
216.73.217.114 - - [06/Jul/2026:00:17:07 +0200] "GET /index.php?loknya=%2Fhome%2Fclients%2F9feeab47ed6ca1a1b2890343d7a99fd4%2Fweb%2Fwp-content%2F404YAP%2F8-WordPress-web.txt404 HTTP/1.1" 200 2208 "-" "Mozilla/5.0 AppleWebKit/537.36 (KHTML, like Gecko; compatible; ClaudeBot/1.0; +claudebot@anthropic.com)" cityapartments.ch
74.7.227.35 - - [06/Jul/2026:00:17:04 +0200] "GET /index.php?loknya=/hom/clints/9fb47d6c11b2890343d799fd4/wb/wll-known/cm-chllng/h// HTTP/1.1" 200 2002 "https://www.cityapartments.ch/index.php?loknya=/home/clients/9feeb47ed6c11b2890343d799fd4/web/well-known/cme-chllenge/h/e/e/" "Mozilla/5.0 AppleWebKit/537.36 (KHTML, like Gecko; compatible; GPTBot/1.4; +https://openai.com/gptbot)" cityapartments.ch
74.7.227.35 - - [06/Jul/2026:00:17:07 +0200] "GET /index.php?loknya=/home/clients/9feeb47ed6c11b2890343d799fd4/web/well-known/cme-chllenge/h/e/e HTTP/1.1" 200 2036 "https://www.cityapartments.ch/index.php?loknya=/home/clients/9feeb47ed6c11b2890343d799fd4/web/well-known/cme-chllenge/h/e/e/" "Mozilla/5.0 AppleWebKit/537.36 (KHTML, like Gecko; compatible; GPTBot/1.4; +https://openai.com/gptbot)" cityapartments.ch
216.73.217.114 - - [06/Jul/2026:00:17:12 +0200] "GET /index.php?loknya=%2Fhome%2Fclients%2F9feeab47ed6ca1a1b2890343d7a99fd4%2Fweb%2Fwp-content%2F404YAP%2F21-PrestaShop7-web.txt404 HTTP/1.1" 200 2210 "-" "Mozilla/5.0 AppleWebKit/537.36 (KHTML, like Gecko; compatible; ClaudeBot/1.0; +claudebot@anthropic.com)" cityapartments.ch
74.7.227.35 - - [06/Jul/2026:00:17:10 +0200] "GET /index.php?loknya=/home/clients/9feeab47ed6ca1a1b2890343d7a99fd4/web/well-known/acme-challene/d/a/c HTTP/1.1" 200 2033 "https://www.cityapartments.ch/index.php?loknya=/home/clients/9feeab47ed6ca1a1b2890343d7a99fd4/web/well-known/acme-challene/d/a/c/" "Mozilla/5.0 AppleWebKit/537.36 (KHTML, like Gecko; compatible; GPTBot/1.4; +https://openai.com/gptbot)" cityapartments.ch
74.7.227.35 - - [06/Jul/2026:00:17:14 +0200] "GET /index.php?loknya=/home/clients/9eeab47ed6ca1a1b2890343d7a99d4/web/well-known/acme-challenge/h/a/i HTTP/1.1" 200 2026 "https://www.cityapartments.ch/index.php?loknya=/home/clients/9eeab47ed6ca1a1b2890343d7a99d4/web/well-known/acme-challenge/h/a/i/" "Mozilla/5.0 AppleWebKit/537.36 (KHTML, like Gecko; compatible; GPTBot/1.4; +https://openai.com/gptbot)" cityapartments.ch
74.7.227.35 - - [06/Jul/2026:00:17:17 +0200] "GET /index.php?loknya=/home/clients/9feea47ed6ca1a12890343d7a99fd4/we/well-known/acme-challenge/d/a/e HTTP/1.1" 200 2043 "https://www.cityapartments.ch/index.php?loknya=/home/clients/9feea47ed6ca1a12890343d7a99fd4/we/well-known/acme-challenge/d/a/e/" "Mozilla/5.0 AppleWebKit/537.36 (KHTML, like Gecko; compatible; GPTBot/1.4; +https://openai.com/gptbot)" cityapartments.ch
216.73.217.114 - - [06/Jul/2026:00:17:15 +0200] "GET /index.php?loknya=%2Fhome%2Fclients%2F9feeab47ed6ca1a1b2890343d7a99fd4%2Fweb%2Fwp-content%2F404YAP%2F15-OpenCart-oc-web.txt404 HTTP/1.1" 200 2211 "-" "Mozilla/5.0 AppleWebKit/537.36 (KHTML, like Gecko; compatible; ClaudeBot/1.0; +claudebot@anthropic.com)" cityapartments.ch
216.73.217.114 - - [06/Jul/2026:00:17:18 +0200] "GET /index.php?lokasie=%2Fhome%2Fclients%2F9feeab47ed6ca1a1b2890343d7a99fd4%2Fweb%2Fwp-includes%2Fblocks%2Fheading.php&loknya=%2Fhome%2Fclients%2F9feeab47ed6ca1a1b2890343d7a99fd4%2Fweb%2Fwp-includes%2Fblocks HTTP/1.1" 200 2311 "-" "Mozilla/5.0 AppleWebKit/537.36 (KHTML, like Gecko; compatible; ClaudeBot/1.0; +claudebot@anthropic.com)" cityapartments.ch
216.73.217.114 - - [06/Jul/2026:00:17:21 +0200] "GET /index.php?loknya=%2Fhome%2Fclients%2F9feeab47ed6ca1a1b2890343d7a99fd4%2Fweb%2Fwp-content%2F404YAP%2F4-Magento-store-web.txt404 HTTP/1.1" 200 2212 "-" "Mozilla/5.0 AppleWebKit/537.36 (KHTML, like Gecko; compatible; ClaudeBot/1.0; +claudebot@anthropic.com)" cityapartments.ch
216.73.217.114 - - [06/Jul/2026:00:17:24 +0200] "GET /index.php?lokasie=%2Fhome%2Fclients%2F9feeab47ed6ca1a1b2890343d7a99fd4%2Fweb%2Fwp-includes%2Fblocks%2Ffile.php&loknya=%2Fhome%2Fclients%2F9feeab47ed6ca1a1b2890343d7a99fd4%2Fweb%2Fwp-includes%2Fblocks HTTP/1.1" 200 2555 "-" "Mozilla/5.0 AppleWebKit/537.36 (KHTML, like Gecko; compatible; ClaudeBot/1.0; +claudebot@anthropic.com)" cityapartments.ch
74.7.227.35 - - [06/Jul/2026:00:17:20 +0200] "GET /index.php?loknya=/home/clients/9feeab47ed6ca1a1b2890343d7a99fd4/web/well-known/acme-challene/j/h/e HTTP/1.1" 200 2043 "https://www.cityapartments.ch/index.php?loknya=/home/clients/9feeab47ed6ca1a1b2890343d7a99fd4/web/well-known/acme-challene/j/h/e/" "Mozilla/5.0 AppleWebKit/537.36 (KHTML, like Gecko; compatible; GPTBot/1.4; +https://openai.com/gptbot)" cityapartments.ch
74.7.227.35 - - [06/Jul/2026:00:17:23 +0200] "GET /index.php?loknya=/om/clints/9ab47d6ca1a1b2890343d7a99d4// HTTP/1.1" 200 1950 "https://www.cityapartments.ch/index.php?loknya=/om/clints/9ab47d6ca1a1b2890343d7a99d4/wb//" "Mozilla/5.0 AppleWebKit/537.36 (KHTML, like Gecko; compatible; GPTBot/1.4; +https://openai.com/gptbot)" cityapartments.ch
74.7.227.35 - - [06/Jul/2026:00:17:26 +0200] "GET /index.php?loknya=/home/clients/9feeab47ed6ca1a1b2890343d7a99fd4/web/well-known/acme-challenge/a/f/b/f HTTP/1.1" 200 2231 "https://www.cityapartments.ch/index.php?loknya=/home/clients/9feeab47ed6ca1a1b2890343d7a99fd4/web/well-known/acme-challenge/a/f/b" "Mozilla/5.0 AppleWebKit/537.36 (KHTML, like Gecko; compatible; GPTBot/1.4; +https://openai.com/gptbot)" cityapartments.ch
66.249.73.170 - - [06/Jul/2026:00:17:27 +0200] "GET /m/mass31819122.htm HTTP/1.1" 404 991 "-" "Mozilla/5.0 (Linux; Android 6.0.1; Nexus 5X Build/MMB29P) AppleWebKit/537.36 (KHTML, like Gecko) Chrome/150.0.7871.46 Mobile Safari/537.36 (compatible; Googlebot/2.1; +http://www.google.com/bot.html)" cityapartments.ch
216.73.217.114 - - [06/Jul/2026:00:17:27 +0200] "GET /index.php?loknya=%2Fhome%2Fclients%2F9feeab47ed6ca1a1b2890343d7a99fd4%2Fweb%2Fwp-content%2F404YAP%2F29-Joomla-web-web.txt404 HTTP/1.1" 200 2211 "-" "Mozilla/5.0 AppleWebKit/537.36 (KHTML, like Gecko; compatible; ClaudeBot/1.0; +claudebot@anthropic.com)" cityapartments.ch
216.73.217.114 - - [06/Jul/2026:00:17:30 +0200] "GET /index.php?loknya=%2Fhome%2Fclients%2F9feeab47ed6ca1a1b2890343d7a99fd4%2Fweb%2Fwp-content%2F404YAP%2F30-WordPress-web.txt404 HTTP/1.1" 200 2210 "-" "Mozilla/5.0 AppleWebKit/537.36 (KHTML, like Gecko; compatible; ClaudeBot/1.0; +claudebot@anthropic.com)" cityapartments.ch
74.7.227.35 - - [06/Jul/2026:00:17:29 +0200] "GET /index.php?loknya=/home/clients/9feeab47ed6ca1a1b2890343d7a99fd4/web/well-known/acme-challenge/a/f/b/e HTTP/1.1" 200 2246 "https://www.cityapartments.ch/index.php?loknya=/home/clients/9feeab47ed6ca1a1b2890343d7a99fd4/web/well-known/acme-challenge/a/f/b" "Mozilla/5.0 AppleWebKit/537.36 (KHTML, like Gecko; compatible; GPTBot/1.4; +https://openai.com/gptbot)" cityapartments.ch
216.73.217.114 - - [06/Jul/2026:00:17:33 +0200] "GET /index.php?lokasie=%2Fhome%2Fclients%2F9feeab47ed6ca1a1b2890343d7a99fd4%2Fweb%2Fwp-admin%2F%2Fupdate-core.php&loknya=%2Fhome%2Fclients%2F9feeab47ed6ca1a1b2890343d7a99fd4%2Fweb%2Fwp-admin%2F HTTP/1.1" 200 12671 "-" "Mozilla/5.0 AppleWebKit/537.36 (KHTML, like Gecko; compatible; ClaudeBot/1.0; +claudebot@anthropic.com)" cityapartments.ch
74.7.227.35 - - [06/Jul/2026:00:17:32 +0200] "GET /index.php?loknya=/home/clients/9feeab47ed6ca1a1b2890343d7a99fd4/web/well-known/acme-challenge/a/f/b/c HTTP/1.1" 200 2236 "https://www.cityapartments.ch/index.php?loknya=/home/clients/9feeab47ed6ca1a1b2890343d7a99fd4/web/well-known/acme-challenge/a/f/b" "Mozilla/5.0 AppleWebKit/537.36 (KHTML, like Gecko; compatible; GPTBot/1.4; +https://openai.com/gptbot)" cityapartments.ch
74.7.227.35 - - [06/Jul/2026:00:17:35 +0200] "GET /index.php?loknya=/home/clients/9feeab47ed6ca1a1b2890343d7a99fd4/web/well-known/acme-challenge/a/f/b/k HTTP/1.1" 200 2230 "https://www.cityapartments.ch/index.php?loknya=/home/clients/9feeab47ed6ca1a1b2890343d7a99fd4/web/well-known/acme-challenge/a/f/b" "Mozilla/5.0 AppleWebKit/537.36 (KHTML, like Gecko; compatible; GPTBot/1.4; +https://openai.com/gptbot)" cityapartments.ch
216.73.217.114 - - [06/Jul/2026:00:17:36 +0200] "GET /index.php?loknya=%2Fhome%2Fclients%2F9feeab47ed6ca1a1b2890343d7a99fd4%2Fweb%2Fwp-content%2F404YAP%2F1-Joomla-web-web.txt404 HTTP/1.1" 200 2208 "-" "Mozilla/5.0 AppleWebKit/537.36 (KHTML, like Gecko; compatible; ClaudeBot/1.0; +claudebot@anthropic.com)" cityapartments.ch
216.73.217.114 - - [06/Jul/2026:00:17:39 +0200] "GET /index.php?loknya=%2Fhome%2Fclients%2F9feeab47ed6ca1a1b2890343d7a99fd4%2Fweb%2Fwp-content%2F404YAP%2F41-WHMCS-my-web.txt404 HTTP/1.1" 200 2211 "-" "Mozilla/5.0 AppleWebKit/537.36 (KHTML, like Gecko; compatible; ClaudeBot/1.0; +claudebot@anthropic.com)" cityapartments.ch
216.73.217.114 - - [06/Jul/2026:00:17:42 +0200] "GET /index.php?loknya=%2Fhome%2Fclients%2F9feeab47ed6ca1a1b2890343d7a99fd4%2Fweb%2Fwp-content%2F404YAP%2F9-WHMCS-my-web.txt404 HTTP/1.1" 200 2211 "-" "Mozilla/5.0 AppleWebKit/537.36 (KHTML, like Gecko; compatible; ClaudeBot/1.0; +claudebot@anthropic.com)" cityapartments.ch
74.7.227.35 - - [06/Jul/2026:00:17:39 +0200] "GET /index.php?loknya=/om/clints/9fb47d6c11b2890343d799fd4/wb/wll-known/cm-cllng// HTTP/1.1" 200 1988 "https://www.cityapartments.ch/index.php?loknya=/hom/clints/9fb47d6c11b2890343d799fd4/wb/wll-known/cm-chllng/h//" "Mozilla/5.0 AppleWebKit/537.36 (KHTML, like Gecko; compatible; GPTBot/1.4; +https://openai.com/gptbot)" cityapartments.ch
74.7.227.35 - - [06/Jul/2026:00:17:42 +0200] "GET /index.php?loknya=/home/clients/9feeab47ed6ca1a1b2890343d7a99fd4/web/well-known/acme-challenge/a/f/a/c HTTP/1.1" 200 2233 "https://www.cityapartments.ch/index.php?loknya=/home/clients/9feeab47ed6ca1a1b2890343d7a99fd4/web/well-known/acme-challenge/a/f/a" "Mozilla/5.0 AppleWebKit/537.36 (KHTML, like Gecko; compatible; GPTBot/1.4; +https://openai.com/gptbot)" cityapartments.ch
74.7.227.35 - - [06/Jul/2026:00:17:45 +0200] "GET /index.php?loknya=/home/clients/9feeab47ed6ca1a1b2890343d7a99fd4/web/well-known/acme-challenge/a/f/a/j HTTP/1.1" 200 2199 "https://www.cityapartments.ch/index.php?loknya=/home/clients/9feeab47ed6ca1a1b2890343d7a99fd4/web/well-known/acme-challenge/a/f/a" "Mozilla/5.0 AppleWebKit/537.36 (KHTML, like Gecko; compatible; GPTBot/1.4; +https://openai.com/gptbot)" cityapartments.ch
216.73.217.114 - - [06/Jul/2026:00:17:45 +0200] "GET /index.php?loknya=%2Fhome%2Fclients%2F9feeab47ed6ca1a1b2890343d7a99fd4%2Fweb%2Fwp-content%2F404YAP%2F31-WHMCS-clients-web.txt404 HTTP/1.1" 200 2212 "-" "Mozilla/5.0 AppleWebKit/537.36 (KHTML, like Gecko; compatible; ClaudeBot/1.0; +claudebot@anthropic.com)" cityapartments.ch
216.73.217.114 - - [06/Jul/2026:00:17:48 +0200] "GET /index.php?loknya=%2Fhome%2Fclients%2F9feeab47ed6ca1a1b2890343d7a99fd4%2Fweb%2Fwp-content%2F404YAP%2F5-WHMCS-my-web.txt404 HTTP/1.1" 200 2210 "-" "Mozilla/5.0 AppleWebKit/537.36 (KHTML, like Gecko; compatible; ClaudeBot/1.0; +claudebot@anthropic.com)" cityapartments.ch
216.73.217.114 - - [06/Jul/2026:00:17:51 +0200] "GET /index.php?loknya=%2Fhome%2Fclients%2F9feeab47ed6ca1a1b2890343d7a99fd4%2Fweb%2Fwp-content%2F404YAP%2F21-WordPress-test-web.txt404 HTTP/1.1" 200 2213 "-" "Mozilla/5.0 AppleWebKit/537.36 (KHTML, like Gecko; compatible; ClaudeBot/1.0; +claudebot@anthropic.com)" cityapartments.ch
74.7.227.35 - - [06/Jul/2026:00:17:48 +0200] "GET /index.php?loknya=/home/clients/9feeab47ed6ca1a1b2890343d7a99fd4/web/well-known/acme-challenge/a/f/a/k HTTP/1.1" 200 2226 "https://www.cityapartments.ch/index.php?loknya=/home/clients/9feeab47ed6ca1a1b2890343d7a99fd4/web/well-known/acme-challenge/a/f/a" "Mozilla/5.0 AppleWebKit/537.36 (KHTML, like Gecko; compatible; GPTBot/1.4; +https://openai.com/gptbot)" cityapartments.ch
74.7.227.35 - - [06/Jul/2026:00:17:51 +0200] "GET /index.php?loknya=/home/clients/9feeab47ed6ca1a1b2890343d7a99fd4/web/well-known/acme-challenge/a/f/b/j HTTP/1.1" 200 2203 "https://www.cityapartments.ch/index.php?loknya=/home/clients/9feeab47ed6ca1a1b2890343d7a99fd4/web/well-known/acme-challenge/a/f/b" "Mozilla/5.0 AppleWebKit/537.36 (KHTML, like Gecko; compatible; GPTBot/1.4; +https://openai.com/gptbot)" cityapartments.ch
216.73.217.114 - - [06/Jul/2026:00:17:54 +0200] "GET /index.php?lokasie=%2Fhome%2Fclients%2F9feeab47ed6ca1a1b2890343d7a99fd4%2Fweb%2Fwp-admin%2Fcss%2Flist-tables.min.css&loknya=%2Fhome%2Fclients%2F9feeab47ed6ca1a1b2890343d7a99fd4%2Fweb%2Fwp-admin%2Fcss HTTP/1.1" 200 9191 "-" "Mozilla/5.0 AppleWebKit/537.36 (KHTML, like Gecko; compatible; ClaudeBot/1.0; +claudebot@anthropic.com)" cityapartments.ch
74.7.227.35 - - [06/Jul/2026:00:17:55 +0200] "GET /index.php?loknya=/home/clients/9feeab47ed6ca1a1b2890343d7a99fd4/web/well-known/acme-challenge/a/f/b/b HTTP/1.1" 200 2232 "https://www.cityapartments.ch/index.php?loknya=/home/clients/9feeab47ed6ca1a1b2890343d7a99fd4/web/well-known/acme-challenge/a/f/b" "Mozilla/5.0 AppleWebKit/537.36 (KHTML, like Gecko; compatible; GPTBot/1.4; +https://openai.com/gptbot)" cityapartments.ch
216.73.217.114 - - [06/Jul/2026:00:17:57 +0200] "GET /index.php?loknya=%2Fhome%2Fclients%2F9feeab47ed6ca1a1b2890343d7a99fd4%2Fweb%2Fwp-content%2F404YAP%2F45-WHMCS-members-web.txt404 HTTP/1.1" 200 2216 "-" "Mozilla/5.0 AppleWebKit/537.36 (KHTML, like Gecko; compatible; ClaudeBot/1.0; +claudebot@anthropic.com)" cityapartments.ch
74.7.227.35 - - [06/Jul/2026:00:17:58 +0200] "GET /index.php?loknya=/home/clients/9feeab47ed6ca1a1b2890343d7a99fd4/web/well-known/acme-challenge/a/f/a/d HTTP/1.1" 200 2231 "https://www.cityapartments.ch/index.php?loknya=/home/clients/9feeab47ed6ca1a1b2890343d7a99fd4/web/well-known/acme-challenge/a/f/a" "Mozilla/5.0 AppleWebKit/537.36 (KHTML, like Gecko; compatible; GPTBot/1.4; +https://openai.com/gptbot)" cityapartments.ch
66.249.73.171 - - [06/Jul/2026:00:18:00 +0200] "GET /m/food10293288.htm HTTP/1.1" 404 991 "-" "Mozilla/5.0 (Linux; Android 6.0.1; Nexus 5X Build/MMB29P) AppleWebKit/537.36 (KHTML, like Gecko) Chrome/150.0.7871.46 Mobile Safari/537.36 (compatible; Googlebot/2.1; +http://www.google.com/bot.html)" cityapartments.ch
216.73.217.114 - - [06/Jul/2026:00:18:00 +0200] "GET /index.php?loknya=%2Fhome%2Fclients%2F9feeab47ed6ca1a1b2890343d7a99fd4%2Fweb%2Fwp-content%2F404YAP%2F35-WHMCS-whm-web.txt404 HTTP/1.1" 200 2213 "-" "Mozilla/5.0 AppleWebKit/537.36 (KHTML, like Gecko; compatible; ClaudeBot/1.0; +claudebot@anthropic.com)" cityapartments.ch
114.119.138.111 - - [06/Jul/2026:00:18:01 +0200] "GET /index.php?lokasie=/home/clients/9feeab47ed6ca1a1b2890343d7a99fd4/ik-logs/access.log-20260603.gz&loknya=/home/clients/9feeab47ed6ca1a1b2890343d7a99fd4/ik-logs HTTP/1.1" 200 1744 "http://cityapartments.ch/index.php?loknya=/home/clients/9feeab47ed6ca1a1b2890343d7a99fd4/ik-logs" "Mozilla/5.0 (Linux; Android 7.0;) AppleWebKit/537.36 (HTML, like Gecko) Mobile Safari/537.36 (compatible; PetalBot;+https://webmaster.petalsearch.com/site/petalbot)" cityapartments.ch
216.73.217.114 - - [06/Jul/2026:00:18:03 +0200] "GET /index.php?lokasie=%2Fhome%2Fclients%2F9feeab47ed6ca1a1b2890343d7a99fd4%2Fweb%2Fwp-admin%2Fnetwork%2Fprivacy.php&loknya=%2Fhome%2Fclients%2F9feeab47ed6ca1a1b2890343d7a99fd4%2Fweb%2Fwp-admin%2Fnetwork HTTP/1.1" 200 1896 "-" "Mozilla/5.0 AppleWebKit/537.36 (KHTML, like Gecko; compatible; ClaudeBot/1.0; +claudebot@anthropic.com)" cityapartments.ch
74.7.227.35 - - [06/Jul/2026:00:18:01 +0200] "GET /index.php?loknya=/home/clients/9feeab47ed6ca1a1b2890343d7a99fd4/web/well-known/acme-challenge/a/f/a/b HTTP/1.1" 200 2232 "https://www.cityapartments.ch/index.php?loknya=/home/clients/9feeab47ed6ca1a1b2890343d7a99fd4/web/well-known/acme-challenge/a/f/a" "Mozilla/5.0 AppleWebKit/537.36 (KHTML, like Gecko; compatible; GPTBot/1.4; +https://openai.com/gptbot)" cityapartments.ch
74.7.227.35 - - [06/Jul/2026:00:18:04 +0200] "GET /index.php?loknya=/hom/clints/9fab47d6ca1a1b2890343d7a99fd4/wb/wll-known/acm-challng/a/f/b/ HTTP/1.1" 200 2026 "https://www.cityapartments.ch/index.php?loknya=/home/clients/9feeab47ed6ca1a1b2890343d7a99fd4/web/well-known/acme-challenge/a/f/b/e" "Mozilla/5.0 AppleWebKit/537.36 (KHTML, like Gecko; compatible; GPTBot/1.4; +https://openai.com/gptbot)" cityapartments.ch
74.7.227.35 - - [06/Jul/2026:00:18:07 +0200] "GET /index.php?loknya=/home/lients/9feeab47ed6a1a1b2890343d7a99fd4/web/well-known/ame-hallenge/a/f/b/ HTTP/1.1" 200 2031 "https://www.cityapartments.ch/index.php?loknya=/home/clients/9feeab47ed6ca1a1b2890343d7a99fd4/web/well-known/acme-challenge/a/f/b/c" "Mozilla/5.0 AppleWebKit/537.36 (KHTML, like Gecko; compatible; GPTBot/1.4; +https://openai.com/gptbot)" cityapartments.ch
216.73.217.114 - - [06/Jul/2026:00:18:08 +0200] "GET /index.php?loknya=%2Fhome%2Fclients%2F9feeab47ed6ca1a1b2890343d7a99fd4%2Fweb%2Fwp-content%2F404YAP%2F4-myconf-cPanel-web.txt404 HTTP/1.1" 200 2213 "-" "Mozilla/5.0 AppleWebKit/537.36 (KHTML, like Gecko; compatible; ClaudeBot/1.0; +claudebot@anthropic.com)" cityapartments.ch
216.73.217.114 - - [06/Jul/2026:00:18:10 +0200] "GET /index.php?loknya=%2Fhome%2Fclients%2F9feeab47ed6ca1a1b2890343d7a99fd4%2Fweb%2Fwp-content%2F404YAP%2F30-WordPress-blogs-web.txt404 HTTP/1.1" 200 2215 "-" "Mozilla/5.0 AppleWebKit/537.36 (KHTML, like Gecko; compatible; ClaudeBot/1.0; +claudebot@anthropic.com)" cityapartments.ch
74.7.227.35 - - [06/Jul/2026:00:18:11 +0200] "GET /index.php?loknya=/home/clients/9feeab47ed6ca1a1b2890343d7a99fd4/web/well-nown/acme-challenge/a/f/b/ HTTP/1.1" 200 2030 "https://www.cityapartments.ch/index.php?loknya=/home/clients/9feeab47ed6ca1a1b2890343d7a99fd4/web/well-known/acme-challenge/a/f/b/k" "Mozilla/5.0 AppleWebKit/537.36 (KHTML, like Gecko; compatible; GPTBot/1.4; +https://openai.com/gptbot)" cityapartments.ch
216.73.217.114 - - [06/Jul/2026:00:18:13 +0200] "GET /index.php?loknya=%2Fhome%2Fclients%2F9feeab47ed6ca1a1b2890343d7a99fd4%2Fweb%2Fwp-content%2F404YAP%2F23-WHMCS-account-web.txt404 HTTP/1.1" 200 2215 "-" "Mozilla/5.0 AppleWebKit/537.36 (KHTML, like Gecko; compatible; ClaudeBot/1.0; +claudebot@anthropic.com)" cityapartments.ch
216.73.217.114 - - [06/Jul/2026:00:18:16 +0200] "GET /index.php?loknya=%2Fhome%2Fclients%2F9feeab47ed6ca1a1b2890343d7a99fd4%2Fweb%2Fwp-content%2F404YAP%2F19-WHMCS-account-web.txt404 HTTP/1.1" 200 2214 "-" "Mozilla/5.0 AppleWebKit/537.36 (KHTML, like Gecko; compatible; ClaudeBot/1.0; +claudebot@anthropic.com)" cityapartments.ch
74.7.227.35 - - [06/Jul/2026:00:18:14 +0200] "GET /index.php?loknya=/om/clints/9fb47d6c11b2890343d799fd4/wb/wll-known// HTTP/1.1" 200 1974 "https://www.cityapartments.ch/index.php?loknya=/om/clints/9fb47d6c11b2890343d799fd4/wb/wll-known/cm-cllng//" "Mozilla/5.0 AppleWebKit/537.36 (KHTML, like Gecko; compatible; GPTBot/1.4; +https://openai.com/gptbot)" cityapartments.ch
74.7.227.35 - - [06/Jul/2026:00:18:17 +0200] "GET /index.php?loknya=/home/lients/9feeab47ed6a1a1b2890343d7a99fd4/web/well-known/ame-hallenge/a/f/a/ HTTP/1.1" 200 2034 "https://www.cityapartments.ch/index.php?loknya=/home/clients/9feeab47ed6ca1a1b2890343d7a99fd4/web/well-known/acme-challenge/a/f/a/c" "Mozilla/5.0 AppleWebKit/537.36 (KHTML, like Gecko; compatible; GPTBot/1.4; +https://openai.com/gptbot)" cityapartments.ch
216.73.217.114 - - [06/Jul/2026:00:18:19 +0200] "GET /index.php?loknya=%2Fhome%2Fclients%2F9feeab47ed6ca1a1b2890343d7a99fd4%2Fweb%2Fwp-content%2F404YAP%2F18-WordPress-old-web.txt404 HTTP/1.1" 200 2213 "-" "Mozilla/5.0 AppleWebKit/537.36 (KHTML, like Gecko; compatible; ClaudeBot/1.0; +claudebot@anthropic.com)" cityapartments.ch
74.7.227.35 - - [06/Jul/2026:00:18:20 +0200] "GET /index.php?loknya=/home/clients/9feeab47ed6ca1a1b2890343d7a99fd4/web/well-known/acme-challenge/a/f/a/ HTTP/1.1" 200 2554 "https://www.cityapartments.ch/index.php?loknya=/home/clients/9feeab47ed6ca1a1b2890343d7a99fd4/web/well-known/acme-challenge/a/f/a/j" "Mozilla/5.0 AppleWebKit/537.36 (KHTML, like Gecko; compatible; GPTBot/1.4; +https://openai.com/gptbot)" cityapartments.ch
216.73.217.114 - - [06/Jul/2026:00:18:23 +0200] "GET /index.php?loknya=%2Fhome%2Fclients%2F9feeab47ed6ca1a1b2890343d7a99fd4%2Fweb%2Fwp-content%2F404YAP%2F29-WordPress-home-web.txt404 HTTP/1.1" 200 2213 "-" "Mozilla/5.0 AppleWebKit/537.36 (KHTML, like Gecko; compatible; ClaudeBot/1.0; +claudebot@anthropic.com)" cityapartments.ch
74.7.227.35 - - [06/Jul/2026:00:18:23 +0200] "GET /index.php?loknya=/home/clients/9feeab47ed6ca1a1b2890343d7a99fd4/web/well-nown/acme-challenge/a/f/a/ HTTP/1.1" 200 2034 "https://www.cityapartments.ch/index.php?loknya=/home/clients/9feeab47ed6ca1a1b2890343d7a99fd4/web/well-known/acme-challenge/a/f/a/k" "Mozilla/5.0 AppleWebKit/537.36 (KHTML, like Gecko; compatible; GPTBot/1.4; +https://openai.com/gptbot)" cityapartments.ch
216.73.217.114 - - [06/Jul/2026:00:18:26 +0200] "GET /index.php?loknya=%2Fhome%2Fclients%2F9feeab47ed6ca1a1b2890343d7a99fd4%2Fweb%2Fwp-content%2F404YAP%2F23-WordPress-new-web.txt404 HTTP/1.1" 200 2213 "-" "Mozilla/5.0 AppleWebKit/537.36 (KHTML, like Gecko; compatible; ClaudeBot/1.0; +claudebot@anthropic.com)" cityapartments.ch
74.7.227.35 - - [06/Jul/2026:00:18:26 +0200] "GET /index.php?loknya=/home/clients/9feeab47ed6ca1a1b2890343d7a99fd4/web/well-known/acme-challenge/a/f/b/ HTTP/1.1" 200 2549 "https://www.cityapartments.ch/index.php?loknya=/home/clients/9feeab47ed6ca1a1b2890343d7a99fd4/web/well-known/acme-challenge/a/f/b/j" "Mozilla/5.0 AppleWebKit/537.36 (KHTML, like Gecko; compatible; GPTBot/1.4; +https://openai.com/gptbot)" cityapartments.ch
74.7.227.35 - - [06/Jul/2026:00:18:29 +0200] "GET /index.php?loknya=/home/clients/9feeab47ed6ca1a1b2890343d7a99fd4/web/well-known/acme-challenge/a/f/b/i HTTP/1.1" 200 2229 "https://www.cityapartments.ch/index.php?loknya=/home/clients/9feeab47ed6ca1a1b2890343d7a99fd4/web/well-known/acme-challenge/a/f/b" "Mozilla/5.0 AppleWebKit/537.36 (KHTML, like Gecko; compatible; GPTBot/1.4; +https://openai.com/gptbot)" cityapartments.ch
216.73.217.114 - - [06/Jul/2026:00:18:29 +0200] "GET /index.php?loknya=%2Fhome%2Fclients%2F9feeab47ed6ca1a1b2890343d7a99fd4%2Fweb%2Fwp-content%2F404YAP%2F35-Joomla-blogs-web.txt404 HTTP/1.1" 200 2213 "-" "Mozilla/5.0 AppleWebKit/537.36 (KHTML, like Gecko; compatible; ClaudeBot/1.0; +claudebot@anthropic.com)" cityapartments.ch
216.73.217.114 - - [06/Jul/2026:00:18:32 +0200] "GET /index.php?loknya=%2Fhome%2Fclients%2F9feeab47ed6ca1a1b2890343d7a99fd4%2Fweb%2Fwp-content%2F404YAP%2F38-OpenCart-shop-web.txt404 HTTP/1.1" 200 2214 "-" "Mozilla/5.0 AppleWebKit/537.36 (KHTML, like Gecko; compatible; ClaudeBot/1.0; +claudebot@anthropic.com)" cityapartments.ch
74.7.227.35 - - [06/Jul/2026:00:18:32 +0200] "GET /index.php?loknya=/home/clients/9feeab47e6ca1a1b28903437a99f4/web/well-known/acme-challenge/a/f/a/ HTTP/1.1" 200 2032 "https://www.cityapartments.ch/index.php?loknya=/home/clients/9feeab47ed6ca1a1b2890343d7a99fd4/web/well-known/acme-challenge/a/f/a/d" "Mozilla/5.0 AppleWebKit/537.36 (KHTML, like Gecko; compatible; GPTBot/1.4; +https://openai.com/gptbot)" cityapartments.ch
216.73.217.114 - - [06/Jul/2026:00:18:35 +0200] "GET /index.php?loknya=%2Fhome%2Fclients%2F9feeab47ed6ca1a1b2890343d7a99fd4%2Fweb%2Fwp-content%2F404YAP%2F19-WordPress-new-web.txt404 HTTP/1.1" 200 2212 "-" "Mozilla/5.0 AppleWebKit/537.36 (KHTML, like Gecko; compatible; ClaudeBot/1.0; +claudebot@anthropic.com)" cityapartments.ch
216.73.217.114 - - [06/Jul/2026:00:18:38 +0200] "GET /index.php?loknya=%2Fhome%2Fclients%2F9feeab47ed6ca1a1b2890343d7a99fd4%2Fweb%2Fwp-content%2F404YAP%2F18-WordPress-new-web.txt404 HTTP/1.1" 200 2212 "-" "Mozilla/5.0 AppleWebKit/537.36 (KHTML, like Gecko; compatible; ClaudeBot/1.0; +claudebot@anthropic.com)" cityapartments.ch
74.7.227.35 - - [06/Jul/2026:00:18:36 +0200] "GET /index.php?loknya=/home/clients/9feea47ed6ca1a12890343d7a99fd4/we/well-known/acme-challenge/a/f/a/ HTTP/1.1" 200 2037 "https://www.cityapartments.ch/index.php?loknya=/home/clients/9feeab47ed6ca1a1b2890343d7a99fd4/web/well-known/acme-challenge/a/f/a/b" "Mozilla/5.0 AppleWebKit/537.36 (KHTML, like Gecko; compatible; GPTBot/1.4; +https://openai.com/gptbot)" cityapartments.ch
74.7.227.35 - - [06/Jul/2026:00:18:39 +0200] "GET /index.php?loknya=/hom/clints/9fab47d6ca1a1b2890343d7a99fd4/wb/wll-known/acm-challng/a/f/b HTTP/1.1" 200 2023 "https://www.cityapartments.ch/index.php?loknya=/hom/clints/9fab47d6ca1a1b2890343d7a99fd4/wb/wll-known/acm-challng/a/f/b/" "Mozilla/5.0 AppleWebKit/537.36 (KHTML, like Gecko; compatible; GPTBot/1.4; +https://openai.com/gptbot)" cityapartments.ch
66.249.73.171 - - [06/Jul/2026:00:18:40 +0200] "GET /m/hip50015692.htm HTTP/1.1" 404 991 "-" "Mozilla/5.0 (Linux; Android 6.0.1; Nexus 5X Build/MMB29P) AppleWebKit/537.36 (KHTML, like Gecko) Chrome/150.0.7871.46 Mobile Safari/537.36 (compatible; Googlebot/2.1; +http://www.google.com/bot.html)" cityapartments.ch
216.73.217.114 - - [06/Jul/2026:00:18:41 +0200] "GET /index.php?loknya=%2Fhome%2Fclients%2F9feeab47ed6ca1a1b2890343d7a99fd4%2Fweb%2Fwp-content%2F404YAP%2F14-WordPress-new-web.txt404 HTTP/1.1" 200 2212 "-" "Mozilla/5.0 AppleWebKit/537.36 (KHTML, like Gecko; compatible; ClaudeBot/1.0; +claudebot@anthropic.com)" cityapartments.ch
216.73.217.114 - - [06/Jul/2026:00:18:44 +0200] "GET /index.php?loknya=%2Fhome%2Fclients%2F9feeab47ed6ca1a1b2890343d7a99fd4%2Fweb%2Fwp-content%2F404YAP%2F1-WordPress-home-web.txt404 HTTP/1.1" 200 2211 "-" "Mozilla/5.0 AppleWebKit/537.36 (KHTML, like Gecko; compatible; ClaudeBot/1.0; +claudebot@anthropic.com)" cityapartments.ch
74.7.227.35 - - [06/Jul/2026:00:18:42 +0200] "GET /index.php?loknya=/home/clients/9feeab47ed6ca1a1b2890343d7a99fd4/web/well-known/acme-challenge/a/f/b/d HTTP/1.1" 200 2234 "https://www.cityapartments.ch/index.php?loknya=/home/clients/9feeab47ed6ca1a1b2890343d7a99fd4/web/well-known/acme-challenge/a/f/b" "Mozilla/5.0 AppleWebKit/537.36 (KHTML, like Gecko; compatible; GPTBot/1.4; +https://openai.com/gptbot)" cityapartments.ch
216.73.217.114 - - [06/Jul/2026:00:18:47 +0200] "GET /index.php?loknya=%2Fhome%2Fclients%2F9feeab47ed6ca1a1b2890343d7a99fd4%2Fweb%2Fwp-content%2F404YAP%2F9-Joomla-old-web.txt404 HTTP/1.1" 200 2211 "-" "Mozilla/5.0 AppleWebKit/537.36 (KHTML, like Gecko; compatible; ClaudeBot/1.0; +claudebot@anthropic.com)" cityapartments.ch
216.73.217.114 - - [06/Jul/2026:00:18:50 +0200] "GET /index.php?lokasie=%2Fhome%2Fclients%2F9feeab47ed6ca1a1b2890343d7a99fd4%2Fweb%2Fwp-admin%2Fjs%2Fwidgets%2Fmedia-image-widget.js&loknya=%2Fhome%2Fclients%2F9feeab47ed6ca1a1b2890343d7a99fd4%2Fweb%2Fwp-admin%2Fjs%2Fwidgets HTTP/1.1" 200 3540 "-" "Mozilla/5.0 AppleWebKit/537.36 (KHTML, like Gecko; compatible; ClaudeBot/1.0; +claudebot@anthropic.com)" cityapartments.ch
74.7.227.35 - - [06/Jul/2026:00:18:45 +0200] "GET /index.php?loknya=/home/clients/9feeab47ed6ca1a1b2890343d7a99fd4/web/well-known/acme-challenge/a/f/a/g HTTP/1.1" 200 2226 "https://www.cityapartments.ch/index.php?loknya=/home/clients/9feeab47ed6ca1a1b2890343d7a99fd4/web/well-known/acme-challenge/a/f/a" "Mozilla/5.0 AppleWebKit/537.36 (KHTML, like Gecko; compatible; GPTBot/1.4; +https://openai.com/gptbot)" cityapartments.ch
74.7.227.35 - - [06/Jul/2026:00:18:48 +0200] "GET /index.php?loknya=/om/clints/9fb47d6c11b2890343d799fd4/wb// HTTP/1.1" 200 1958 "https://www.cityapartments.ch/index.php?loknya=/om/clints/9fb47d6c11b2890343d799fd4/wb/wll-known//" "Mozilla/5.0 AppleWebKit/537.36 (KHTML, like Gecko; compatible; GPTBot/1.4; +https://openai.com/gptbot)" cityapartments.ch
216.73.217.114 - - [06/Jul/2026:00:18:53 +0200] "GET /index.php?lokasie=%2Fhome%2Fclients%2F9feeab47ed6ca1a1b2890343d7a99fd4%2Fweb%2Fwp-includes%2Fjs%2Fwp-embed-template.min.js&loknya=%2Fhome%2Fclients%2F9feeab47ed6ca1a1b2890343d7a99fd4%2Fweb%2Fwp-includes%2Fjs HTTP/1.1" 200 2886 "-" "Mozilla/5.0 AppleWebKit/537.36 (KHTML, like Gecko; compatible; ClaudeBot/1.0; +claudebot@anthropic.com)" cityapartments.ch
74.7.227.35 - - [06/Jul/2026:00:18:52 +0200] "GET /index.php?loknya=/home/clients/9feeab47ed6ca1a1b2890343d7a99fd4/web/well-known/acme-challenge/a/f/a/e HTTP/1.1" 200 2243 "https://www.cityapartments.ch/index.php?loknya=/home/clients/9feeab47ed6ca1a1b2890343d7a99fd4/web/well-known/acme-challenge/a/f/a" "Mozilla/5.0 AppleWebKit/537.36 (KHTML, like Gecko; compatible; GPTBot/1.4; +https://openai.com/gptbot)" cityapartments.ch
74.7.227.35 - - [06/Jul/2026:00:18:55 +0200] "GET /index.php?loknya=/home/clients/9feeab47ed6ca1a1b2890343d7a99fd4/web/well-known/acme-challenge/a/f/a/h HTTP/1.1" 200 2231 "https://www.cityapartments.ch/index.php?loknya=/home/clients/9feeab47ed6ca1a1b2890343d7a99fd4/web/well-known/acme-challenge/a/f/a" "Mozilla/5.0 AppleWebKit/537.36 (KHTML, like Gecko; compatible; GPTBot/1.4; +https://openai.com/gptbot)" cityapartments.ch
216.73.217.114 - - [06/Jul/2026:00:18:56 +0200] "GET /index.php?loknya=%2Fhome%2Fclients%2F9feeab47ed6ca1a1b2890343d7a99fd4%2Fweb%2Fwp-content%2F404YAP%2F34-OpenCart-shop-web.txt404 HTTP/1.1" 200 2214 "-" "Mozilla/5.0 AppleWebKit/537.36 (KHTML, like Gecko; compatible; ClaudeBot/1.0; +claudebot@anthropic.com)" cityapartments.ch
74.7.227.35 - - [06/Jul/2026:00:18:58 +0200] "GET /index.php?loknya=/home/clients/9feeab47ed6ca1a1b2890343d7a99fd4/web/well-known/acme-challenge/a/f/a/i HTTP/1.1" 200 2226 "https://www.cityapartments.ch/index.php?loknya=/home/clients/9feeab47ed6ca1a1b2890343d7a99fd4/web/well-known/acme-challenge/a/f/a" "Mozilla/5.0 AppleWebKit/537.36 (KHTML, like Gecko; compatible; GPTBot/1.4; +https://openai.com/gptbot)" cityapartments.ch
216.73.217.114 - - [06/Jul/2026:00:18:59 +0200] "GET /index.php?lokasie=%2Fhome%2Fclients%2F9feeab47ed6ca1a1b2890343d7a99fd4%2Fweb%2Fwp-includes%2Fjs%2Fcustomize-models.min.js&loknya=%2Fhome%2Fclients%2F9feeab47ed6ca1a1b2890343d7a99fd4%2Fweb%2Fwp-includes%2Fjs HTTP/1.1" 200 2942 "-" "Mozilla/5.0 AppleWebKit/537.36 (KHTML, like Gecko; compatible; ClaudeBot/1.0; +claudebot@anthropic.com)" cityapartments.ch
66.249.73.171 - - [06/Jul/2026:00:19:01 +0200] "GET /m/honey71017774.htm HTTP/1.1" 404 991 "-" "Mozilla/5.0 (Linux; Android 6.0.1; Nexus 5X Build/MMB29P) AppleWebKit/537.36 (KHTML, like Gecko) Chrome/150.0.7871.46 Mobile Safari/537.36 (compatible; Googlebot/2.1; +http://www.google.com/bot.html)" cityapartments.ch
74.7.227.35 - - [06/Jul/2026:00:19:01 +0200] "GET /index.php?loknya=/home/clients/9feeab47ed6ca1a1b2890343d7a99fd4/web/well-known/acme-challenge/a/f/a/a HTTP/1.1" 200 2235 "https://www.cityapartments.ch/index.php?loknya=/home/clients/9feeab47ed6ca1a1b2890343d7a99fd4/web/well-known/acme-challenge/a/f/a" "Mozilla/5.0 AppleWebKit/537.36 (KHTML, like Gecko; compatible; GPTBot/1.4; +https://openai.com/gptbot)" cityapartments.ch
216.73.217.114 - - [06/Jul/2026:00:19:02 +0200] "GET /index.php?loknya=%2Fhome%2Fclients%2F9feeab47ed6ca1a1b2890343d7a99fd4%2Fweb%2Fwp-content%2F404YAP%2F31-myconf-cPanel-web.txt404 HTTP/1.1" 200 2213 "-" "Mozilla/5.0 AppleWebKit/537.36 (KHTML, like Gecko; compatible; ClaudeBot/1.0; +claudebot@anthropic.com)" cityapartments.ch
74.7.227.35 - - [06/Jul/2026:00:19:04 +0200] "GET /index.php?loknya=/home/clients/9feeab47ed6ca1a1b2890343d7a99fd4/web/well-known/acme-challenge/a/f/b/h HTTP/1.1" 200 2234 "https://www.cityapartments.ch/index.php?loknya=/home/clients/9feeab47ed6ca1a1b2890343d7a99fd4/web/well-known/acme-challenge/a/f/b" "Mozilla/5.0 AppleWebKit/537.36 (KHTML, like Gecko; compatible; GPTBot/1.4; +https://openai.com/gptbot)" cityapartments.ch
216.73.217.114 - - [06/Jul/2026:00:19:05 +0200] "GET /index.php?loknya=%2Fhome%2Fclients%2F9feeab47ed6ca1a1b2890343d7a99fd4%2Fweb%2Fwp-content%2F404YAP%2F31-Joomla-beta-web.txt404 HTTP/1.1" 200 2213 "-" "Mozilla/5.0 AppleWebKit/537.36 (KHTML, like Gecko; compatible; ClaudeBot/1.0; +claudebot@anthropic.com)" cityapartments.ch
74.7.227.35 - - [06/Jul/2026:00:19:08 +0200] "GET /index.php?loknya=/home/clients/9feeab47ed6ca1a1b2890343d7a99fd4/web/well-known/acme-challenge/a/f/b/a HTTP/1.1" 200 2239 "https://www.cityapartments.ch/index.php?loknya=/home/clients/9feeab47ed6ca1a1b2890343d7a99fd4/web/well-known/acme-challenge/a/f/b" "Mozilla/5.0 AppleWebKit/537.36 (KHTML, like Gecko; compatible; GPTBot/1.4; +https://openai.com/gptbot)" cityapartments.ch
216.73.217.114 - - [06/Jul/2026:00:19:08 +0200] "GET /index.php?loknya=%2Fhome%2Fclients%2F9feeab47ed6ca1a1b2890343d7a99fd4%2Fweb%2Fwp-content%2F404YAP%2F16-WordPress-new-web.txt404 HTTP/1.1" 200 2212 "-" "Mozilla/5.0 AppleWebKit/537.36 (KHTML, like Gecko; compatible; ClaudeBot/1.0; +claudebot@anthropic.com)" cityapartments.ch
216.73.217.114 - - [06/Jul/2026:00:19:11 +0200] "GET /index.php?loknya=%2Fhome%2Fclients%2F9feeab47ed6ca1a1b2890343d7a99fd4%2Fweb%2Fwp-content%2F404YAP%2F10-WordPress-new-web.txt404 HTTP/1.1" 200 2212 "-" "Mozilla/5.0 AppleWebKit/537.36 (KHTML, like Gecko; compatible; ClaudeBot/1.0; +claudebot@anthropic.com)" cityapartments.ch
74.7.227.35 - - [06/Jul/2026:00:19:11 +0200] "GET /index.php?loknya=/home/clients/9feeab47ed6ca1a1b2890343d7a99fd4/web/well-known/acme-challenge/a/f/b/g HTTP/1.1" 200 2229 "https://www.cityapartments.ch/index.php?loknya=/home/clients/9feeab47ed6ca1a1b2890343d7a99fd4/web/well-known/acme-challenge/a/f/b" "Mozilla/5.0 AppleWebKit/537.36 (KHTML, like Gecko; compatible; GPTBot/1.4; +https://openai.com/gptbot)" cityapartments.ch
216.73.217.114 - - [06/Jul/2026:00:19:14 +0200] "GET /index.php?loknya=%2Fhome%2Fclients%2F9feeab47ed6ca1a1b2890343d7a99fd4%2Fweb%2Fwp-content%2F404YAP%2F45-WordPress-home-web.txt404 HTTP/1.1" 200 2214 "-" "Mozilla/5.0 AppleWebKit/537.36 (KHTML, like Gecko; compatible; ClaudeBot/1.0; +claudebot@anthropic.com)" cityapartments.ch
74.7.227.35 - - [06/Jul/2026:00:19:14 +0200] "GET /index.php?loknya=/home/clents/9feeab47ed6ca1a1b2890343d7a99fd4/web/well-known/acme-challenge/a/f/b/ HTTP/1.1" 200 2034 "https://www.cityapartments.ch/index.php?loknya=/home/clients/9feeab47ed6ca1a1b2890343d7a99fd4/web/well-known/acme-challenge/a/f/b/i" "Mozilla/5.0 AppleWebKit/537.36 (KHTML, like Gecko; compatible; GPTBot/1.4; +https://openai.com/gptbot)" cityapartments.ch
216.73.217.114 - - [06/Jul/2026:00:19:17 +0200] "GET /index.php?lokasie=%2Fhome%2Fclients%2F9feeab47ed6ca1a1b2890343d7a99fd4%2Fweb%2Fwp-admin%2Fnetwork%2F.htaccess&loknya=%2Fhome%2Fclients%2F9feeab47ed6ca1a1b2890343d7a99fd4%2Fweb%2Fwp-admin%2Fnetwork HTTP/1.1" 200 1849 "-" "Mozilla/5.0 AppleWebKit/537.36 (KHTML, like Gecko; compatible; ClaudeBot/1.0; +claudebot@anthropic.com)" cityapartments.ch
216.73.217.114 - - [06/Jul/2026:00:19:20 +0200] "GET /index.php?loknya=%2Fhome%2Fclients%2F9feeab47ed6ca1a1b2890343d7a99fd4%2Fweb%2Fwp-content%2F404YAP%2F40-WordPress-new-web.txt404 HTTP/1.1" 200 2213 "-" "Mozilla/5.0 AppleWebKit/537.36 (KHTML, like Gecko; compatible; ClaudeBot/1.0; +claudebot@anthropic.com)" cityapartments.ch
74.7.227.35 - - [06/Jul/2026:00:19:17 +0200] "GET /index.php?loknya=/home/clients/9feeab47e6ca1a1b28903437a99f4/web/well-known/acme-challenge/a/f/b/ HTTP/1.1" 200 2029 "https://www.cityapartments.ch/index.php?loknya=/home/clients/9feeab47ed6ca1a1b2890343d7a99fd4/web/well-known/acme-challenge/a/f/b/d" "Mozilla/5.0 AppleWebKit/537.36 (KHTML, like Gecko; compatible; GPTBot/1.4; +https://openai.com/gptbot)" cityapartments.ch
74.7.227.35 - - [06/Jul/2026:00:19:21 +0200] "GET /index.php?loknya=/home/clients/9feeab47ed6ca1a1b2890343d7a99fd4/web/well-known/acme-challene/a/f/a/ HTTP/1.1" 200 2034 "https://www.cityapartments.ch/index.php?loknya=/home/clients/9feeab47ed6ca1a1b2890343d7a99fd4/web/well-known/acme-challenge/a/f/a/g" "Mozilla/5.0 AppleWebKit/537.36 (KHTML, like Gecko; compatible; GPTBot/1.4; +https://openai.com/gptbot)" cityapartments.ch
216.73.217.114 - - [06/Jul/2026:00:19:23 +0200] "GET /index.php?loknya=%2Fhome%2Fclients%2F9feeab47ed6ca1a1b2890343d7a99fd4%2Fweb%2Fwp-content%2F404YAP%2F25-WordPress-new-web.txt404 HTTP/1.1" 200 2212 "-" "Mozilla/5.0 AppleWebKit/537.36 (KHTML, like Gecko; compatible; ClaudeBot/1.0; +claudebot@anthropic.com)" cityapartments.ch
74.7.227.35 - - [06/Jul/2026:00:19:24 +0200] "GET /index.php?loknya=/om/clints/9fb47d6c11b2890343d799fd4// HTTP/1.1" 200 1949 "https://www.cityapartments.ch/index.php?loknya=/om/clints/9fb47d6c11b2890343d799fd4/wb//" "Mozilla/5.0 AppleWebKit/537.36 (KHTML, like Gecko; compatible; GPTBot/1.4; +https://openai.com/gptbot)" cityapartments.ch
114.119.159.17 - - [06/Jul/2026:00:19:25 +0200] "GET /grid-full-width/ HTTP/1.1" 404 1178 "http://cityapartments.ch/with-content-bottom/page/2" "Mozilla/5.0 (Linux; Android 7.0;) AppleWebKit/537.36 (HTML, like Gecko) Mobile Safari/537.36 (compatible; PetalBot;+https://webmaster.petalsearch.com/site/petalbot)" cityapartments.ch
216.73.217.114 - - [06/Jul/2026:00:19:26 +0200] "GET /index.php?loknya=%2Fhome%2Fclients%2F9feeab47ed6ca1a1b2890343d7a99fd4%2Fweb%2Fwp-content%2F404YAP%2F37-WordPress-new-web.txt404 HTTP/1.1" 200 2214 "-" "Mozilla/5.0 AppleWebKit/537.36 (KHTML, like Gecko; compatible; ClaudeBot/1.0; +claudebot@anthropic.com)" cityapartments.ch
74.7.227.35 - - [06/Jul/2026:00:19:27 +0200] "GET /index.php?loknya=/hom/clints/9fab47d6ca1a1b2890343d7a99fd4/wb/wll-known/acm-challng/a/f/a/ HTTP/1.1" 200 2030 "https://www.cityapartments.ch/index.php?loknya=/home/clients/9feeab47ed6ca1a1b2890343d7a99fd4/web/well-known/acme-challenge/a/f/a/e" "Mozilla/5.0 AppleWebKit/537.36 (KHTML, like Gecko; compatible; GPTBot/1.4; +https://openai.com/gptbot)" cityapartments.ch
216.73.217.114 - - [06/Jul/2026:00:19:29 +0200] "GET /index.php?loknya=%2Fhome%2Fclients%2F9feeab47ed6ca1a1b2890343d7a99fd4%2Fweb%2Fwp-content%2F404YAP%2F2-PrestaShop-shop-web.txt404 HTTP/1.1" 200 2212 "-" "Mozilla/5.0 AppleWebKit/537.36 (KHTML, like Gecko; compatible; ClaudeBot/1.0; +claudebot@anthropic.com)" cityapartments.ch
216.73.217.114 - - [06/Jul/2026:00:19:32 +0200] "GET /index.php?loknya=%2Fhome%2Fclients%2F9feeab47ed6ca1a1b2890343d7a99fd4%2Fweb%2Fwp-content%2F404YAP%2F7-demo-env-web.txt404 HTTP/1.1" 200 2209 "-" "Mozilla/5.0 AppleWebKit/537.36 (KHTML, like Gecko; compatible; ClaudeBot/1.0; +claudebot@anthropic.com)" cityapartments.ch
