74.7.227.35 - - [06/Jul/2026:00:38:44 +0200] "GET /index.php?loknya=/home/clients/9feea47ed6ca1a12890343d7a99fd4/we/well-known/acme-challenge/h/e/a HTTP/1.1" 200 2036 "https://www.cityapartments.ch/index.php?loknya=/home/clients/9feea47ed6ca1a12890343d7a99fd4/we/well-known/acme-challenge/h/e/a/" "Mozilla/5.0 AppleWebKit/537.36 (KHTML, like Gecko; compatible; GPTBot/1.4; +https://openai.com/gptbot)" cityapartments.ch
66.249.73.170 - - [06/Jul/2026:00:38:45 +0200] "GET /m/green11284832.htm HTTP/1.1" 404 991 "-" "Mozilla/5.0 (Linux; Android 6.0.1; Nexus 5X Build/MMB29P) AppleWebKit/537.36 (KHTML, like Gecko) Chrome/150.0.7871.46 Mobile Safari/537.36 (compatible; Googlebot/2.1; +http://www.google.com/bot.html)" cityapartments.ch
74.7.227.35 - - [06/Jul/2026:00:38:48 +0200] "GET /index.php?loknya=/ome/clients/9eeb47ed6c11b2890343d799d4/web// HTTP/1.1" 200 1961 "https://www.cityapartments.ch/index.php?loknya=/ome/clients/9eeb47ed6c11b2890343d799d4/web/well-known//" "Mozilla/5.0 AppleWebKit/537.36 (KHTML, like Gecko; compatible; GPTBot/1.4; +https://openai.com/gptbot)" cityapartments.ch
74.7.227.35 - - [06/Jul/2026:00:38:51 +0200] "GET /index.php?loknya=/home/clients/9eeab47ed6ca1a1b2890343d7a99d4/web/well-known/acme-challenge/d/a/a HTTP/1.1" 200 2031 "https://www.cityapartments.ch/index.php?loknya=/home/clients/9eeab47ed6ca1a1b2890343d7a99d4/web/well-known/acme-challenge/d/a/a/" "Mozilla/5.0 AppleWebKit/537.36 (KHTML, like Gecko; compatible; GPTBot/1.4; +https://openai.com/gptbot)" cityapartments.ch
74.7.227.35 - - [06/Jul/2026:00:38:54 +0200] "GET /index.php?loknya=/home/clients/9feeab47ed6ca1a1b2890343d7a99fd4/web/well-known/acme-challene/h/a/i HTTP/1.1" 200 2027 "https://www.cityapartments.ch/index.php?loknya=/home/clients/9feeab47ed6ca1a1b2890343d7a99fd4/web/well-known/acme-challene/h/a/i/" "Mozilla/5.0 AppleWebKit/537.36 (KHTML, like Gecko; compatible; GPTBot/1.4; +https://openai.com/gptbot)" cityapartments.ch
74.7.227.35 - - [06/Jul/2026:00:38:57 +0200] "GET /index.php?loknya=/home/clients/9eeab47ed6ca1a1b2890343d7a99d4/web/well-known/acme-challenge/i/g/b HTTP/1.1" 200 2030 "https://www.cityapartments.ch/index.php?loknya=/home/clients/9eeab47ed6ca1a1b2890343d7a99d4/web/well-known/acme-challenge/i/g/b/" "Mozilla/5.0 AppleWebKit/537.36 (KHTML, like Gecko; compatible; GPTBot/1.4; +https://openai.com/gptbot)" cityapartments.ch
74.7.227.35 - - [06/Jul/2026:00:39:00 +0200] "GET /index.php?loknya=/home/clients/9feea47ed6ca1a12890343d7a99fd4/we/well-known/acme-challenge/a/f/d HTTP/1.1" 200 2031 "https://www.cityapartments.ch/index.php?loknya=/home/clients/9feea47ed6ca1a12890343d7a99fd4/we/well-known/acme-challenge/a/f/d/" "Mozilla/5.0 AppleWebKit/537.36 (KHTML, like Gecko; compatible; GPTBot/1.4; +https://openai.com/gptbot)" cityapartments.ch
74.7.227.35 - - [06/Jul/2026:00:39:03 +0200] "GET /index.php?loknya=/home/clients/9feeab47ed6ca1a1b2890343d7a99fd4/web/well-known/acme-challenge/i/g/h HTTP/1.1" 200 2552 "https://www.cityapartments.ch/index.php?loknya=/home/clients/9feeab47ed6ca1a1b2890343d7a99fd4/web/well-known/acme-challenge/i/g" "Mozilla/5.0 AppleWebKit/537.36 (KHTML, like Gecko; compatible; GPTBot/1.4; +https://openai.com/gptbot)" cityapartments.ch
74.7.227.35 - - [06/Jul/2026:00:39:06 +0200] "GET /index.php?loknya=/home/clients/9feeab47e6ca1a1b28903437a99f4/web/well-known/acme-challenge/h/e/k HTTP/1.1" 200 2025 "https://www.cityapartments.ch/index.php?loknya=/home/clients/9feeab47e6ca1a1b28903437a99f4/web/well-known/acme-challenge/h/e/k/" "Mozilla/5.0 AppleWebKit/537.36 (KHTML, like Gecko; compatible; GPTBot/1.4; +https://openai.com/gptbot)" cityapartments.ch
74.7.227.35 - - [06/Jul/2026:00:39:09 +0200] "GET /index.php?loknya=/home/clients/9feeab47e6ca1a1b28903437a99f4/web/well-known/acme-challenge/h/a/f HTTP/1.1" 200 2027 "https://www.cityapartments.ch/index.php?loknya=/home/clients/9feeab47e6ca1a1b28903437a99f4/web/well-known/acme-challenge/h/a/f/" "Mozilla/5.0 AppleWebKit/537.36 (KHTML, like Gecko; compatible; GPTBot/1.4; +https://openai.com/gptbot)" cityapartments.ch
74.7.227.35 - - [06/Jul/2026:00:39:12 +0200] "GET /index.php?loknya=/home/clients/9feeab47ed6ca1a1b2890343d7a99fd4/web/well-known/acme-challene/h/e/f HTTP/1.1" 200 2029 "https://www.cityapartments.ch/index.php?loknya=/home/clients/9feeab47ed6ca1a1b2890343d7a99fd4/web/well-known/acme-challene/h/e/f/" "Mozilla/5.0 AppleWebKit/537.36 (KHTML, like Gecko; compatible; GPTBot/1.4; +https://openai.com/gptbot)" cityapartments.ch
74.7.227.35 - - [06/Jul/2026:00:39:15 +0200] "GET /index.php?loknya=/home/clients/9eeab47ed6ca1a1b2890343d7a99d4/web/well-known/acme-challenge/h/a/c HTTP/1.1" 200 2031 "https://www.cityapartments.ch/index.php?loknya=/home/clients/9eeab47ed6ca1a1b2890343d7a99d4/web/well-known/acme-challenge/h/a/c/" "Mozilla/5.0 AppleWebKit/537.36 (KHTML, like Gecko; compatible; GPTBot/1.4; +https://openai.com/gptbot)" cityapartments.ch
74.7.227.35 - - [06/Jul/2026:00:39:18 +0200] "GET /index.php?loknya=/home/clients/9feeab47ed6ca1a1b2890343d7a99fd4/web/well-known/acme-challenge/h/a/a HTTP/1.1" 200 2549 "https://www.cityapartments.ch/index.php?loknya=/home/clients/9feeab47ed6ca1a1b2890343d7a99fd4/web/well-known/acme-challenge/h/a/" "Mozilla/5.0 AppleWebKit/537.36 (KHTML, like Gecko; compatible; GPTBot/1.4; +https://openai.com/gptbot)" cityapartments.ch
74.7.227.35 - - [06/Jul/2026:00:39:22 +0200] "GET /index.php?loknya=/ome/clients/9eeb47ed6c11b2890343d799d4// HTTP/1.1" 200 1952 "https://www.cityapartments.ch/index.php?loknya=/ome/clients/9eeb47ed6c11b2890343d799d4/web//" "Mozilla/5.0 AppleWebKit/537.36 (KHTML, like Gecko; compatible; GPTBot/1.4; +https://openai.com/gptbot)" cityapartments.ch
74.7.227.35 - - [06/Jul/2026:00:39:25 +0200] "GET /index.php?loknya=/home/clients/9feeab47ed6ca1a1b2890343d7a99fd4/web/well-known/acme-challenge/h/a/b HTTP/1.1" 200 2549 "https://www.cityapartments.ch/index.php?loknya=/home/clients/9feeab47ed6ca1a1b2890343d7a99fd4/web/well-known/acme-challenge/h/a/" "Mozilla/5.0 AppleWebKit/537.36 (KHTML, like Gecko; compatible; GPTBot/1.4; +https://openai.com/gptbot)" cityapartments.ch
74.7.227.35 - - [06/Jul/2026:00:39:28 +0200] "GET /index.php?loknya=/home/clients/9feeab47ed6ca1a1b2890343d7a99fd4/web/well-known/acme-challene/a/f/k HTTP/1.1" 200 2026 "https://www.cityapartments.ch/index.php?loknya=/home/clients/9feeab47ed6ca1a1b2890343d7a99fd4/web/well-known/acme-challene/a/f/k/" "Mozilla/5.0 AppleWebKit/537.36 (KHTML, like Gecko; compatible; GPTBot/1.4; +https://openai.com/gptbot)" cityapartments.ch
40.77.167.42 - - [06/Jul/2026:00:39:29 +0200] "GET /m/hear52397740.htm HTTP/1.1" 404 995 "-" "Mozilla/5.0 AppleWebKit/537.36 (KHTML, like Gecko; compatible; bingbot/2.0; +http://www.bing.com/bingbot.htm) Chrome/116.0.1938.76 Safari/537.36" cityapartments.ch
66.249.76.169 - - [06/Jul/2026:00:39:29 +0200] "GET /m/move12660416.htm HTTP/1.1" 404 991 "-" "Mozilla/5.0 (Linux; Android 6.0.1; Nexus 5X Build/MMB29P) AppleWebKit/537.36 (KHTML, like Gecko) Chrome/150.0.7871.46 Mobile Safari/537.36 (compatible; Googlebot/2.1; +http://www.google.com/bot.html)" cityapartments.ch
74.7.227.35 - - [06/Jul/2026:00:39:31 +0200] "GET /index.php?loknya=/home/clients/9feeab47ed6ca1a1b2890343d7a99fd4/web/well-nown/acme-challenge/a/f/f HTTP/1.1" 200 2026 "https://www.cityapartments.ch/index.php?loknya=/home/clients/9feeab47ed6ca1a1b2890343d7a99fd4/web/well-nown/acme-challenge/a/f/f/" "Mozilla/5.0 AppleWebKit/537.36 (KHTML, like Gecko; compatible; GPTBot/1.4; +https://openai.com/gptbot)" cityapartments.ch
52.167.144.138 - - [06/Jul/2026:00:39:32 +0200] "GET /m/prior30894370.htm HTTP/1.1" 404 991 "-" "Mozilla/5.0 AppleWebKit/537.36 (KHTML, like Gecko; compatible; bingbot/2.0; +http://www.bing.com/bingbot.htm) Chrome/116.0.1938.76 Safari/537.36" cityapartments.ch
74.7.227.35 - - [06/Jul/2026:00:39:34 +0200] "GET /index.php?loknya=/home/clients/9feeab47e6ca1a1b28903437a99f4/web/well-known/acme-challenge/j/h/b HTTP/1.1" 200 2031 "https://www.cityapartments.ch/index.php?loknya=/home/clients/9feeab47e6ca1a1b28903437a99f4/web/well-known/acme-challenge/j/h/b/" "Mozilla/5.0 AppleWebKit/537.36 (KHTML, like Gecko; compatible; GPTBot/1.4; +https://openai.com/gptbot)" cityapartments.ch
52.167.144.138 - - [06/Jul/2026:00:39:34 +0200] "GET /m/dream50821732.htm HTTP/1.1" 404 991 "-" "Mozilla/5.0 AppleWebKit/537.36 (KHTML, like Gecko; compatible; bingbot/2.0; +http://www.bing.com/bingbot.htm) Chrome/116.0.1938.76 Safari/537.36" cityapartments.ch
74.7.227.35 - - [06/Jul/2026:00:39:37 +0200] "GET /index.php?loknya=/ome/clients/9feeab47ed6ca1a1b2890343d7a99fd4/web/well-known/acme-callenge/i/g/ HTTP/1.1" 200 2021 "https://www.cityapartments.ch/index.php?loknya=/home/clients/9feeab47ed6ca1a1b2890343d7a99fd4/web/well-known/acme-challenge/i/g/h" "Mozilla/5.0 AppleWebKit/537.36 (KHTML, like Gecko; compatible; GPTBot/1.4; +https://openai.com/gptbot)" cityapartments.ch
52.167.144.138 - - [06/Jul/2026:00:39:37 +0200] "GET /m/intak52870372.htm HTTP/1.1" 404 991 "-" "Mozilla/5.0 AppleWebKit/537.36 (KHTML, like Gecko; compatible; bingbot/2.0; +http://www.bing.com/bingbot.htm) Chrome/116.0.1938.76 Safari/537.36" cityapartments.ch
74.7.227.35 - - [06/Jul/2026:00:39:40 +0200] "GET /index.php?loknya=/home/clients/9feeab47ed6ca1a1b2890343d7a99fd4/web/well-known/acme-challenge/i/g/h/d HTTP/1.1" 200 2234 "https://www.cityapartments.ch/index.php?loknya=/home/clients/9feeab47ed6ca1a1b2890343d7a99fd4/web/well-known/acme-challenge/i/g/h" "Mozilla/5.0 AppleWebKit/537.36 (KHTML, like Gecko; compatible; GPTBot/1.4; +https://openai.com/gptbot)" cityapartments.ch
74.7.227.35 - - [06/Jul/2026:00:39:43 +0200] "GET /index.php?loknya=/home/clients/9feeab47ed6ca1a1b2890343d7a99fd4/web/well-known/acme-challenge/i/g/h/e HTTP/1.1" 200 2245 "https://www.cityapartments.ch/index.php?loknya=/home/clients/9feeab47ed6ca1a1b2890343d7a99fd4/web/well-known/acme-challenge/i/g/h" "Mozilla/5.0 AppleWebKit/537.36 (KHTML, like Gecko; compatible; GPTBot/1.4; +https://openai.com/gptbot)" cityapartments.ch
74.7.227.35 - - [06/Jul/2026:00:39:46 +0200] "GET /index.php?loknya=/home/clients/9feeab47ed6ca1a1b2890343d7a99fd4/web/well-known/acme-challenge/i/g/h/c HTTP/1.1" 200 2235 "https://www.cityapartments.ch/index.php?loknya=/home/clients/9feeab47ed6ca1a1b2890343d7a99fd4/web/well-known/acme-challenge/i/g/h" "Mozilla/5.0 AppleWebKit/537.36 (KHTML, like Gecko; compatible; GPTBot/1.4; +https://openai.com/gptbot)" cityapartments.ch
52.167.144.158 - - [06/Jul/2026:00:39:45 +0200] "GET /m/uncon61839029.htm HTTP/1.1" 404 995 "-" "Mozilla/5.0 AppleWebKit/537.36 (KHTML, like Gecko; compatible; bingbot/2.0; +http://www.bing.com/bingbot.htm) Chrome/116.0.1938.76 Safari/537.36" cityapartments.ch
66.249.73.171 - - [06/Jul/2026:00:39:47 +0200] "GET /m/cease71735006.htm HTTP/1.1" 404 991 "-" "Mozilla/5.0 (Linux; Android 6.0.1; Nexus 5X Build/MMB29P) AppleWebKit/537.36 (KHTML, like Gecko) Chrome/150.0.7871.46 Mobile Safari/537.36 (compatible; Googlebot/2.1; +http://www.google.com/bot.html)" cityapartments.ch
74.7.227.35 - - [06/Jul/2026:00:39:50 +0200] "GET /index.php?loknya=/home/clients/9feeab47ed6ca1a1b2890343d7a99fd4/web/well-known/acme-challenge/i/g/h/f HTTP/1.1" 200 2232 "https://www.cityapartments.ch/index.php?loknya=/home/clients/9feeab47ed6ca1a1b2890343d7a99fd4/web/well-known/acme-challenge/i/g/h" "Mozilla/5.0 AppleWebKit/537.36 (KHTML, like Gecko; compatible; GPTBot/1.4; +https://openai.com/gptbot)" cityapartments.ch
52.167.144.181 - - [06/Jul/2026:00:39:50 +0200] "GET /m/menti20581145.htm HTTP/1.1" 404 995 "-" "Mozilla/5.0 AppleWebKit/537.36 (KHTML, like Gecko; compatible; bingbot/2.0; +http://www.bing.com/bingbot.htm) Chrome/116.0.1938.76 Safari/537.36" cityapartments.ch
52.167.144.181 - - [06/Jul/2026:00:39:50 +0200] "GET /m/swim61529405.htm HTTP/1.1" 404 995 "-" "Mozilla/5.0 AppleWebKit/537.36 (KHTML, like Gecko; compatible; bingbot/2.0; +http://www.bing.com/bingbot.htm) Chrome/116.0.1938.76 Safari/537.36" cityapartments.ch
74.7.227.35 - - [06/Jul/2026:00:39:53 +0200] "GET /index.php?loknya=/home/clients/9feeab47ed6ca1a1b2890343d7a99fd4/web/well-known/acme-challenge/h/a/a/d HTTP/1.1" 200 2230 "https://www.cityapartments.ch/index.php?loknya=/home/clients/9feeab47ed6ca1a1b2890343d7a99fd4/web/well-known/acme-challenge/h/a/a" "Mozilla/5.0 AppleWebKit/537.36 (KHTML, like Gecko; compatible; GPTBot/1.4; +https://openai.com/gptbot)" cityapartments.ch
74.7.227.35 - - [06/Jul/2026:00:39:56 +0200] "GET /index.php?loknya=/home/clients/9feeab47ed6ca1a1b2890343d7a99fd4/web/well-known/acme-challenge/h/a/a/b HTTP/1.1" 200 2230 "https://www.cityapartments.ch/index.php?loknya=/home/clients/9feeab47ed6ca1a1b2890343d7a99fd4/web/well-known/acme-challenge/h/a/a" "Mozilla/5.0 AppleWebKit/537.36 (KHTML, like Gecko; compatible; GPTBot/1.4; +https://openai.com/gptbot)" cityapartments.ch
40.77.167.42 - - [06/Jul/2026:00:39:58 +0200] "GET /m/wine60904709.htm HTTP/1.1" 404 995 "-" "Mozilla/5.0 AppleWebKit/537.36 (KHTML, like Gecko; compatible; bingbot/2.0; +http://www.bing.com/bingbot.htm) Chrome/116.0.1938.76 Safari/537.36" cityapartments.ch
74.7.227.35 - - [06/Jul/2026:00:39:59 +0200] "GET /index.php?loknya=/home/clients/9feeab47ed6ca1a1b2890343d7a99fd4/web/well-known/acme-challenge/h/a/b/k HTTP/1.1" 200 2230 "https://www.cityapartments.ch/index.php?loknya=/home/clients/9feeab47ed6ca1a1b2890343d7a99fd4/web/well-known/acme-challenge/h/a/b" "Mozilla/5.0 AppleWebKit/537.36 (KHTML, like Gecko; compatible; GPTBot/1.4; +https://openai.com/gptbot)" cityapartments.ch
74.7.227.35 - - [06/Jul/2026:00:40:02 +0200] "GET /index.php?loknya=/home/clients/9feeab47ed6ca1a1b2890343d7a99fd4/web/well-known/acme-challenge/h/a/a/h HTTP/1.1" 200 2229 "https://www.cityapartments.ch/index.php?loknya=/home/clients/9feeab47ed6ca1a1b2890343d7a99fd4/web/well-known/acme-challenge/h/a/a" "Mozilla/5.0 AppleWebKit/537.36 (KHTML, like Gecko; compatible; GPTBot/1.4; +https://openai.com/gptbot)" cityapartments.ch
74.7.227.35 - - [06/Jul/2026:00:40:05 +0200] "GET /index.php?loknya=/home/clients/9feeab47ed6ca1a1b2890343d7a99fd4/web/well-known/acme-challenge/h/a/b/a HTTP/1.1" 200 2239 "https://www.cityapartments.ch/index.php?loknya=/home/clients/9feeab47ed6ca1a1b2890343d7a99fd4/web/well-known/acme-challenge/h/a/b" "Mozilla/5.0 AppleWebKit/537.36 (KHTML, like Gecko; compatible; GPTBot/1.4; +https://openai.com/gptbot)" cityapartments.ch
74.7.227.35 - - [06/Jul/2026:00:40:08 +0200] "GET /index.php?loknya=/home/clients/9feeab47ed6ca1a1b2890343d7a99fd4/web/well-known/acme-challenge/h/a/a/f HTTP/1.1" 200 2228 "https://www.cityapartments.ch/index.php?loknya=/home/clients/9feeab47ed6ca1a1b2890343d7a99fd4/web/well-known/acme-challenge/h/a/a" "Mozilla/5.0 AppleWebKit/537.36 (KHTML, like Gecko; compatible; GPTBot/1.4; +https://openai.com/gptbot)" cityapartments.ch
44.220.2.97 - - [06/Jul/2026:00:40:11 +0200] "GET /?loknya=/home/clients/9feeab47ed6ca1a1b2890343d7a99fd4/web/wp-content/plugins/mailchimp-for-wp HTTP/1.1" 200 2779 "-" "Mozilla/5.0 AppleWebKit/537.36 (KHTML, like Gecko; compatible; Amazonbot/0.1; +https://developer.amazon.com/support/amazonbot) Chrome/119.0.6045.214 Safari/537.36" cityapartments.ch
74.7.227.35 - - [06/Jul/2026:00:40:12 +0200] "GET /index.php?loknya=/ome/clients/9feeab47ed6ca1a1b2890343d7a99fd4/web/well-known/acme-callene/i/ HTTP/1.1" 200 2011 "https://www.cityapartments.ch/index.php?loknya=/ome/clients/9feeab47ed6ca1a1b2890343d7a99fd4/web/well-known/acme-callenge/i/g/" "Mozilla/5.0 AppleWebKit/537.36 (KHTML, like Gecko; compatible; GPTBot/1.4; +https://openai.com/gptbot)" cityapartments.ch
74.7.227.35 - - [06/Jul/2026:00:40:15 +0200] "GET /index.php?loknya=/home/clients/9feeab47e6ca1a1b28903437a99f4/web/well-known/acme-challenge/i/g/h/ HTTP/1.1" 200 2030 "https://www.cityapartments.ch/index.php?loknya=/home/clients/9feeab47ed6ca1a1b2890343d7a99fd4/web/well-known/acme-challenge/i/g/h/d" "Mozilla/5.0 AppleWebKit/537.36 (KHTML, like Gecko; compatible; GPTBot/1.4; +https://openai.com/gptbot)" cityapartments.ch
74.7.227.35 - - [06/Jul/2026:00:40:18 +0200] "GET /index.php?loknya=/hom/clints/9fab47d6ca1a1b2890343d7a99fd4/wb/wll-known/acm-challng/i/g/h/ HTTP/1.1" 200 2024 "https://www.cityapartments.ch/index.php?loknya=/home/clients/9feeab47ed6ca1a1b2890343d7a99fd4/web/well-known/acme-challenge/i/g/h/e" "Mozilla/5.0 AppleWebKit/537.36 (KHTML, like Gecko; compatible; GPTBot/1.4; +https://openai.com/gptbot)" cityapartments.ch
74.7.227.35 - - [06/Jul/2026:00:40:21 +0200] "GET /index.php?loknya=/home/lients/9feeab47ed6a1a1b2890343d7a99fd4/web/well-known/ame-hallenge/i/g/h/ HTTP/1.1" 200 2028 "https://www.cityapartments.ch/index.php?loknya=/home/clients/9feeab47ed6ca1a1b2890343d7a99fd4/web/well-known/acme-challenge/i/g/h/c" "Mozilla/5.0 AppleWebKit/537.36 (KHTML, like Gecko; compatible; GPTBot/1.4; +https://openai.com/gptbot)" cityapartments.ch
216.73.217.114 - - [06/Jul/2026:00:40:22 +0200] "GET /m/ceili52648820.htm?lokasie=%2Fhome%2Fclients%2F9feeab47ed6ca1a1b2890343d7a99fd4%2Fweb%2Fwp-mail.php&loknya=%2Fhome%2Fclients%2F9feeab47ed6ca1a1b2890343d7a99fd4%2Fweb HTTP/1.1" 404 991 "-" "Mozilla/5.0 AppleWebKit/537.36 (KHTML, like Gecko; compatible; ClaudeBot/1.0; +claudebot@anthropic.com)" cityapartments.ch
74.7.227.35 - - [06/Jul/2026:00:40:24 +0200] "GET /index.php?loknya=/home/clients/9eeab47ed6ca1a1b2890343d7a99d4/web/well-known/acme-challenge/i/g/h/ HTTP/1.1" 200 2030 "https://www.cityapartments.ch/index.php?loknya=/home/clients/9feeab47ed6ca1a1b2890343d7a99fd4/web/well-known/acme-challenge/i/g/h/f" "Mozilla/5.0 AppleWebKit/537.36 (KHTML, like Gecko; compatible; GPTBot/1.4; +https://openai.com/gptbot)" cityapartments.ch
74.7.227.35 - - [06/Jul/2026:00:40:27 +0200] "GET /index.php?loknya=/home/clients/9feeab47e6ca1a1b28903437a99f4/web/well-known/acme-challenge/h/a/a/ HTTP/1.1" 200 2035 "https://www.cityapartments.ch/index.php?loknya=/home/clients/9feeab47ed6ca1a1b2890343d7a99fd4/web/well-known/acme-challenge/h/a/a/d" "Mozilla/5.0 AppleWebKit/537.36 (KHTML, like Gecko; compatible; GPTBot/1.4; +https://openai.com/gptbot)" cityapartments.ch
74.7.227.35 - - [06/Jul/2026:00:40:31 +0200] "GET /index.php?loknya=/home/clients/9feea47ed6ca1a12890343d7a99fd4/we/well-known/acme-challenge/h/a/a/ HTTP/1.1" 200 2036 "https://www.cityapartments.ch/index.php?loknya=/home/clients/9feeab47ed6ca1a1b2890343d7a99fd4/web/well-known/acme-challenge/h/a/a/b" "Mozilla/5.0 AppleWebKit/537.36 (KHTML, like Gecko; compatible; GPTBot/1.4; +https://openai.com/gptbot)" cityapartments.ch
74.7.227.35 - - [06/Jul/2026:00:40:34 +0200] "GET /index.php?loknya=/home/clients/9feeab47ed6ca1a1b2890343d7a99fd4/web/well-nown/acme-challenge/h/a/b/ HTTP/1.1" 200 2030 "https://www.cityapartments.ch/index.php?loknya=/home/clients/9feeab47ed6ca1a1b2890343d7a99fd4/web/well-known/acme-challenge/h/a/b/k" "Mozilla/5.0 AppleWebKit/537.36 (KHTML, like Gecko; compatible; GPTBot/1.4; +https://openai.com/gptbot)" cityapartments.ch
74.7.227.35 - - [06/Jul/2026:00:40:37 +0200] "GET /index.php?loknya=/ome/clients/9feeab47ed6ca1a1b2890343d7a99fd4/web/well-known/acme-callenge/a/a/ HTTP/1.1" 200 2027 "https://www.cityapartments.ch/index.php?loknya=/home/clients/9feeab47ed6ca1a1b2890343d7a99fd4/web/well-known/acme-challenge/h/a/a/h" "Mozilla/5.0 AppleWebKit/537.36 (KHTML, like Gecko; compatible; GPTBot/1.4; +https://openai.com/gptbot)" cityapartments.ch
74.7.227.35 - - [06/Jul/2026:00:40:40 +0200] "GET /index.php?loknya=/home/clients/9feeab47ed6ca1a1b2890343d7a99fd4/web/well-known/acme-challenge/i/g/h/k HTTP/1.1" 200 2228 "https://www.cityapartments.ch/index.php?loknya=/home/clients/9feeab47ed6ca1a1b2890343d7a99fd4/web/well-known/acme-challenge/i/g/h" "Mozilla/5.0 AppleWebKit/537.36 (KHTML, like Gecko; compatible; GPTBot/1.4; +https://openai.com/gptbot)" cityapartments.ch
66.249.73.171 - - [06/Jul/2026:00:40:39 +0200] "GET /m/judge82974327.htm HTTP/1.1" 404 991 "-" "Mozilla/5.0 (Linux; Android 6.0.1; Nexus 5X Build/MMB29P) AppleWebKit/537.36 (KHTML, like Gecko) Chrome/150.0.7871.46 Mobile Safari/537.36 (compatible; Googlebot/2.1; +http://www.google.com/bot.html)" cityapartments.ch
216.73.217.114 - - [06/Jul/2026:00:40:41 +0200] "GET /m/autom72121822.htm?lokasie=%2Fhome%2Fclients%2F9feeab47ed6ca1a1b2890343d7a99fd4%2Fweb%2Fwp-load.php&loknya=%2Fhome%2Fclients%2F9feeab47ed6ca1a1b2890343d7a99fd4%2Fweb HTTP/1.1" 404 991 "-" "Mozilla/5.0 AppleWebKit/537.36 (KHTML, like Gecko; compatible; ClaudeBot/1.0; +claudebot@anthropic.com)" cityapartments.ch
74.7.227.35 - - [06/Jul/2026:00:40:43 +0200] "GET /index.php?loknya=/home/clients/9eeab47ed6ca1a1b2890343d7a99d4/web/well-known/acme-challenge/h/a/a/ HTTP/1.1" 200 2035 "https://www.cityapartments.ch/index.php?loknya=/home/clients/9feeab47ed6ca1a1b2890343d7a99fd4/web/well-known/acme-challenge/h/a/a/f" "Mozilla/5.0 AppleWebKit/537.36 (KHTML, like Gecko; compatible; GPTBot/1.4; +https://openai.com/gptbot)" cityapartments.ch
74.7.227.35 - - [06/Jul/2026:00:40:46 +0200] "GET /index.php?loknya=/ome/clients/9feeab47ed6ca1a1b2890343d7a99fd4/web/well-known/acme-callene/i HTTP/1.1" 200 2010 "https://www.cityapartments.ch/index.php?loknya=/ome/clients/9feeab47ed6ca1a1b2890343d7a99fd4/web/well-known/acme-callene/i/" "Mozilla/5.0 AppleWebKit/537.36 (KHTML, like Gecko; compatible; GPTBot/1.4; +https://openai.com/gptbot)" cityapartments.ch
74.7.227.35 - - [06/Jul/2026:00:40:49 +0200] "GET /index.php?loknya=/ome/clients/9feeab47e6ca1a1b28903437a99f4/web/well-known/acme-callenge/i/g/ HTTP/1.1" 200 2017 "https://www.cityapartments.ch/index.php?loknya=/home/clients/9feeab47e6ca1a1b28903437a99f4/web/well-known/acme-challenge/i/g/h/" "Mozilla/5.0 AppleWebKit/537.36 (KHTML, like Gecko; compatible; GPTBot/1.4; +https://openai.com/gptbot)" cityapartments.ch
74.7.227.35 - - [06/Jul/2026:00:40:53 +0200] "GET /index.php?loknya=/hom/clints/9fab47d6ca1a1b2890343d7a99fd4/wb/wll-known/acm-challng/i/g/h HTTP/1.1" 200 2021 "https://www.cityapartments.ch/index.php?loknya=/hom/clints/9fab47d6ca1a1b2890343d7a99fd4/wb/wll-known/acm-challng/i/g/h/" "Mozilla/5.0 AppleWebKit/537.36 (KHTML, like Gecko; compatible; GPTBot/1.4; +https://openai.com/gptbot)" cityapartments.ch
74.7.227.35 - - [06/Jul/2026:00:40:56 +0200] "GET /index.php?loknya=/ome/lients/9feeab47ed6a1a1b2890343d7a99fd4/web/well-known/ame-allenge/i/g/ HTTP/1.1" 200 2016 "https://www.cityapartments.ch/index.php?loknya=/home/lients/9feeab47ed6a1a1b2890343d7a99fd4/web/well-known/ame-hallenge/i/g/h/" "Mozilla/5.0 AppleWebKit/537.36 (KHTML, like Gecko; compatible; GPTBot/1.4; +https://openai.com/gptbot)" cityapartments.ch
74.7.227.35 - - [06/Jul/2026:00:40:59 +0200] "GET /index.php?loknya=/ome/clients/9eeab47ed6ca1a1b2890343d7a99d4/web/well-known/acme-callenge/i/g/ HTTP/1.1" 200 2018 "https://www.cityapartments.ch/index.php?loknya=/home/clients/9eeab47ed6ca1a1b2890343d7a99d4/web/well-known/acme-challenge/i/g/h/" "Mozilla/5.0 AppleWebKit/537.36 (KHTML, like Gecko; compatible; GPTBot/1.4; +https://openai.com/gptbot)" cityapartments.ch
74.7.227.35 - - [06/Jul/2026:00:41:02 +0200] "GET /index.php?loknya=/home/clients/9feeab47ed6ca1a1b2890343d7a99fd4/web/well-known/acme-challenge/h/a/a/i HTTP/1.1" 200 2224 "https://www.cityapartments.ch/index.php?loknya=/home/clients/9feeab47ed6ca1a1b2890343d7a99fd4/web/well-known/acme-challenge/h/a/a" "Mozilla/5.0 AppleWebKit/537.36 (KHTML, like Gecko; compatible; GPTBot/1.4; +https://openai.com/gptbot)" cityapartments.ch
74.7.227.35 - - [06/Jul/2026:00:41:05 +0200] "GET /index.php?loknya=/home/clients/9feeab47ed6ca1a1b2890343d7a99fd4/web/well-known/acme-challenge/h/a/b/b HTTP/1.1" 200 2232 "https://www.cityapartments.ch/index.php?loknya=/home/clients/9feeab47ed6ca1a1b2890343d7a99fd4/web/well-known/acme-challenge/h/a/b" "Mozilla/5.0 AppleWebKit/537.36 (KHTML, like Gecko; compatible; GPTBot/1.4; +https://openai.com/gptbot)" cityapartments.ch
74.7.227.35 - - [06/Jul/2026:00:41:09 +0200] "GET /index.php?loknya=/home/clients/9feeab47ed6ca1a1b2890343d7a99fd4/web/well-known/acme-challenge/h/a/b/g HTTP/1.1" 200 2229 "https://www.cityapartments.ch/index.php?loknya=/home/clients/9feeab47ed6ca1a1b2890343d7a99fd4/web/well-known/acme-challenge/h/a/b" "Mozilla/5.0 AppleWebKit/537.36 (KHTML, like Gecko; compatible; GPTBot/1.4; +https://openai.com/gptbot)" cityapartments.ch
74.7.227.35 - - [06/Jul/2026:00:41:12 +0200] "GET /index.php?loknya=/ome/clients/9feeb47ed6c11b2890343d799fd4/web/well-known/cme-cllenge// HTTP/1.1" 200 1996 "https://www.cityapartments.ch/index.php?loknya=/ome/clients/9feeab47ed6ca1a1b2890343d7a99fd4/web/well-known/acme-callenge/a/a/" "Mozilla/5.0 AppleWebKit/537.36 (KHTML, like Gecko; compatible; GPTBot/1.4; +https://openai.com/gptbot)" cityapartments.ch
74.7.227.35 - - [06/Jul/2026:00:41:15 +0200] "GET /index.php?loknya=/home/clients/9feeab47ed6ca1a1b2890343d7a99fd4/web/well-nown/acme-challenge/i/g/h/ HTTP/1.1" 200 2032 "https://www.cityapartments.ch/index.php?loknya=/home/clients/9feeab47ed6ca1a1b2890343d7a99fd4/web/well-known/acme-challenge/i/g/h/k" "Mozilla/5.0 AppleWebKit/537.36 (KHTML, like Gecko; compatible; GPTBot/1.4; +https://openai.com/gptbot)" cityapartments.ch
74.7.227.35 - - [06/Jul/2026:00:41:18 +0200] "GET /index.php?loknya=/home/clients/9feeab47ed6ca1a1b2890343d7a99fd4/web/well-known/acme-challenge/h/a/b/j HTTP/1.1" 200 2204 "https://www.cityapartments.ch/index.php?loknya=/home/clients/9feeab47ed6ca1a1b2890343d7a99fd4/web/well-known/acme-challenge/h/a/b" "Mozilla/5.0 AppleWebKit/537.36 (KHTML, like Gecko; compatible; GPTBot/1.4; +https://openai.com/gptbot)" cityapartments.ch
74.7.227.35 - - [06/Jul/2026:00:41:21 +0200] "GET /index.php?loknya=/home/clients/9feeab47ed6ca1a1b2890343d7a99fd4/web/well-known/acme-challenge/i/g/h/a HTTP/1.1" 200 2239 "https://www.cityapartments.ch/index.php?loknya=/home/clients/9feeab47ed6ca1a1b2890343d7a99fd4/web/well-known/acme-challenge/i/g/h" "Mozilla/5.0 AppleWebKit/537.36 (KHTML, like Gecko; compatible; GPTBot/1.4; +https://openai.com/gptbot)" cityapartments.ch
74.7.227.35 - - [06/Jul/2026:00:41:24 +0200] "GET /index.php?loknya=/ome/clients/9feeab47e6ca1a1b28903437a99f4/web/well-known/acme-callenge/i/g HTTP/1.1" 200 2014 "https://www.cityapartments.ch/index.php?loknya=/ome/clients/9feeab47e6ca1a1b28903437a99f4/web/well-known/acme-callenge/i/g/" "Mozilla/5.0 AppleWebKit/537.36 (KHTML, like Gecko; compatible; GPTBot/1.4; +https://openai.com/gptbot)" cityapartments.ch
74.7.227.35 - - [06/Jul/2026:00:41:27 +0200] "GET /index.php?loknya=/ome/clients/9feeab47e6ca1a1b28903437a99f4/web/well-known/acme-callene/i/ HTTP/1.1" 200 2008 "https://www.cityapartments.ch/index.php?loknya=/ome/clients/9feeab47e6ca1a1b28903437a99f4/web/well-known/acme-callenge/i/g/" "Mozilla/5.0 AppleWebKit/537.36 (KHTML, like Gecko; compatible; GPTBot/1.4; +https://openai.com/gptbot)" cityapartments.ch
74.7.227.35 - - [06/Jul/2026:00:41:31 +0200] "GET /index.php?loknya=/ome/lients/9feeab47ed6a1a1b2890343d7a99fd4/web/well-known/ame-allene/i/ HTTP/1.1" 200 2009 "https://www.cityapartments.ch/index.php?loknya=/ome/lients/9feeab47ed6a1a1b2890343d7a99fd4/web/well-known/ame-allenge/i/g/" "Mozilla/5.0 AppleWebKit/537.36 (KHTML, like Gecko; compatible; GPTBot/1.4; +https://openai.com/gptbot)" cityapartments.ch
66.249.73.172 - - [06/Jul/2026:00:41:33 +0200] "GET /m/obey20329369.htm HTTP/1.1" 404 991 "-" "Mozilla/5.0 (Linux; Android 6.0.1; Nexus 5X Build/MMB29P) AppleWebKit/537.36 (KHTML, like Gecko) Chrome/150.0.7871.46 Mobile Safari/537.36 (compatible; Googlebot/2.1; +http://www.google.com/bot.html)" cityapartments.ch
74.7.227.35 - - [06/Jul/2026:00:41:34 +0200] "GET /index.php?loknya=/ome/clients/9eeab47ed6ca1a1b2890343d7a99d4/web/well-known/acme-callenge/i HTTP/1.1" 200 2007 "https://www.cityapartments.ch/index.php?loknya=/ome/clients/9eeab47ed6ca1a1b2890343d7a99d4/web/well-known/acme-callenge/i/g/" "Mozilla/5.0 AppleWebKit/537.36 (KHTML, like Gecko; compatible; GPTBot/1.4; +https://openai.com/gptbot)" cityapartments.ch
66.249.76.169 - - [06/Jul/2026:00:41:35 +0200] "GET /m/porti20162705.htm HTTP/1.1" 404 991 "-" "Mozilla/5.0 (Linux; Android 6.0.1; Nexus 5X Build/MMB29P) AppleWebKit/537.36 (KHTML, like Gecko) Chrome/150.0.7871.46 Mobile Safari/537.36 (compatible; Googlebot/2.1; +http://www.google.com/bot.html)" cityapartments.ch
74.7.227.35 - - [06/Jul/2026:00:41:37 +0200] "GET /index.php?loknya=/ome/clients/9eeab47ed6ca1a1b2890343d7a99d4/web/well-known/acme-callenge/i/g HTTP/1.1" 200 2015 "https://www.cityapartments.ch/index.php?loknya=/ome/clients/9eeab47ed6ca1a1b2890343d7a99d4/web/well-known/acme-callenge/i/g/" "Mozilla/5.0 AppleWebKit/537.36 (KHTML, like Gecko; compatible; GPTBot/1.4; +https://openai.com/gptbot)" cityapartments.ch
74.7.227.35 - - [06/Jul/2026:00:41:40 +0200] "GET /index.php?loknya=/ome/clients/9eeab47ed6ca1a1b2890343d7a99d4/web/well-known/acme-callene/i/ HTTP/1.1" 200 2008 "https://www.cityapartments.ch/index.php?loknya=/ome/clients/9eeab47ed6ca1a1b2890343d7a99d4/web/well-known/acme-callenge/i/g/" "Mozilla/5.0 AppleWebKit/537.36 (KHTML, like Gecko; compatible; GPTBot/1.4; +https://openai.com/gptbot)" cityapartments.ch
74.7.227.35 - - [06/Jul/2026:00:41:43 +0200] "GET /index.php?loknya=/ome/lients/9feeab47ed6a1a1b2890343d7a99fd4/web/well-known/ame-allenge/i/g HTTP/1.1" 200 2013 "https://www.cityapartments.ch/index.php?loknya=/ome/lients/9feeab47ed6a1a1b2890343d7a99fd4/web/well-known/ame-allenge/i/g/" "Mozilla/5.0 AppleWebKit/537.36 (KHTML, like Gecko; compatible; GPTBot/1.4; +https://openai.com/gptbot)" cityapartments.ch
74.7.227.35 - - [06/Jul/2026:00:41:46 +0200] "GET /index.php?loknya=/ome/clients/9feeb47ed6c11b2890343d799fd4/web/well-known// HTTP/1.1" 200 1981 "https://www.cityapartments.ch/index.php?loknya=/ome/clients/9feeb47ed6c11b2890343d799fd4/web/well-known/cme-cllenge//" "Mozilla/5.0 AppleWebKit/537.36 (KHTML, like Gecko; compatible; GPTBot/1.4; +https://openai.com/gptbot)" cityapartments.ch
74.7.227.35 - - [06/Jul/2026:00:41:50 +0200] "GET /index.php?loknya=/ome/clients/9feeab47ed6ca1a1b2890343d7a99fd4/web/well-nown/acme-callenge/i/g/ HTTP/1.1" 200 2018 "https://www.cityapartments.ch/index.php?loknya=/home/clients/9feeab47ed6ca1a1b2890343d7a99fd4/web/well-nown/acme-challenge/i/g/h/" "Mozilla/5.0 AppleWebKit/537.36 (KHTML, like Gecko; compatible; GPTBot/1.4; +https://openai.com/gptbot)" cityapartments.ch
74.7.227.35 - - [06/Jul/2026:00:41:53 +0200] "GET /index.php?loknya=/home/clients/9feeab47ed6ca1a1b2890343d7a99fd4/web/well-known/acme-challene/h/a/b/ HTTP/1.1" 200 2030 "https://www.cityapartments.ch/index.php?loknya=/home/clients/9feeab47ed6ca1a1b2890343d7a99fd4/web/well-known/acme-challenge/h/a/b/g" "Mozilla/5.0 AppleWebKit/537.36 (KHTML, like Gecko; compatible; GPTBot/1.4; +https://openai.com/gptbot)" cityapartments.ch
74.7.227.35 - - [06/Jul/2026:00:41:56 +0200] "GET /index.php?loknya=/home/clents/9feeab47ed6ca1a1b2890343d7a99fd4/web/well-known/acme-challenge/h/a/a/ HTTP/1.1" 200 2036 "https://www.cityapartments.ch/index.php?loknya=/home/clients/9feeab47ed6ca1a1b2890343d7a99fd4/web/well-known/acme-challenge/h/a/a/i" "Mozilla/5.0 AppleWebKit/537.36 (KHTML, like Gecko; compatible; GPTBot/1.4; +https://openai.com/gptbot)" cityapartments.ch
74.7.227.35 - - [06/Jul/2026:00:41:59 +0200] "GET /index.php?loknya=/home/clients/9feeab47ed6ca1a1b2890343d7a99fd4/web/well-known/acme-challenge/h/a/b/ HTTP/1.1" 200 2550 "https://www.cityapartments.ch/index.php?loknya=/home/clients/9feeab47ed6ca1a1b2890343d7a99fd4/web/well-known/acme-challenge/h/a/b/j" "Mozilla/5.0 AppleWebKit/537.36 (KHTML, like Gecko; compatible; GPTBot/1.4; +https://openai.com/gptbot)" cityapartments.ch
74.7.227.35 - - [06/Jul/2026:00:42:02 +0200] "GET /index.php?loknya=/home/clients/9feeab47ed6ca1a1b2890343d7a99fd4/web/well-known/acme-challenge/h/a/b/h HTTP/1.1" 200 2234 "https://www.cityapartments.ch/index.php?loknya=/home/clients/9feeab47ed6ca1a1b2890343d7a99fd4/web/well-known/acme-challenge/h/a/b" "Mozilla/5.0 AppleWebKit/537.36 (KHTML, like Gecko; compatible; GPTBot/1.4; +https://openai.com/gptbot)" cityapartments.ch
74.7.227.35 - - [06/Jul/2026:00:42:05 +0200] "GET /index.php?loknya=/ome/lents/9feeab47ed6a1a1b2890343d7a99fd4/web/well-known/ame-allene/ HTTP/1.1" 200 1997 "https://www.cityapartments.ch/index.php?loknya=/ome/lients/9feeab47ed6a1a1b2890343d7a99fd4/web/well-known/ame-allene/i/" "Mozilla/5.0 AppleWebKit/537.36 (KHTML, like Gecko; compatible; GPTBot/1.4; +https://openai.com/gptbot)" cityapartments.ch
52.167.144.181 - - [06/Jul/2026:00:42:07 +0200] "GET /m/garli52295668.htm HTTP/1.1" 404 995 "-" "Mozilla/5.0 AppleWebKit/537.36 (KHTML, like Gecko; compatible; bingbot/2.0; +http://www.bing.com/bingbot.htm) Chrome/116.0.1938.76 Safari/537.36" cityapartments.ch
52.167.144.181 - - [06/Jul/2026:00:42:07 +0200] "GET /m/onlin11049504.htm HTTP/1.1" 404 995 "-" "Mozilla/5.0 AppleWebKit/537.36 (KHTML, like Gecko; compatible; bingbot/2.0; +http://www.bing.com/bingbot.htm) Chrome/116.0.1938.76 Safari/537.36" cityapartments.ch
74.7.227.35 - - [06/Jul/2026:00:42:09 +0200] "GET /index.php?loknya=/home/clients/9feeab47ed6ca1a1b2890343d7a99fd4/web/well-known/acme-challenge/i/g/h/g HTTP/1.1" 200 2226 "https://www.cityapartments.ch/index.php?loknya=/home/clients/9feeab47ed6ca1a1b2890343d7a99fd4/web/well-known/acme-challenge/i/g/h" "Mozilla/5.0 AppleWebKit/537.36 (KHTML, like Gecko; compatible; GPTBot/1.4; +https://openai.com/gptbot)" cityapartments.ch
74.7.227.35 - - [06/Jul/2026:00:42:12 +0200] "GET /index.php?loknya=/home/clients/9feeab47ed6ca1a1b2890343d7a99fd4/web/well-known/acme-challenge/h/a/b/c HTTP/1.1" 200 2237 "https://www.cityapartments.ch/index.php?loknya=/home/clients/9feeab47ed6ca1a1b2890343d7a99fd4/web/well-known/acme-challenge/h/a/b" "Mozilla/5.0 AppleWebKit/537.36 (KHTML, like Gecko; compatible; GPTBot/1.4; +https://openai.com/gptbot)" cityapartments.ch
74.7.227.35 - - [06/Jul/2026:00:42:15 +0200] "GET /index.php?loknya=/home/clients/9feeab47ed6ca1a1b2890343d7a99fd4/web/well-known/acme-challenge/h/a/b/d HTTP/1.1" 200 2235 "https://www.cityapartments.ch/index.php?loknya=/home/clients/9feeab47ed6ca1a1b2890343d7a99fd4/web/well-known/acme-challenge/h/a/b" "Mozilla/5.0 AppleWebKit/537.36 (KHTML, like Gecko; compatible; GPTBot/1.4; +https://openai.com/gptbot)" cityapartments.ch
216.73.217.114 - - [06/Jul/2026:00:42:17 +0200] "GET /m/famil71637094.htm?lokasie=%2Fhome%2Fclients%2F9feeab47ed6ca1a1b2890343d7a99fd4%2Fweb%2F.htaccess&loknya=%2Fhome%2Fclients%2F9feeab47ed6ca1a1b2890343d7a99fd4%2Fweb HTTP/1.1" 404 991 "-" "Mozilla/5.0 AppleWebKit/537.36 (KHTML, like Gecko; compatible; ClaudeBot/1.0; +claudebot@anthropic.com)" cityapartments.ch
216.73.217.114 - - [06/Jul/2026:00:42:17 +0200] "GET /m/when62837309.htm?lokasie=%2Fhome%2Fclients%2F9feeab47ed6ca1a1b2890343d7a99fd4%2Fweb%2Fstyle.php&loknya=%2Fhome%2Fclients%2F9feeab47ed6ca1a1b2890343d7a99fd4%2Fweb HTTP/1.1" 404 991 "-" "Mozilla/5.0 AppleWebKit/537.36 (KHTML, like Gecko; compatible; ClaudeBot/1.0; +claudebot@anthropic.com)" cityapartments.ch
74.7.227.35 - - [06/Jul/2026:00:42:18 +0200] "GET /index.php?loknya=/home/clients/9feeab47ed6ca1a1b2890343d7a99fd4/web/well-known/acme-challenge/h/a/b/i HTTP/1.1" 200 2230 "https://www.cityapartments.ch/index.php?loknya=/home/clients/9feeab47ed6ca1a1b2890343d7a99fd4/web/well-known/acme-challenge/h/a/b" "Mozilla/5.0 AppleWebKit/537.36 (KHTML, like Gecko; compatible; GPTBot/1.4; +https://openai.com/gptbot)" cityapartments.ch
216.73.217.114 - - [06/Jul/2026:00:42:20 +0200] "GET /sitemape.xml HTTP/1.1" 404 991 "-" "Mozilla/5.0 AppleWebKit/537.36 (KHTML, like Gecko; compatible; ClaudeBot/1.0; +claudebot@anthropic.com)" cityapartments.ch
74.7.227.35 - - [06/Jul/2026:00:42:21 +0200] "GET /index.php?loknya=/home/clients/9feeab47ed6ca1a1b2890343d7a99fd4/web/well-known/acme-challenge/h/a/a/c HTTP/1.1" 200 2232 "https://www.cityapartments.ch/index.php?loknya=/home/clients/9feeab47ed6ca1a1b2890343d7a99fd4/web/well-known/acme-challenge/h/a/a" "Mozilla/5.0 AppleWebKit/537.36 (KHTML, like Gecko; compatible; GPTBot/1.4; +https://openai.com/gptbot)" cityapartments.ch
74.7.227.35 - - [06/Jul/2026:00:42:24 +0200] "GET /index.php?loknya=/ome/clients/9feeab47ed6ca1a1b2890343d7a99fd4/web/well-nown/acme-callene/i/ HTTP/1.1" 200 2009 "https://www.cityapartments.ch/index.php?loknya=/ome/clients/9feeab47ed6ca1a1b2890343d7a99fd4/web/well-nown/acme-callenge/i/g/" "Mozilla/5.0 AppleWebKit/537.36 (KHTML, like Gecko; compatible; GPTBot/1.4; +https://openai.com/gptbot)" cityapartments.ch
74.7.227.35 - - [06/Jul/2026:00:42:28 +0200] "GET /index.php?loknya=/home/clients/9feeab47ed6ca1a1b2890343d7a99fd4/web/well-known/acme-challenge/h/a/b/f HTTP/1.1" 200 2233 "https://www.cityapartments.ch/index.php?loknya=/home/clients/9feeab47ed6ca1a1b2890343d7a99fd4/web/well-known/acme-challenge/h/a/b" "Mozilla/5.0 AppleWebKit/537.36 (KHTML, like Gecko; compatible; GPTBot/1.4; +https://openai.com/gptbot)" cityapartments.ch
66.249.73.171 - - [06/Jul/2026:00:42:28 +0200] "GET /m/cost82401807.htm HTTP/1.1" 404 991 "-" "Mozilla/5.0 (Linux; Android 6.0.1; Nexus 5X Build/MMB29P) AppleWebKit/537.36 (KHTML, like Gecko) Chrome/150.0.7871.46 Mobile Safari/537.36 (compatible; Googlebot/2.1; +http://www.google.com/bot.html)" cityapartments.ch
74.7.227.35 - - [06/Jul/2026:00:42:31 +0200] "GET /index.php?loknya=/home/clients/9feeab47ed6ca1a1b2890343d7a99fd4/web/well-known/acme-challenge/h/a/a/j HTTP/1.1" 200 2199 "https://www.cityapartments.ch/index.php?loknya=/home/clients/9feeab47ed6ca1a1b2890343d7a99fd4/web/well-known/acme-challenge/h/a/a" "Mozilla/5.0 AppleWebKit/537.36 (KHTML, like Gecko; compatible; GPTBot/1.4; +https://openai.com/gptbot)" cityapartments.ch
74.7.227.35 - - [06/Jul/2026:00:42:34 +0200] "GET /index.php?loknya=/home/clients/9feeab47ed6ca1a1b2890343d7a99fd4/web/well-known/acme-challenge/i/g/h/j HTTP/1.1" 200 2202 "https://www.cityapartments.ch/index.php?loknya=/home/clients/9feeab47ed6ca1a1b2890343d7a99fd4/web/well-known/acme-challenge/i/g/h" "Mozilla/5.0 AppleWebKit/537.36 (KHTML, like Gecko; compatible; GPTBot/1.4; +https://openai.com/gptbot)" cityapartments.ch
74.7.227.35 - - [06/Jul/2026:00:42:37 +0200] "GET /index.php?loknya=/ome/clients/9feeab47ed6ca1a1b2890343d7a99fd4/web/well-known/acme-callenge/a/b/ HTTP/1.1" 200 2024 "https://www.cityapartments.ch/index.php?loknya=/home/clients/9feeab47ed6ca1a1b2890343d7a99fd4/web/well-known/acme-challenge/h/a/b/h" "Mozilla/5.0 AppleWebKit/537.36 (KHTML, like Gecko; compatible; GPTBot/1.4; +https://openai.com/gptbot)" cityapartments.ch
74.7.227.35 - - [06/Jul/2026:00:42:40 +0200] "GET /index.php?loknya=/ome/lents/9feeab47ed6a1a1b2890343d7a99fd4/web/well-known/ame-allene HTTP/1.1" 200 1994 "https://www.cityapartments.ch/index.php?loknya=/ome/lents/9feeab47ed6a1a1b2890343d7a99fd4/web/well-known/ame-allene/" "Mozilla/5.0 AppleWebKit/537.36 (KHTML, like Gecko; compatible; GPTBot/1.4; +https://openai.com/gptbot)" cityapartments.ch
74.7.227.35 - - [06/Jul/2026:00:42:43 +0200] "GET /index.php?loknya=/home/clients/9feeab47ed6ca1a1b2890343d7a99fd4/web/well-known/acme-challenge/h/a/a/e HTTP/1.1" 200 2242 "https://www.cityapartments.ch/index.php?loknya=/home/clients/9feeab47ed6ca1a1b2890343d7a99fd4/web/well-known/acme-challenge/h/a/a" "Mozilla/5.0 AppleWebKit/537.36 (KHTML, like Gecko; compatible; GPTBot/1.4; +https://openai.com/gptbot)" cityapartments.ch
74.7.227.35 - - [06/Jul/2026:00:42:47 +0200] "GET /index.php?loknya=/home/lients/9feeab47ed6a1a1b2890343d7a99fd4/web/well-known/ame-hallenge/h/a/b/ HTTP/1.1" 200 2030 "https://www.cityapartments.ch/index.php?loknya=/home/clients/9feeab47ed6ca1a1b2890343d7a99fd4/web/well-known/acme-challenge/h/a/b/c" "Mozilla/5.0 AppleWebKit/537.36 (KHTML, like Gecko; compatible; GPTBot/1.4; +https://openai.com/gptbot)" cityapartments.ch
74.7.227.35 - - [06/Jul/2026:00:42:50 +0200] "GET /index.php?loknya=/home/clients/9feeab47e6ca1a1b28903437a99f4/web/well-known/acme-challenge/h/a/b/ HTTP/1.1" 200 2030 "https://www.cityapartments.ch/index.php?loknya=/home/clients/9feeab47ed6ca1a1b2890343d7a99fd4/web/well-known/acme-challenge/h/a/b/d" "Mozilla/5.0 AppleWebKit/537.36 (KHTML, like Gecko; compatible; GPTBot/1.4; +https://openai.com/gptbot)" cityapartments.ch
74.7.227.35 - - [06/Jul/2026:00:42:53 +0200] "GET /index.php?loknya=/home/clients/9feeab47ed6ca1a1b2890343d7a99fd4/web/well-known/acme-challenge/h/a/a/g HTTP/1.1" 200 2224 "https://www.cityapartments.ch/index.php?loknya=/home/clients/9feeab47ed6ca1a1b2890343d7a99fd4/web/well-known/acme-challenge/h/a/a" "Mozilla/5.0 AppleWebKit/537.36 (KHTML, like Gecko; compatible; GPTBot/1.4; +https://openai.com/gptbot)" cityapartments.ch
66.249.73.171 - - [06/Jul/2026:00:42:54 +0200] "GET /m/dew52302548.htm HTTP/1.1" 404 991 "-" "Mozilla/5.0 (Linux; Android 6.0.1; Nexus 5X Build/MMB29P) AppleWebKit/537.36 (KHTML, like Gecko) Chrome/150.0.7871.46 Mobile Safari/537.36 (compatible; Googlebot/2.1; +http://www.google.com/bot.html)" cityapartments.ch
74.7.227.35 - - [06/Jul/2026:00:42:56 +0200] "GET /index.php?loknya=/home/lients/9feeab47ed6a1a1b2890343d7a99fd4/web/well-known/ame-hallenge/h/a/a/ HTTP/1.1" 200 2033 "https://www.cityapartments.ch/index.php?loknya=/home/clients/9feeab47ed6ca1a1b2890343d7a99fd4/web/well-known/acme-challenge/h/a/a/c" "Mozilla/5.0 AppleWebKit/537.36 (KHTML, like Gecko; compatible; GPTBot/1.4; +https://openai.com/gptbot)" cityapartments.ch
74.7.227.35 - - [06/Jul/2026:00:42:59 +0200] "GET /index.php?loknya=/ome/clients/9feeab47ed6ca1a1b2890343d7a99fd4/web/well-nown/acme-callene/i HTTP/1.1" 200 2007 "https://www.cityapartments.ch/index.php?loknya=/ome/clients/9feeab47ed6ca1a1b2890343d7a99fd4/web/well-nown/acme-callene/i/" "Mozilla/5.0 AppleWebKit/537.36 (KHTML, like Gecko; compatible; GPTBot/1.4; +https://openai.com/gptbot)" cityapartments.ch
74.7.227.35 - - [06/Jul/2026:00:43:02 +0200] "GET /index.php?loknya=/home/clients/9eeab47ed6ca1a1b2890343d7a99d4/web/well-known/acme-challenge/h/a/b/ HTTP/1.1" 200 2033 "https://www.cityapartments.ch/index.php?loknya=/home/clients/9feeab47ed6ca1a1b2890343d7a99fd4/web/well-known/acme-challenge/h/a/b/f" "Mozilla/5.0 AppleWebKit/537.36 (KHTML, like Gecko; compatible; GPTBot/1.4; +https://openai.com/gptbot)" cityapartments.ch
74.7.227.35 - - [06/Jul/2026:00:43:06 +0200] "GET /index.php?loknya=/home/clients/9feeab47ed6ca1a1b2890343d7a99fd4/web/well-known/acme-challenge/h/a/a/ HTTP/1.1" 200 2554 "https://www.cityapartments.ch/index.php?loknya=/home/clients/9feeab47ed6ca1a1b2890343d7a99fd4/web/well-known/acme-challenge/h/a/a/j" "Mozilla/5.0 AppleWebKit/537.36 (KHTML, like Gecko; compatible; GPTBot/1.4; +https://openai.com/gptbot)" cityapartments.ch
216.73.217.114 - - [06/Jul/2026:00:43:01 +0200] "GET /m/resul51300188.htm?lokasie=%2Fhome%2Fclients%2F9feeab47ed6ca1a1b2890343d7a99fd4%2Fweb%2Fwp-comments-post.php&loknya=%2Fhome%2Fclients%2F9feeab47ed6ca1a1b2890343d7a99fd4%2Fweb HTTP/1.1" 404 991 "-" "Mozilla/5.0 AppleWebKit/537.36 (KHTML, like Gecko; compatible; ClaudeBot/1.0; +claudebot@anthropic.com)" cityapartments.ch
74.7.227.35 - - [06/Jul/2026:00:43:09 +0200] "GET /index.php?loknya=/home/clients/9feeab47ed6ca1a1b2890343d7a99fd4/web/well-known/acme-challenge/i/g/h/ HTTP/1.1" 200 2554 "https://www.cityapartments.ch/index.php?loknya=/home/clients/9feeab47ed6ca1a1b2890343d7a99fd4/web/well-known/acme-challenge/i/g/h/j" "Mozilla/5.0 AppleWebKit/537.36 (KHTML, like Gecko; compatible; GPTBot/1.4; +https://openai.com/gptbot)" cityapartments.ch
74.7.227.35 - - [06/Jul/2026:00:43:12 +0200] "GET /index.php?loknya=/home/clients/9feeab47ed6ca1a1b2890343d7a99fd4/web/well-known/acme-challenge/i/g/h/b HTTP/1.1" 200 2234 "https://www.cityapartments.ch/index.php?loknya=/home/clients/9feeab47ed6ca1a1b2890343d7a99fd4/web/well-known/acme-challenge/i/g/h" "Mozilla/5.0 AppleWebKit/537.36 (KHTML, like Gecko; compatible; GPTBot/1.4; +https://openai.com/gptbot)" cityapartments.ch
74.7.227.35 - - [06/Jul/2026:00:43:15 +0200] "GET /index.php?loknya=/home/clients/9feeab47ed6ca1a1b2890343d7a99fd4/web/well-known/acme-challenge/i/g/h/h HTTP/1.1" 200 2230 "https://www.cityapartments.ch/index.php?loknya=/home/clients/9feeab47ed6ca1a1b2890343d7a99fd4/web/well-known/acme-challenge/i/g/h" "Mozilla/5.0 AppleWebKit/537.36 (KHTML, like Gecko; compatible; GPTBot/1.4; +https://openai.com/gptbot)" cityapartments.ch
74.7.227.35 - - [06/Jul/2026:00:43:18 +0200] "GET /index.php?loknya=/hom/clints/9fab47d6ca1a1b2890343d7a99fd4/wb/wll-known/acm-challng/h/a/a/ HTTP/1.1" 200 2028 "https://www.cityapartments.ch/index.php?loknya=/home/clients/9feeab47ed6ca1a1b2890343d7a99fd4/web/well-known/acme-challenge/h/a/a/e" "Mozilla/5.0 AppleWebKit/537.36 (KHTML, like Gecko; compatible; GPTBot/1.4; +https://openai.com/gptbot)" cityapartments.ch
74.7.227.35 - - [06/Jul/2026:00:43:22 +0200] "GET /index.php?loknya=/home/lients/9feeab47ed6a1a1b2890343d7a99fd4/web/well-known/ame-hallenge/h/a/b HTTP/1.1" 200 2028 "https://www.cityapartments.ch/index.php?loknya=/home/lients/9feeab47ed6a1a1b2890343d7a99fd4/web/well-known/ame-hallenge/h/a/b/" "Mozilla/5.0 AppleWebKit/537.36 (KHTML, like Gecko; compatible; GPTBot/1.4; +https://openai.com/gptbot)" cityapartments.ch
74.7.227.35 - - [06/Jul/2026:00:43:25 +0200] "GET /index.php?loknya=/home/clients/9feeab47ed6ca1a1b2890343d7a99fd4/web/well-known/acme-challenge/h/a/b/e HTTP/1.1" 200 2247 "https://www.cityapartments.ch/index.php?loknya=/home/clients/9feeab47ed6ca1a1b2890343d7a99fd4/web/well-known/acme-challenge/h/a/b" "Mozilla/5.0 AppleWebKit/537.36 (KHTML, like Gecko; compatible; GPTBot/1.4; +https://openai.com/gptbot)" cityapartments.ch
74.7.227.35 - - [06/Jul/2026:00:43:28 +0200] "GET /index.php?loknya=/home/clients/9feeab47ed6ca1a1b2890343d7a99fd4/web/well-known/acme-challene/h/a/a/ HTTP/1.1" 200 2037 "https://www.cityapartments.ch/index.php?loknya=/home/clients/9feeab47ed6ca1a1b2890343d7a99fd4/web/well-known/acme-challenge/h/a/a/g" "Mozilla/5.0 AppleWebKit/537.36 (KHTML, like Gecko; compatible; GPTBot/1.4; +https://openai.com/gptbot)" cityapartments.ch
40.77.167.48 - - [06/Jul/2026:00:43:29 +0200] "GET /m/direc70684046.htm HTTP/1.1" 404 991 "-" "Mozilla/5.0 AppleWebKit/537.36 (KHTML, like Gecko; compatible; bingbot/2.0; +http://www.bing.com/bingbot.htm) Chrome/116.0.1938.76 Safari/537.36" cityapartments.ch
74.7.227.35 - - [06/Jul/2026:00:43:31 +0200] "GET /index.php?loknya=/home/clients/9feeab47ed6ca1a1b2890343d7a99fd4/web/well-known/acme-challenge/h/a/a/k HTTP/1.1" 200 2225 "https://www.cityapartments.ch/index.php?loknya=/home/clients/9feeab47ed6ca1a1b2890343d7a99fd4/web/well-known/acme-challenge/h/a/a" "Mozilla/5.0 AppleWebKit/537.36 (KHTML, like Gecko; compatible; GPTBot/1.4; +https://openai.com/gptbot)" cityapartments.ch
40.77.167.48 - - [06/Jul/2026:00:43:32 +0200] "GET /m/draug72139662.htm HTTP/1.1" 404 991 "-" "Mozilla/5.0 AppleWebKit/537.36 (KHTML, like Gecko; compatible; bingbot/2.0; +http://www.bing.com/bingbot.htm) Chrome/116.0.1938.76 Safari/537.36" cityapartments.ch
74.7.227.35 - - [06/Jul/2026:00:43:34 +0200] "GET /index.php?loknya=/home/clients/9feeab47ed6ca1a1b2890343d7a99fd4/web/well-known/acme-challenge/i/g/h/i HTTP/1.1" 200 2227 "https://www.cityapartments.ch/index.php?loknya=/home/clients/9feeab47ed6ca1a1b2890343d7a99fd4/web/well-known/acme-challenge/i/g/h" "Mozilla/5.0 AppleWebKit/537.36 (KHTML, like Gecko; compatible; GPTBot/1.4; +https://openai.com/gptbot)" cityapartments.ch
40.77.167.48 - - [06/Jul/2026:00:43:36 +0200] "GET /m/rearr30829978.htm HTTP/1.1" 404 991 "-" "Mozilla/5.0 AppleWebKit/537.36 (KHTML, like Gecko; compatible; bingbot/2.0; +http://www.bing.com/bingbot.htm) Chrome/116.0.1938.76 Safari/537.36" cityapartments.ch
74.7.227.35 - - [06/Jul/2026:00:43:37 +0200] "GET /index.php?loknya=/home/clents/9feeab47ed6ca1a1b2890343d7a99fd4/web/well-known/acme-challenge/h/a/b/ HTTP/1.1" 200 2034 "https://www.cityapartments.ch/index.php?loknya=/home/clients/9feeab47ed6ca1a1b2890343d7a99fd4/web/well-known/acme-challenge/h/a/b/i" "Mozilla/5.0 AppleWebKit/537.36 (KHTML, like Gecko; compatible; GPTBot/1.4; +https://openai.com/gptbot)" cityapartments.ch
40.77.167.48 - - [06/Jul/2026:00:43:38 +0200] "GET /m/chanc70697150.htm HTTP/1.1" 404 991 "-" "Mozilla/5.0 AppleWebKit/537.36 (KHTML, like Gecko; compatible; bingbot/2.0; +http://www.bing.com/bingbot.htm) Chrome/116.0.1938.76 Safari/537.36" cityapartments.ch
66.249.73.170 - - [06/Jul/2026:00:43:39 +0200] "GET /m/past10960456.htm HTTP/1.1" 404 991 "-" "Mozilla/5.0 (Linux; Android 6.0.1; Nexus 5X Build/MMB29P) AppleWebKit/537.36 (KHTML, like Gecko) Chrome/150.0.7871.46 Mobile Safari/537.36 (compatible; Googlebot/2.1; +http://www.google.com/bot.html)" cityapartments.ch
74.7.227.35 - - [06/Jul/2026:00:43:40 +0200] "GET /index.php?loknya=/home/clients/9feeb47ed6c11b2890343d799fd4/web/well-known/cme-chllenge/h// HTTP/1.1" 200 2011 "https://www.cityapartments.ch/index.php?loknya=/home/clients/9feeab47ed6ca1a1b2890343d7a99fd4/web/well-known/acme-challenge/h/a/a/" "Mozilla/5.0 AppleWebKit/537.36 (KHTML, like Gecko; compatible; GPTBot/1.4; +https://openai.com/gptbot)" cityapartments.ch
74.7.227.35 - - [06/Jul/2026:00:43:44 +0200] "GET /index.php?loknya=/home/clents/9feeb47ed6c11b2890343d799fd4/web/well-known/cme-chllenge/h// HTTP/1.1" 200 2009 "https://www.cityapartments.ch/index.php?loknya=/home/clents/9feeab47ed6ca1a1b2890343d7a99fd4/web/well-known/acme-challenge/h/a/a/" "Mozilla/5.0 AppleWebKit/537.36 (KHTML, like Gecko; compatible; GPTBot/1.4; +https://openai.com/gptbot)" cityapartments.ch
74.7.227.35 - - [06/Jul/2026:00:43:47 +0200] "GET /index.php?loknya=/home/clients/9feea47ed6ca1a12890343d7a99fd4/we/well-known/acme-challenge/i/g/h/ HTTP/1.1" 200 2031 "https://www.cityapartments.ch/index.php?loknya=/home/clients/9feeab47ed6ca1a1b2890343d7a99fd4/web/well-known/acme-challenge/i/g/h/b" "Mozilla/5.0 AppleWebKit/537.36 (KHTML, like Gecko; compatible; GPTBot/1.4; +https://openai.com/gptbot)" cityapartments.ch
